000
CDUS44 KMRX 262113
CLITRI


CLIMATE REPORT
NATIONAL WEATHER SERVICE MORRISTOWN TN
513 PM EDT THU APR 26 2018


...................................

...THE TRI-CITIES      ASOS CLIMATE SUMMARY FOR APRIL 26 2018...
VALID TODAY AS OF 0500 PM LOCAL TIME.

CLIMATE NORMAL PERIOD 1981 TO 2010
CLIMATE RECORD PERIOD 1937 TO 2018


WEATHER ITEM   OBSERVED TIME   RECORD YEAR NORMAL DEPARTURE LAST
                VALUE   (LST)  VALUE       VALUE  FROM      YEAR
                                                  NORMAL
..................................................................
TEMPERATURE (F)
 TODAY
  MAXIMUM         64   1146 AM  88    1986  71     -7       82
                                      1960
                                      1948
  MINIMUM         45    628 AM  31    1972  45      0       48
  AVERAGE         55                        58     -3       65

PRECIPITATION (IN)
  TODAY            0.01          1.26 1967   0.11  -0.10     0.00
  MONTH TO DATE    2.87                      2.87   0.00     4.84
  SINCE MAR 1      7.28                      6.31   0.97     9.41
  SINCE JAN 1     16.01                     13.13   2.88    14.09

SNOWFALL (IN)
  TODAY            0.0                       0.0    0.0      0.0
  MONTH TO DATE    0.2                       1.0   -0.8      0.0
  SINCE MAR 1      2.4                       2.4    0.0      0.3
  SINCE JUL 1      7.1                      13.2   -6.1      4.3
  SNOW DEPTH       0

DEGREE DAYS
 HEATING
  TODAY           10                         7      3        0
  MONTH TO DATE  333                       277     56      138
  SINCE MAR 1    935                       845     90      665
  SINCE JUL 1   3989                      4227   -238     3232

 COOLING
  TODAY            0                         1     -1        0
  MONTH TO DATE    1                         5     -4        9
  SINCE MAR 1      3                         6     -3        9
  SINCE JAN 1     12                         6      6        9
..................................................................


WIND (MPH)
  HIGHEST WIND SPEED     9   HIGHEST WIND DIRECTION    SW (230)
  HIGHEST GUST SPEED    11   HIGHEST GUST DIRECTION     W (260)
  AVERAGE WIND SPEED     3.2


SKY COVER
  POSSIBLE SUNSHINE  MM
  AVERAGE SKY COVER 0.8


WEATHER CONDITIONS
 THE FOLLOWING WEATHER WAS RECORDED TODAY.
  LIGHT RAIN
  FOG


RELATIVE HUMIDITY (PERCENT)
 HIGHEST   100           700 AM
 LOWEST     52          1200 PM
 AVERAGE    76

..........................................................


THE TRI-CITIES      ASOS CLIMATE NORMALS FOR TOMORROW
                         NORMAL    RECORD    YEAR
 MAXIMUM TEMPERATURE (F)   71        89      1986
 MINIMUM TEMPERATURE (F)   46        29      1976


SUNRISE AND SUNSET
APRIL 26 2018.........SUNRISE   642 AM EDT   SUNSET   813 PM EDT
APRIL 27 2018.........SUNRISE   641 AM EDT   SUNSET   814 PM EDT


-  INDICATES NEGATIVE NUMBERS.
R  INDICATES RECORD WAS SET OR TIED.
MM INDICATES DATA IS MISSING.
T  INDICATES TRACE AMOUNT.




$$
