000
CDUS41 KPHI 252130
CLITTN


CLIMATE REPORT
NATIONAL WEATHER SERVICE MOUNT HOLLY NJ
527 PM EDT FRI MAY 25 2018


...................................

...THE TRENTON NJ CLIMATE SUMMARY FOR MAY 25 2018...
VALID TODAY AS OF 0500 PM LOCAL TIME.

CLIMATE NORMAL PERIOD 1981 TO 2010
CLIMATE RECORD PERIOD 1865 TO 2018


WEATHER ITEM   OBSERVED TIME   RECORD YEAR NORMAL DEPARTURE LAST
                VALUE   (LST)  VALUE       VALUE  FROM      YEAR
                                                  NORMAL
..................................................................
TEMPERATURE (F)
 TODAY
  MAXIMUM         86    318 PM  93    1880  75     11       62
  MINIMUM         56    507 AM  40    1956  53      3       55
  AVERAGE         71                        64      7       59

PRECIPITATION (IN)
  TODAY            0.00          2.02 1952   0.19  -0.19     1.25
  MONTH TO DATE    4.37                      3.28   1.09     4.98
  SINCE MAR 1     12.71                     10.96   1.75    12.75
  SINCE JAN 1     21.26                     16.43   4.83    17.49

DEGREE DAYS
 HEATING
  TODAY            0                         3     -3        6
  MONTH TO DATE   55                       151    -96      166
  SINCE MAR 1   1333                      1305     28     1215
  SINCE JUL 1   4820                      5119   -299     4434

 COOLING
  TODAY            6                         2      4        0
  MONTH TO DATE   70                        33     37       47
  SINCE MAR 1     76                        41     35       78
  SINCE JAN 1     79                        41     38       78
..................................................................


WIND (MPH)
  HIGHEST WIND SPEED    18   HIGHEST WIND DIRECTION     S (200)
  HIGHEST GUST SPEED    24   HIGHEST GUST DIRECTION    SW (220)
  AVERAGE WIND SPEED     6.8


SKY COVER
  POSSIBLE SUNSHINE  MM
  AVERAGE SKY COVER 0.0


WEATHER CONDITIONS
 THE FOLLOWING WEATHER WAS RECORDED TODAY.
  NO SIGNIFICANT WEATHER WAS OBSERVED.


RELATIVE HUMIDITY (PERCENT)
 HIGHEST    86           500 AM
 LOWEST     43          1200 PM
 AVERAGE    65

..........................................................


THE TRENTON NJ CLIMATE NORMALS FOR TOMORROW
                         NORMAL    RECORD    YEAR
 MAXIMUM TEMPERATURE (F)   75        94      1880
 MINIMUM TEMPERATURE (F)   54        43      1961


SUNRISE AND SUNSET
MAY 25 2018...........SUNRISE   535 AM EDT   SUNSET   817 PM EDT
MAY 26 2018...........SUNRISE   535 AM EDT   SUNSET   818 PM EDT


-  INDICATES NEGATIVE NUMBERS.
R  INDICATES RECORD WAS SET OR TIED.
MM INDICATES DATA IS MISSING.
T  INDICATES TRACE AMOUNT.




$$
