000
CDUS45 KTWC 240031
CLITUS

CLIMATE REPORT
NATIONAL WEATHER SERVICE TUCSON AZ
529 PM MST WED MAY 23 2018


...................................

...THE TUCSON AZ CLIMATE SUMMARY FOR MAY 23 2018...
VALID TODAY AS OF 0500 PM LOCAL TIME.

CLIMATE NORMAL PERIOD 1981 TO 2010
CLIMATE RECORD PERIOD 1895 TO 2018


WEATHER ITEM   OBSERVED TIME   RECORD YEAR NORMAL DEPARTURE LAST
                VALUE   (LST)  VALUE       VALUE  FROM      YEAR
                                                  NORMAL
..................................................................
TEMPERATURE (F)
 TODAY
  MAXIMUM         94    340 PM 106    1984  94      0      101
  MINIMUM         60    610 AM  44    1927  62     -2       67
  AVERAGE         77                        78     -1       84

PRECIPITATION (IN)
  TODAY            0.00          0.52 1919   0.01  -0.01     0.00
  MONTH TO DATE    T                         0.17  -0.17     0.02
  SINCE OCT 1      2.57                      5.40  -2.83     3.29
  SINCE JAN 1      1.98                      3.01  -1.03     1.61

DEGREE DAYS
 HEATING
  TODAY            0                         0      0        0
  MONTH TO DATE    3                         3      0        8
  SINCE MAR 1    118                       242   -124       71
  SINCE JUL 1    747                      1509   -762      952

 COOLING
  TODAY           12                        13     -1       19
  MONTH TO DATE  301                       231     70      224
  SINCE MAR 1    592                       381    211      574
  SINCE JAN 1    596                       385    211      583
..................................................................


WIND (MPH)
  HIGHEST WIND SPEED    20   HIGHEST WIND DIRECTION    SW (240)
  HIGHEST GUST SPEED    26   HIGHEST GUST DIRECTION     W (250)
  AVERAGE WIND SPEED     6.1


SKY COVER
  POSSIBLE SUNSHINE  MM
  AVERAGE SKY COVER 0.0


WEATHER CONDITIONS
 THE FOLLOWING WEATHER WAS RECORDED TODAY.
  NO SIGNIFICANT WEATHER WAS OBSERVED.


RELATIVE HUMIDITY (PERCENT)
 HIGHEST    32
 LOWEST      7
 AVERAGE    20

..........................................................


THE TUCSON AZ CLIMATE NORMALS FOR TOMORROW
                         NORMAL    RECORD    YEAR
 MAXIMUM TEMPERATURE (F)   94       104      2001
                                             1984
                                             1983
 MINIMUM TEMPERATURE (F)   63        42      1909


SUNRISE AND SUNSET
MAY 23 2018...........SUNRISE   521 AM MST   SUNSET   720 PM MST
MAY 24 2018...........SUNRISE   521 AM MST   SUNSET   720 PM MST


-  INDICATES NEGATIVE NUMBERS.
R  INDICATES RECORD WAS SET OR TIED.
MM INDICATES DATA IS MISSING.
T  INDICATES TRACE AMOUNT.




$$
