000
CDUS43 KAPX 222126
CLITVC


CLIMATE REPORT
NATIONAL WEATHER SERVICE GAYLORD MI
526 PM EDT TUE MAY 22 2018


...................................

...THE TRAVERSE CITY MI CLIMATE SUMMARY FOR MAY 22 2018...
VALID TODAY AS OF 0500 PM LOCAL TIME.

CLIMATE NORMAL PERIOD 1981 TO 2010
CLIMATE RECORD PERIOD 1896 TO 2018


WEATHER ITEM   OBSERVED TIME   RECORD YEAR NORMAL DEPARTURE LAST
                VALUE   (LST)  VALUE       VALUE  FROM      YEAR
                                                  NORMAL
..................................................................
TEMPERATURE (F)
 TODAY
  MAXIMUM         67    200 PM  89    1992  68     -1       67
  MINIMUM         49        MM  25    1967  43      6       48
  AVERAGE         58                        56      2       58

PRECIPITATION (IN)
  TODAY            0.00          0.82 1934   0.08  -0.08      T
  MONTH TO DATE    2.25                      1.83   0.42     0.82
  SINCE MAR 1      6.26                      6.47  -0.21     5.26
  SINCE JAN 1      8.67                     10.79  -2.12     8.59

DEGREE DAYS
 HEATING
  TODAY            7                        10     -3        7
  MONTH TO DATE  206                       292    -86      304
  SINCE MAR 1   2162                      2019    143     1838
  SINCE JUL 1   7065                      7359   -294     6011

 COOLING
  TODAY            0                         1     -1        0
  MONTH TO DATE   12                         5      7       18
  SINCE MAR 1     12                         8      4       21
  SINCE JAN 1     12                         8      4       21
..................................................................


WIND (MPH)
  RESULTANT WIND SPEED   3   RESULTANT WIND DIRECTION  NE (50)
  HIGHEST WIND SPEED     9   HIGHEST WIND DIRECTION    NE (30)
  HIGHEST GUST SPEED    MM   HIGHEST GUST DIRECTION    MM
  AVERAGE WIND SPEED     3.8


SKY COVER
  POSSIBLE SUNSHINE  MM
  AVERAGE SKY COVER 0.7


WEATHER CONDITIONS
 THE FOLLOWING WEATHER WAS RECORDED TODAY.
  NO SIGNIFICANT WEATHER WAS OBSERVED.


RELATIVE HUMIDITY (PERCENT)
 HIGHEST    93           400 AM
 LOWEST     52           200 PM
 AVERAGE    73

..........................................................




SUNRISE AND SUNSET
MAY 22 2018...........SUNRISE   607 AM EDT   SUNSET   912 PM EDT
MAY 23 2018...........SUNRISE   606 AM EDT   SUNSET   913 PM EDT


-  INDICATES NEGATIVE NUMBERS.
R  INDICATES RECORD WAS SET OR TIED.
MM INDICATES DATA IS MISSING.
T  INDICATES TRACE AMOUNT.




$$
