000
CDUS45 KBOI 260931
CLITWF


CLIMATE REPORT
NATIONAL WEATHER SERVICE BOISE ID
331 AM MDT THU APR 26 2018


...................................

...THE TWIN FALLS ID CLIMATE SUMMARY FOR APRIL 25 2018...

CLIMATE NORMAL PERIOD 1981 TO 2010
CLIMATE RECORD PERIOD 9999 TO 9999


WEATHER ITEM   OBSERVED TIME   NORMAL DEPARTURE LAST
                VALUE   (LST)  VALUE  FROM      YEAR
                                      NORMAL
......................................................
TEMPERATURE (F)
 YESTERDAY
  MAXIMUM         72    438 PM  63      9       56
  MINIMUM         35    232 AM  37     -2       36
  AVERAGE         54

PRECIPITATION (IN)
  YESTERDAY        0.00          0.04  -0.04      T
  MONTH TO DATE    0.54          0.92  -0.38     0.85
  SINCE OCT 1      5.55          7.00  -1.45     9.46
  SINCE JAN 1      2.99          3.75  -0.76     4.96

DEGREE DAYS
 HEATING
  YESTERDAY       11            15     -4       19
  MONTH TO DATE  443           439      4      486
  SINCE MAR 1   1222          1161     61     1100
  SINCE JUL 1   5754          5728     26     5880

 COOLING
  YESTERDAY        0             0      0        0
  MONTH TO DATE    0             0      0        0
  SINCE MAR 1      0             0      0        0
  SINCE JAN 1      0             0      0        0
......................................................


WIND (MPH)
  HIGHEST WIND SPEED    21   HIGHEST WIND DIRECTION     W (280)
  HIGHEST GUST SPEED    25   HIGHEST GUST DIRECTION     W (270)
  AVERAGE WIND SPEED    10.3


SKY COVER
  AVERAGE SKY COVER 0.0


WEATHER CONDITIONS
 THE FOLLOWING WEATHER WAS RECORDED YESTERDAY.
  NO SIGNIFICANT WEATHER WAS OBSERVED.


RELATIVE HUMIDITY (PERCENT)
 HIGHEST    76          1200 AM
 LOWEST     15           500 PM
 AVERAGE    46

..........................................................




SUNRISE AND SUNSET
APRIL 26 2018.........SUNRISE   640 AM MDT   SUNSET   832 PM MDT
APRIL 27 2018.........SUNRISE   638 AM MDT   SUNSET   833 PM MDT


-  INDICATES NEGATIVE NUMBERS.
R  INDICATES RECORD WAS SET OR TIED.
MM INDICATES DATA IS MISSING.
T  INDICATES TRACE AMOUNT.




$$
