000
CDUS44 KMRX 202151
CLITYS


CLIMATE REPORT
NATIONAL WEATHER SERVICE MORRISTOWN TN
551 PM EDT SUN MAY 20 2018


...................................

...THE KNOXVILLE    ASOS CLIMATE SUMMARY FOR MAY 20 2018...
VALID TODAY AS OF 0500 PM LOCAL TIME.

CLIMATE NORMAL PERIOD 1981 TO 2010
CLIMATE RECORD PERIOD 1871 TO 2018


WEATHER ITEM   OBSERVED TIME   RECORD YEAR NORMAL DEPARTURE LAST
                VALUE   (LST)  VALUE       VALUE  FROM      YEAR
                                                  NORMAL
..................................................................
TEMPERATURE (F)
 TODAY
  MAXIMUM         88    343 PM  93    1941  79      9       91
  MINIMUM         66    542 AM  34    1894  57      9       69
  AVERAGE         77                        68      9       80

PRECIPITATION (IN)
  TODAY            0.00          2.20 1942   0.14  -0.14      T
  MONTH TO DATE    1.19                      3.02  -1.83     1.93
  SINCE MAR 1     10.61                     11.37  -0.76    15.27
  SINCE JAN 1     20.43                     19.95   0.48    21.21

SNOWFALL (IN)
  TODAY            0.0                       0.0    0.0      0.0
  MONTH TO DATE    0.0                       0.0    0.0      0.0
  SINCE MAR 1      T                         1.4   -1.4       T
  SINCE JUL 1      2.6                       6.5   -3.9      2.3
  SNOW DEPTH       0

DEGREE DAYS
 HEATING
  TODAY            0                         1     -1        0
  MONTH TO DATE    4                        49    -45       46
  SINCE MAR 1    797                       728     69      526
  SINCE JUL 1   3530                      3624    -94     2585

 COOLING
  TODAY           12                         5      7       15
  MONTH TO DATE  158                        61     97      102
  SINCE MAR 1    174                        98     76      198
  SINCE JAN 1    192                        98     94      198
..................................................................


WIND (MPH)
  HIGHEST WIND SPEED    13   HIGHEST WIND DIRECTION     W (280)
  HIGHEST GUST SPEED    15   HIGHEST GUST DIRECTION     W (280)
  AVERAGE WIND SPEED     5.8


SKY COVER
  POSSIBLE SUNSHINE  MM
  AVERAGE SKY COVER 0.6


WEATHER CONDITIONS
 THE FOLLOWING WEATHER WAS RECORDED TODAY.
  NO SIGNIFICANT WEATHER WAS OBSERVED.


RELATIVE HUMIDITY (PERCENT)
 HIGHEST   100           400 AM
 LOWEST     48           300 PM
 AVERAGE    74

..........................................................


THE KNOXVILLE    ASOS CLIMATE NORMALS FOR TOMORROW
                         NORMAL    RECORD    YEAR
 MAXIMUM TEMPERATURE (F)   79        95      1941
 MINIMUM TEMPERATURE (F)   58        41      2002
                                             1954
                                             1894


SUNRISE AND SUNSET
MAY 20 2018...........SUNRISE   627 AM EDT   SUNSET   838 PM EDT
MAY 21 2018...........SUNRISE   626 AM EDT   SUNSET   839 PM EDT


-  INDICATES NEGATIVE NUMBERS.
R  INDICATES RECORD WAS SET OR TIED.
MM INDICATES DATA IS MISSING.
T  INDICATES TRACE AMOUNT.




$$
