000
CDUS46 KEKA 241211
CLIUKI


CLIMATE REPORT
NATIONAL WEATHER SERVICE EUREKA CA
511 AM PDT THU MAY 24 2018


...................................

...THE UKIAH CA CLIMATE SUMMARY FOR MAY 23 2018...

CLIMATE NORMAL PERIOD 1981 TO 2010
CLIMATE RECORD PERIOD 1903 TO 2018


WEATHER ITEM   OBSERVED TIME   RECORD YEAR NORMAL DEPARTURE LAST
                VALUE   (LST)  VALUE       VALUE  FROM      YEAR
                                                  NORMAL
..................................................................
TEMPERATURE (F)
 YESTERDAY
  MAXIMUM         71    325 PM 100    1943  79     -8       99
  MINIMUM         53    104 AM  35    2010  48      5       55
                                      1909
  AVERAGE         62                        63     -1       77

PRECIPITATION (IN)
  YESTERDAY        0.00          0.96 1960   0.02  -0.02     0.00
  MONTH TO DATE    0.00                      1.21  -1.21     0.01
  SINCE OCT 1     23.60                     36.21 -12.61    51.58
  SINCE JAN 1     18.02                     22.83  -4.81    34.47

SNOWFALL (IN)
  YESTERDAY        0.0          MM      MM  MM     MM        0.0
  MONTH TO DATE    0.0                      MM     MM        0.0
  SINCE MAR 1      0.0                      MM     MM        0.0
  SINCE JUL 1      0.0                      MM     MM        0.0
  SNOW DEPTH       0

DEGREE DAYS
 HEATING
  YESTERDAY        3                         4     -1        0
  MONTH TO DATE   41                       115    -74       83
  SINCE MAR 1    719                       828   -109      692
  SINCE JUL 1   2755                      3061   -306     2859

 COOLING
  YESTERDAY        0                         2     -2       12
  MONTH TO DATE    8                        32    -24       73
  SINCE MAR 1     11                        40    -29       73
  SINCE JAN 1     11                        40    -29       73
..................................................................


WIND (MPH)
  HIGHEST WIND SPEED    16   HIGHEST WIND DIRECTION    SE (150)
  HIGHEST GUST SPEED    24   HIGHEST GUST DIRECTION    SE (140)
  AVERAGE WIND SPEED     6.9


SKY COVER
  AVERAGE SKY COVER 0.7


WEATHER CONDITIONS
 THE FOLLOWING WEATHER WAS RECORDED YESTERDAY.
  NO SIGNIFICANT WEATHER WAS OBSERVED.


RELATIVE HUMIDITY (PERCENT)
 HIGHEST    89
 LOWEST     49
 AVERAGE    69

..........................................................


THE UKIAH CA CLIMATE NORMALS FOR TODAY
                         NORMAL    RECORD    YEAR
 MAXIMUM TEMPERATURE (F)   79        99      1982
 MINIMUM TEMPERATURE (F)   48        32      1920


SUNRISE AND SUNSET
MAY 24 2018...........SUNRISE   553 AM PDT   SUNSET   827 PM PDT
MAY 25 2018...........SUNRISE   552 AM PDT   SUNSET   828 PM PDT


-  INDICATES NEGATIVE NUMBERS.
R  INDICATES RECORD WAS SET OR TIED.
MM INDICATES DATA IS MISSING.
T  INDICATES TRACE AMOUNT.




$$
