000
CDUS43 KSGF 262241
CLIUNO


CLIMATE REPORT
NATIONAL WEATHER SERVICE SPRINGFIELD MO
538 PM CDT SAT MAY 26 2018


...................................

...THE WEST PLAINS MO CLIMATE SUMMARY FOR MAY 26 2018...
VALID TODAY AS OF 0500 PM LOCAL TIME.

CLIMATE NORMAL PERIOD 1981 TO 2010
CLIMATE RECORD PERIOD 1947 TO 2018


WEATHER ITEM   OBSERVED TIME   RECORD YEAR NORMAL DEPARTURE LAST
                VALUE   (LST)  VALUE       VALUE  FROM      YEAR
                                                  NORMAL
..................................................................
TEMPERATURE (F)
 TODAY
  MAXIMUM         84    356 PM  95    2012  79      5       77
                                      1953
  MINIMUM         66    530 AM  38    1988  57      9       62
  AVERAGE         75                        68      7       70

PRECIPITATION (IN)
  TODAY            T             1.62 1963   0.12  -0.12     0.00
  MONTH TO DATE    4.05                      4.25  -0.20     5.09
  SINCE MAR 1     13.51                     13.02   0.49    29.31
  SINCE JAN 1     22.74                     18.58   4.16    33.94

DEGREE DAYS
 COOLING
  TODAY           10                         4      6        5
  MONTH TO DATE  181                        69    112       65
  SINCE MAR 1    186                        97     89       93
  SINCE JAN 1    192                        97     95       94
..................................................................


WIND (MPH)
  HIGHEST WIND SPEED     8   HIGHEST WIND DIRECTION     W (270)
  HIGHEST GUST SPEED    11   HIGHEST GUST DIRECTION    SW (210)


SKY COVER
  AVERAGE SKY COVER 0.2


WEATHER CONDITIONS
 THE FOLLOWING WEATHER WAS RECORDED TODAY.
  NO SIGNIFICANT WEATHER WAS OBSERVED.


RELATIVE HUMIDITY (PERCENT)
 HIGHEST    93          1200 AM
 LOWEST     59           300 PM
 AVERAGE    76

..........................................................


THE WEST PLAINS MO CLIMATE NORMALS FOR TOMORROW
                         NORMAL    RECORD    YEAR
 MAXIMUM TEMPERATURE (F)   79        92      2012
 MINIMUM TEMPERATURE (F)   58        33      1961


SUNRISE AND SUNSET
MAY 26 2018...........SUNRISE   552 AM CDT   SUNSET   817 PM CDT
MAY 27 2018...........SUNRISE   552 AM CDT   SUNSET   818 PM CDT


-  INDICATES NEGATIVE NUMBERS.
R  INDICATES RECORD WAS SET OR TIED.
MM INDICATES DATA IS MISSING.
T  INDICATES TRACE AMOUNT.




$$
