000
CDUS45 KRIW 260750
CLIWRL


CLIMATE REPORT
NATIONAL WEATHER SERVICE RIVERTON WY
150 AM MDT SAT MAY 26 2018


...................................

...THE WORLAND WY CLIMATE SUMMARY FOR MAY 25 2018...

CLIMATE NORMAL PERIOD 1981 TO 2010
CLIMATE RECORD PERIOD 1947 TO 2018


WEATHER ITEM   OBSERVED TIME   RECORD YEAR NORMAL DEPARTURE LAST
                VALUE   (LST)  VALUE       VALUE  FROM      YEAR
                                                  NORMAL
..................................................................
TEMPERATURE (F)
 YESTERDAY
  MAXIMUM         83    435 PM  89    2003  73     10       62
  MINIMUM         50    142 AM  34    2012  44      6       49
                                      1975
  AVERAGE         67                        58      9       56

PRECIPITATION (IN)
  YESTERDAY        0.00          0.60 1962   0.05  -0.05     0.00
  MONTH TO DATE    1.67                      1.13   0.54     0.84
  SINCE MAR 1      3.63                      2.45   1.18     4.32
  SINCE JAN 1      3.95                      2.87   1.08     4.72

DEGREE DAYS
 HEATING
  YESTERDAY        0                         7     -7        9
  MONTH TO DATE  202                       269    -67      252
  SINCE MAR 1   1771                      1735     36     1491
  SINCE JUL 1   8098                      7736    362     7366

 COOLING
  YESTERDAY        2                         0      2        0
  MONTH TO DATE    2                         0      2        0
  SINCE MAR 1      2                         1      1        0
  SINCE JAN 1      2                         1      1        0
..................................................................


WIND (MPH)
  HIGHEST WIND SPEED    13   HIGHEST WIND DIRECTION     S (170)
  HIGHEST GUST SPEED    15   HIGHEST GUST DIRECTION     E (100)
  AVERAGE WIND SPEED     4.9


SKY COVER
  POSSIBLE SUNSHINE  MM
  AVERAGE SKY COVER 0.0


WEATHER CONDITIONS
 THE FOLLOWING WEATHER WAS RECORDED YESTERDAY.
  NO SIGNIFICANT WEATHER WAS OBSERVED.


RELATIVE HUMIDITY (PERCENT)
 HIGHEST   100           300 AM
 LOWEST     26           200 PM
 AVERAGE    63

..........................................................


THE WORLAND WY CLIMATE NORMALS FOR TODAY
                         NORMAL    RECORD    YEAR
 MAXIMUM TEMPERATURE (F)   73        93      1969
 MINIMUM TEMPERATURE (F)   44        32      1975


SUNRISE AND SUNSET
MAY 26 2018...........SUNRISE   536 AM MDT   SUNSET   843 PM MDT
MAY 27 2018...........SUNRISE   535 AM MDT   SUNSET   843 PM MDT


-  INDICATES NEGATIVE NUMBERS.
R  INDICATES RECORD WAS SET OR TIED.
MM INDICATES DATA IS MISSING.
T  INDICATES TRACE AMOUNT.




$$
