000
CXAK58 PAKN 011345
CLMAKN
CLIMATE REPORT
NATIONAL WEATHER SERVICE ANCHORAGE, AK
445 AM AKST FRI MAR 01 2024
...................................
...THE KING SALMON CLIMATE SUMMARY FOR THE MONTH OF FEBRUARY 2024...
CLIMATE NORMAL PERIOD: 1991 TO 2020
CLIMATE RECORD PERIOD: 1917 TO 2024
WEATHER OBSERVED NORMAL DEPART LAST YEAR`S
VALUE DATE(S) VALUE FROM VALUE
NORMAL
..............................................................
TEMPERATURE (F)
RECORD
HIGH 57 MM
LOW -32 02/01/2020
HIGHEST 45 MM MM 43
LOWEST -8 MM MM -24
AVG. MAXIMUM 34.6 29.5 5.1 29.0
AVG. MINIMUM 22.0 14.7 7.3 11.1
MEAN 28.3 22.1 6.2 20.1
DAYS MAX >= 90 0 0.0 0.0 0
DAYS MAX <= 32 8 12.0 -4.0 17
DAYS MIN <= 32 23 24.7 -1.7 26
DAYS MIN <= 0 3 6.6 -3.6 6
PRECIPITATION (INCHES)
RECORD
MAXIMUM 3.18 2022
MINIMUM 1.47 2023
TOTALS 2.60 0.91 1.69 1.47
DAILY AVG. 0.09 NAN NAN 0.05
DAYS >= .01 16 10.1 5.9 16
DAYS >= .10 9 3.3 5.7 7
DAYS >= .50 2 0.2 1.8 0
DAYS >= 1.00 0 0.0 0.0 0
GREATEST
24 HR. TOTAL 0.72 02/19 TO 02/19 0.32
02/26 TO 02/27
STORM TOTAL 0.72 0.27
(MM/DD(HH))
DEGREE DAYS
HEATING TOTAL 1058 1201 -143 1252
SINCE 7/1 7050 7344 -294 MM
COOLING TOTAL 0 0 0 0
SINCE 1/1 0 0 0 MM
FREEZE DATES
RECORD
EARLIEST MM
LATEST MM
EARLIEST 09/08
LATEST 05/13
..............................................................
WIND (MPH)
AVERAGE WIND SPEED 12.5
RESULTANT WIND SPEED/DIRECTION 5/110
HIGHEST WIND SPEED/DIRECTION 41/150 DATE 02/21
HIGHEST GUST SPEED/DIRECTION 65/090 DATE 02/09
SKY COVER
POSSIBLE SUNSHINE (PERCENT) MM
AVERAGE SKY COVER 0.62
NUMBER OF DAYS FAIR 6
NUMBER OF DAYS PC 11
NUMBER OF DAYS CLOUDY 12
AVERAGE RH (PERCENT) 73
WEATHER CONDITIONS. NUMBER OF DAYS WITH
THUNDERSTORM 0 MIXED PRECIP 0
HEAVY RAIN 0 RAIN 2
LIGHT RAIN 12 FREEZING RAIN 0
LT FREEZING RAIN 0 HAIL 0
HEAVY SNOW 1 SNOW 7
LIGHT SNOW 18 SLEET 0
FOG 17 FOG W/VIS <= 1/4 MILE 2
HAZE 7
- INDICATES NEGATIVE NUMBERS.
R INDICATES RECORD WAS SET OR TIED.
MM INDICATES DATA IS MISSING.
T INDICATES TRACE AMOUNT.
$$