000
CXUS52 KGSP 011003
CLMAVL

CLIMATE REPORT
NATIONAL WEATHER SERVICE GREENVILLE-SPARTANBURG SC
603 AM EDT TUE MAY 1 2018

...................................

...THE ASHEVILLE CLIMATE SUMMARY FOR THE MONTH OF APRIL 2018...

CLIMATE NORMAL PERIOD 1981 TO 2010
CLIMATE RECORD PERIOD 1869 TO 2018

WEATHER         OBSERVED          NORMAL  DEPART  LAST YEAR`S
                 VALUE   DATE(S)  VALUE   FROM    VALUE  DATE(S)
                                          NORMAL
................................................................
TEMPERATURE (F)
RECORD
 HIGH              90   04/18/1896
 LOW               20   04/07/2007
                        04/05/1944
                        04/01/1923
HIGHEST            86   04/18        MM      MM       84  04/29
LOWEST             31   04/17        MM      MM       32  04/09
                        04/08
AVG. MAXIMUM     66.6              67.7    -1.1     71.2
AVG. MINIMUM     41.3              42.8    -1.5     50.1
MEAN             54.0              55.2    -1.2     60.6
DAYS MAX >= 90      0               0.0     0.0        0
DAYS MAX <= 32      0               0.0     0.0        0
DAYS MIN <= 32      3               3.1    -0.1        1
DAYS MIN <= 0       0               0.0     0.0        0

PRECIPITATION (INCHES)
RECORD
 MAXIMUM         8.70   1998
 MINIMUM         0.25   1976
TOTALS           4.64              3.33    1.31     7.65
DAILY AVG.       0.15              0.11    0.04     0.25
DAYS >= .01         8              10.2    -2.2       17
DAYS >= .10         7               6.3     0.7       11
DAYS >= .50         3               2.5     0.5        5
DAYS >= 1.00        1               0.8     0.2        4
GREATEST
 24 HR. TOTAL    2.37   04/15 TO 04/15           04/22 TO 04/23


 STORM TOTAL       MM                                 MM
 (MM/DD(HH))            MM                    04/23(00) TO 04/23(00)



SNOWFALL (INCHES)
RECORDS
 TOTAL           11.5   1987
 24 HR TOTAL     11.5   04/03/1987 TO 04/03/1987
 SNOW DEPTH        12   04/04/1987
TOTALS              T               0.7    -0.7      0.0
 LIQUID EQUIV      MM              0.10      MM     0.00
SINCE 7/1        12.0               9.9     2.1      9.4
 LIQUID 7/1      1.20              1.00    0.20     0.94
SNOWDEPTH AVG.      0                MM      MM        0
DAYS >= TRACE       1               0.3     0.7        0
DAYS >= 1.0         0               0.2    -0.2        0
GREATEST
 SNOW DEPTH         0   MM                             0  MM
 24 HR TOTAL        T   04/16 TO 04/16           04/23 TO 04/23


 STORM TOTAL       MM                                 MM
 (MM/DD(HH))            MM                    04/23(00) TO 04/23(00)



DEGREE_DAYS
HEATING TOTAL     329               300      29      152
 SINCE 7/1       3765              4072    -307     3053
COOLING TOTAL       4                 7      -3       28
 SINCE 1/1          8                 8       0       28

FREEZE DATES
RECORD
 EARLIEST     MM
 LATEST       MM
EARLIEST                        MM
LATEST                          MM
.................................................................

WIND (MPH)
AVERAGE WIND SPEED              8.8
HIGHEST WIND SPEED/DIRECTION    33/340    DATE  04/04
HIGHEST GUST SPEED/DIRECTION    42/340    DATE  04/04

SKY COVER
POSSIBLE SUNSHINE (PERCENT)   MM
AVERAGE SKY COVER           0.40
NUMBER OF DAYS FAIR           17
NUMBER OF DAYS PC              4
NUMBER OF DAYS CLOUDY          9

AVERAGE RH (PERCENT)     61

WEATHER CONDITIONS. NUMBER OF DAYS WITH
THUNDERSTORM              2     MIXED PRECIP               0
HEAVY RAIN                4     RAIN                       5
LIGHT RAIN               10     FREEZING RAIN              0
LT FREEZING RAIN          0     HAIL                       0
HEAVY SNOW                0     SNOW                       0
LIGHT SNOW                1     SLEET                      0
FOG                      11     FOG W/VIS <= 1/4 MILE      0
HAZE                      2

-  INDICATES NEGATIVE NUMBERS.
R  INDICATES RECORD WAS SET OR TIED.
MM INDICATES DATA IS MISSING.
T  INDICATES TRACE AMOUNT.

$$

OUTLAW
