000
CXUS51 KBOX 010920
CLMBDL


CLIMATE REPORT
NATIONAL WEATHER SERVICE BOSTON/NORTON MA
506 AM EDT SUN APR 1 2018

...................................

...THE HARTFORD CT CLIMATE SUMMARY FOR THE MONTH OF MARCH 2018...

CLIMATE NORMAL PERIOD 1981 TO 2010
CLIMATE RECORD PERIOD 1904 TO 2018

WEATHER         OBSERVED          NORMAL  DEPART
                 VALUE   DATE(S)  VALUE   FROM
                                          NORMAL
................................................
TEMPERATURE (F)
RECORD
 HIGH              89   03/31/1998
 LOW               -6   03/07/2003
                        03/19/1967
HIGHEST            60   03/31
                        03/01
LOWEST             17   03/18
AVG. MAXIMUM     45.6              47.7    -2.1
AVG. MINIMUM     28.8              27.9     0.9
MEAN             37.3              37.8    -0.5
DAYS MAX >= 90      0               0.0     0.0
DAYS MAX <= 32      0               1.7    -1.7
DAYS MIN <= 32     23              21.0     2.0
DAYS MIN <= 0       0               0.0     0.0

PRECIPITATION (INCHES)
RECORD
 MAXIMUM         9.21   1953
 MINIMUM         0.27   1981
TOTALS           2.65              3.62   -0.97
DAYS >= .01        10              11.5    -1.5
DAYS >= .10         4               7.1    -3.1
DAYS >= .50         3               2.4     0.6
DAYS >= 1.00        1               0.8     0.2
GREATEST
 24 HR. TOTAL    1.22   03/02 TO 03/02

SNOWFALL (INCHES)
RECORDS
 TOTAL           43.3   1956
 SNOW DEPTH        24   03/04/2015
                        03/02/2015
TOTALS           16.6               6.4    10.2
SINCE 7/1        48.4              39.1     9.3
SNOWDEPTH AVG.      1
GREATEST
 SNOW DEPTH         8   03/08
 24 HR TOTAL      7.1   03/13 TO 03/13

DEGREE_DAYS
HEATING TOTAL     852               843       9
 SINCE 7/1       5048              5281    -233
COOLING TOTAL       0                 0       0
 SINCE 1/1          0                 0       0
.................................................

WIND (MPH)
AVERAGE WIND SPEED              10.8
RESULTANT WIND SPEED/DIRECTION   7/332
HIGHEST WIND SPEED/DIRECTION    37/360    DATE  03/02
HIGHEST GUST SPEED/DIRECTION    54/230    DATE  03/17

SKY COVER
POSSIBLE SUNSHINE (PERCENT)   MM
AVERAGE SKY COVER           0.60
NUMBER OF DAYS FAIR            7
NUMBER OF DAYS PC             10
NUMBER OF DAYS CLOUDY         12

AVERAGE RH (PERCENT)     61

WEATHER CONDITIONS. NUMBER OF DAYS WITH
THUNDERSTORM              0     MIXED PRECIP               0
HEAVY RAIN                0     RAIN                       2
LIGHT RAIN                6     FREEZING RAIN              0
LT FREEZING RAIN          0     HAIL                       0
HEAVY SNOW                1     SNOW                       3
LIGHT SNOW               11     SLEET                      0
FOG                      11     FOG W/VIS <= 1/4 MILE      2
HAZE                      0

-  INDICATES NEGATIVE NUMBERS.
R  INDICATES RECORD WAS SET OR TIED.
MM INDICATES DATA IS MISSING.
T  INDICATES TRACE AMOUNT.

$$

SIPPRELL
