000
CXUS53 KEAX 010815
CLMDMO

STLCLMWK3 000
TTAA00 KEAX 010809


CLIMATE REPORT
NATIONAL WEATHER SERVICE KANSAS CITY/PLEASANT HILL MO
308 AM CDT TUE MAY 1 2018

...................................

...THE SEDALIA CLIMATE SUMMARY FOR THE MONTH OF APRIL 2018...

CLIMATE NORMAL PERIOD 1981 TO 2010
CLIMATE RECORD PERIOD 9999 TO 9999

WEATHER         OBSERVED          NORMAL  DEPART  LAST YEAR`S
                 VALUE   DATE(S)  VALUE   FROM    VALUE  DATE(S)
                                          NORMAL
................................................................
TEMPERATURE (F)
HIGHEST            87   04/12        84       3       85  04/19
LOWEST             22R  04/07        27      -5       39  04/07
                        04/04
AVG. MAXIMUM     60.7              67.3    -6.6     69.8
AVG. MINIMUM     38.5              46.1    -7.6     49.3
MEAN             49.6              56.7    -7.1     59.6
DAYS MAX >= 90      0               0.1    -0.1        0
DAYS MAX <= 32      0               0.0     0.0        0
DAYS MIN <= 32     11               5.0     6.0        0
DAYS MIN <= 0       0               0.0     0.0        0

PRECIPITATION (INCHES)
TOTALS           0.56              4.25   -3.69     7.49
DAILY AVG.       0.02              0.14   -0.12     0.25
DAYS >= .01         7              10.6    -3.6       14
DAYS >= .10         2               6.8    -4.8       13
DAYS >= .50         0               2.5    -2.5        4
DAYS >= 1.00        0               1.1    -1.1        1
GREATEST
 24 HR. TOTAL    0.28   04/22 TO 04/22

DEGREE_DAYS
HEATING TOTAL     474               280     194      195
 SINCE 7/1       4619              4482     137     3532
COOLING TOTAL      20                31     -11       42
 SINCE 1/1         20                34     -14       50
.................................................................

WIND (MPH)
AVERAGE WIND SPEED              11.3
HIGHEST WIND SPEED/DIRECTION    35/280    DATE  04/18
HIGHEST GUST SPEED/DIRECTION    47/290    DATE  04/18

SKY COVER
POSSIBLE SUNSHINE (PERCENT)   MM
AVERAGE SKY COVER           0.40
NUMBER OF DAYS FAIR           16
NUMBER OF DAYS PC              7
NUMBER OF DAYS CLOUDY          7

AVERAGE RH (PERCENT)     63

-  INDICATES NEGATIVE NUMBERS.
R  INDICATES RECORD WAS SET OR TIED.
MM INDICATES DATA IS MISSING.
T  INDICATES TRACE AMOUNT.

$$
