000
CXUS53 KGLD 021404
CLMHLC

CLIMATE REPORT
NATIONAL WEATHER SERVICE GOODLAND
757 AM MDT MON APR 2 2018

...................................

...THE HILL CITY CLIMATE SUMMARY FOR THE MONTH OF MARCH 2018...

CLIMATE NORMAL PERIOD 1981 TO 2010
CLIMATE RECORD PERIOD 1896 TO 2018

WEATHER         OBSERVED          NORMAL  DEPART  LAST YEAR`S
                 VALUE   DATE(S)  VALUE   FROM    VALUE  DATE(S)
                                          NORMAL
................................................................
TEMPERATURE (F)
RECORD
 HIGH              94   03/16/2015
                        03/10/1989
                        05/31/2002
 LOW              -17   03/03/1960
HIGHEST            80   03/15        81      -1       90  03/19
                        03/04
                        03/03
LOWEST             11   03/08        10       1       16  03/02
AVG. MAXIMUM     60.3              55.8     4.5     61.2
AVG. MINIMUM     28.2              27.8     0.4     30.9
MEAN             44.3              41.8     2.5     46.0
DAYS MAX >= 90      0               0.0     0.0        1
DAYS MAX <= 32      0               1.1    -1.1        0
DAYS MIN <= 32     20              20.8    -0.8       16
DAYS MIN <= 0       0               0.2    -0.2        0

PRECIPITATION (INCHES)
RECORD
 MAXIMUM         7.98   1987
 MINIMUM         0.00   1997
TOTALS           0.41              1.63   -1.22     2.10
DAILY AVG.       0.01              0.05   -0.04     0.07
DAYS >= .01         2                MM      MM        6
DAYS >= .10         1                MM      MM        3
DAYS >= .50         0                MM      MM        2
DAYS >= 1.00        0                MM      MM        0
GREATEST
 24 HR. TOTAL    0.37   03/19 TO 03/19              0.86


.................................................................



-  INDICATES NEGATIVE NUMBERS.
R  INDICATES RECORD WAS SET OR TIED.
MM INDICATES DATA IS MISSING.
T  INDICATES TRACE AMOUNT.

$$
