000
CXUS54 KLZK 021702
CLMHRO


CLIMATE REPORT
NATIONAL WEATHER SERVICE LITTLE ROCK AR
1157 AM CDT MON APR 2 2018

...................................

...THE HARRISON CLIMATE SUMMARY FOR THE MONTH OF MARCH 2018...

CLIMATE NORMAL PERIOD 1981 TO 2010
CLIMATE RECORD PERIOD 1891 TO 2018

WEATHER         OBSERVED          NORMAL  DEPART  LAST YEAR`S
                 VALUE   DATE(S)  VALUE   FROM    VALUE  DATE(S)
                                          NORMAL
................................................................
TEMPERATURE (F)
RECORD
 HIGH              98   03/24/1929
 LOW              -10   03/12/1948
HIGHEST            76   03/24        59      17       90  03/20
LOWEST             27   03/13        39     -12       22  03/12
                        03/08
AVG. MAXIMUM     61.6              59.9     1.7     64.2
AVG. MINIMUM     38.5              37.7     0.8     41.9
MEAN             50.0              48.8     1.2     53.0
DAYS MAX >= 90      0               0.0     0.0        1
DAYS MAX <= 32      0               0.3    -0.3        0
DAYS MIN <= 32      9               8.7     0.3        7
DAYS MIN <= 0       0               0.0     0.0        0

PRECIPITATION (INCHES)
RECORD
 MAXIMUM        11.83   2008
 MINIMUM         0.64   1971
TOTALS           5.31              3.79    1.52     5.64
DAILY AVG.       0.17              0.12    0.05     0.18
DAYS >= .01        11              10.3     0.7       15
DAYS >= .10         6                                 10
DAYS >= .50         2                                  6
DAYS >= 1.00        2               0.7     1.3        1
GREATEST
 24 HR. TOTAL    2.83   03/27 TO 03/27

SNOWFALL (INCHES)
RECORDS
 TOTAL           14.0   1988
 24 HR TOTAL     13.8   03/08/1994 TO 03/09/1994
 SNOW DEPTH        14   03/09/1994
TOTALS              T               2.0    -2.0      2.5
 LIQUID EQUIV       T              0.20   -0.20     0.25
SINCE 7/1         2.1              11.2    -9.1      3.4
 LIQUID 7/1      0.21              1.00   -0.79     0.34
SNOWDEPTH AVG.      0
DAYS >= TRACE       1               2.0    -1.0        3
DAYS >= 1.0         0                                  1
GREATEST
 SNOW DEPTH         0   MM
 24 HR TOTAL        T   03/06 TO 03/06

DEGREE_DAYS
HEATING TOTAL     456               508     -52      368
 SINCE 7/1       3416              3680    -264     2774
COOLING TOTAL       0                 6      -6        6
 SINCE 1/1          5                 6      -1       13

FREEZE DATES
RECORD
 EARLIEST     09/13/1902
 LATEST       05/17/1912
EARLIEST                        10/29
LATEST                          04/04
.................................................................

WIND (MPH)
AVERAGE WIND SPEED              8.7
HIGHEST WIND SPEED/DIRECTION    31/270    DATE  03/06
HIGHEST GUST SPEED/DIRECTION    46/290    DATE  03/06

SKY COVER
POSSIBLE SUNSHINE (PERCENT)   MM
AVERAGE SKY COVER           0.50
NUMBER OF DAYS FAIR           13
NUMBER OF DAYS PC             10
NUMBER OF DAYS CLOUDY          8

AVERAGE RH (PERCENT)     65

-  INDICATES NEGATIVE NUMBERS.
R  INDICATES RECORD WAS SET OR TIED.
MM INDICATES DATA IS MISSING.
T  INDICATES TRACE AMOUNT.

&&

...Data for Harrison for March 2018...

.Summary...
For the second month in a row, temperatures were above average...
this time a little over a degree. That being said, though,
this was still the coldest March in several years by average high,
low and monthly temperature.

Even though rainfall was above average for the second year
in a row, it was still the driest March in two years.

No measurable snow fell in the month, which was the first time in
several years.

.Monthly Temperatures...
The average high, low and monthly temperature were the coldest since
2015.

.Daily Temperatures...
Daily temperatures were above average on 15 days, average on three
days, and below average on 13 days.

There were nine days with low temperatures at or below freezing,
which was the most since 2014.

For the first time in four years (since 2014), there were no 80-
degree readings in March.

.Daily Record Temperatures Tied or Broken During the Month...
None

.Monthly Rainfall...
Even though rainfall was above average, it was still the driest
March since 2016.

.Daily Rainfall Records Tied or Broken During the Month...
None.

.Monthly Snowfall...
No measurable snow fell during March, which was the first time since
2016. Only a trace was noted, and that occurred on the 6th.

.Daily Record Snowfall Tied or Broken During the Month...
None.

.Miscellaneous Phenomena...
None.

$$

57
