000
CXUS53 KIND 011511
CLMHUF


CLIMATE REPORT
NATIONAL WEATHER SERVICE INDIANAPOLIS IN
1107 AM EDT SUN APR 1 2018

...................................

...THE TERRE HAUTE IN CLIMATE SUMMARY FOR THE MONTH OF MARCH 2018...

CLIMATE NORMAL PERIOD 1981 TO 2010
CLIMATE RECORD PERIOD 9999 TO 9999

WEATHER         OBSERVED          NORMAL  DEPART  LAST YEAR`S
                 VALUE   DATE(S)  VALUE   FROM    VALUE  DATE(S)
                                          NORMAL
................................................................
TEMPERATURE (F)
HIGHEST            62   03/19                         74  03/24
LOWEST             21   03/14                         17  03/16
AVG. MAXIMUM     49.1              53.2    -4.1     54.5
AVG. MINIMUM     30.4              32.3    -1.9     36.0
MEAN             39.7              42.8    -3.1     45.2
DAYS MAX >= 90      0               0.0     0.0        0
DAYS MAX <= 32      1               1.2    -0.2        0
DAYS MIN <= 32     20              16.0     4.0       15
DAYS MIN <= 0       0               0.0     0.0        0

PRECIPITATION (INCHES)
TOTALS           4.97              3.37    1.60     3.57
DAILY AVG.       0.16              0.11    0.05     0.12
DAYS >= .01        12                MM      MM       12
DAYS >= .10         8                MM      MM        8
DAYS >= .50         3                MM      MM        3
DAYS >= 1.00        3                MM      MM        1
GREATEST
 24 HR. TOTAL    1.36   03/27 TO 03/27

DEGREE_DAYS
HEATING TOTAL     775               691      84      571
 SINCE 7/1       4785              4854     -69     3906
COOLING TOTAL       0                 1      -1        2
 SINCE 1/1          0                 1      -1        2
.................................................................

WIND (MPH)
AVERAGE WIND SPEED              9.2
HIGHEST WIND SPEED/DIRECTION    29/250    DATE  03/06
HIGHEST GUST SPEED/DIRECTION    37/210    DATE  03/31

SKY COVER
POSSIBLE SUNSHINE (PERCENT)   MM
AVERAGE SKY COVER           0.50
NUMBER OF DAYS FAIR           11
NUMBER OF DAYS PC              9
NUMBER OF DAYS CLOUDY         11

AVERAGE RH (PERCENT)     68

WEATHER CONDITIONS. NUMBER OF DAYS WITH
THUNDERSTORM              1     MIXED PRECIP               0
HEAVY RAIN                3     RAIN                       5
LIGHT RAIN               14     FREEZING RAIN              0
LT FREEZING RAIN          2     HAIL                       0
HEAVY SNOW                0     SNOW                       0
LIGHT SNOW                7     SLEET                      0
FOG                      17     FOG W/VIS <= 1/4 MILE      2
HAZE                      2

-  INDICATES NEGATIVE NUMBERS.
R  INDICATES RECORD WAS SET OR TIED.
MM INDICATES DATA IS MISSING.
T  INDICATES TRACE AMOUNT.

$$
