000
CXHW51 PHFO 011945
CLMLIH


CLIMATE REPORT
NATIONAL WEATHER SERVICE HONOLULU HI
943 AM HST TUE MAY 1 2018

...................................

...THE LIHUE HI CLIMATE SUMMARY FOR THE MONTH OF APRIL 2018...

CLIMATE NORMAL PERIOD 1981 TO 2010
CLIMATE RECORD PERIOD 1946 TO 2018

WEATHER         OBSERVED          NORMAL  DEPART  LAST YEAR`S
                 VALUE   DATE(S)  VALUE   FROM    VALUE  DATE(S)
                                          NORMAL
................................................................
TEMPERATURE (F)
RECORD
 HIGH              88   04/27/1981
 LOW               56   04/22/1958
HIGHEST            87   04/05        79       8       84  04/24
                                                          04/19
LOWEST             58   04/29        69     -11       61  04/30
AVG. MAXIMUM     79.5              79.2     0.3     81.7
AVG. MINIMUM     69.9              68.8     1.1     70.3
MEAN             74.7              74.0     0.7     76.0
DAYS MAX >= 90      0               0.0     0.0        0
DAYS MAX <= 32      0               0.0     0.0        0
DAYS MIN <= 32      0               0.0     0.0        0
DAYS MIN <= 0       0               0.0     0.0        0

PRECIPITATION (INCHES)
RECORD
 MAXIMUM        10.65   1972
 MINIMUM         0.32   1992
TOTALS           5.70              2.25    3.45     2.39
DAILY AVG.       0.20              0.08    0.12     0.08
DAYS >= .01        18              16.6     1.4       16
DAYS >= .10        10               6.2     3.8        7
DAYS >= .50         3               0.8     2.2        0
DAYS >= 1.00        2               0.3     1.7        0
GREATEST
 24 HR. TOTAL    1.82   04/02 TO 04/02              0.47

SNOWFALL (INCHES)
RECORDS
 TOTAL             MM   5
TOTALS            0.0               0.0     0.0      0.0
SINCE 7/1         0.0               0.0     0.0      0.0
SNOWDEPTH AVG.     MM                MM      MM       MM
DAYS >= 1.0         0               0.0     0.0        0
GREATEST
 SNOW DEPTH        MM                                 MM  MM
 24 HR TOTAL      0.0   04/30 TO 04/30               0.0

DEGREE_DAYS
HEATING TOTAL       0                 0       0        0
 SINCE 7/1          0                 0       0        0
COOLING TOTAL     287               270      17      341
 SINCE 1/1        986               904      82     1062
.................................................................

WIND (MPH)
AVERAGE WIND SPEED              14.1
HIGHEST WIND SPEED/DIRECTION    33/220    DATE  04/04
HIGHEST GUST SPEED/DIRECTION    44/240    DATE  04/04

SKY COVER
POSSIBLE SUNSHINE (PERCENT)   MM
AVERAGE SKY COVER             MM
NUMBER OF DAYS FAIR            0
NUMBER OF DAYS PC              0
NUMBER OF DAYS CLOUDY          0

AVERAGE RH (PERCENT)     MM

WEATHER CONDITIONS. NUMBER OF DAYS WITH
THUNDERSTORM              1     MIXED PRECIP               0
HEAVY RAIN                0     RAIN                       0
LIGHT RAIN                0     FREEZING RAIN              0
LT FREEZING RAIN          0     HAIL                       0
HEAVY SNOW                0     SNOW                       0
LIGHT SNOW                0     SLEET                      0
FOG                      17     FOG W/VIS <= 1/4 MILE      0
HAZE                      7

-  INDICATES NEGATIVE NUMBERS.
R  INDICATES RECORD WAS SET OR TIED.
MM INDICATES DATA IS MISSING.
T  INDICATES TRACE AMOUNT.

$$
