000
CXUS53 KILX 011805
CLMLWV
CLIMATE REPORT
NATIONAL WEATHER SERVICE LINCOLN IL
105 PM CDT MON APR 01 2024
...................................
...THE LAWRENCEVILLE IL AIRPORT CLIMATE SUMMARY FOR THE MONTH OF MARCH 2024...
CLIMATE NORMAL PERIOD 1991 TO 2020
CLIMATE RECORD PERIOD 9999 TO 9999
WEATHER OBSERVED NORMAL DEPART LAST YEAR`S
VALUE DATE(S) VALUE FROM VALUE
NORMAL
..............................................................
TEMPERATURE (F)
RECORD
HIGH MM MM
LOW 15 03/12/2022
HIGHEST 80 03/04 MM MM 77
LOWEST 24 03/19 MM MM 20
AVG. MAXIMUM 62.0 55.1 6.9 54.8
AVG. MINIMUM 39.1 34.6 4.5 34.1
MEAN 50.6 44.8 5.8 44.4
DAYS MAX >= 90 0 0.0 0.0 0
DAYS MAX <= 32 0 0.8 -0.8 0
DAYS MIN <= 32 8 12.8 -4.8 11
DAYS MIN <= 0 0 0.0 0.0 0
PRECIPITATION (INCHES)
RECORD
MAXIMUM 4.15 2023
MINIMUM 3.53 2022
TOTALS 2.07R 3.16 -1.09 4.15
DAILY AVG. 0.07 0.10 -0.03 0.15
DAYS >= .01 7 10.5 -3.5 10
DAYS >= .10 3 6.4 -3.4 5
DAYS >= .50 2 2.2 -0.2 2
DAYS >= 1.00 1 0.7 0.3 2
GREATEST
24 HR. TOTAL 1.09 03/14 TO 03/15 2.65
DEGREE DAYS
HEATING TOTAL 444 628 -184 630
SINCE 7/1 3392 4334 -942 MM
COOLING TOTAL 4 3 1 0
SINCE 1/1 7 3 4 MM
..............................................................
WIND (MPH)
AVERAGE WIND SPEED 11.3
HIGHEST WIND SPEED/DIRECTION 38/160 DATE 03/25
HIGHEST GUST SPEED/DIRECTION 50/150 DATE 03/25
AVERAGE RH (PERCENT) 61
WEATHER CONDITIONS. NUMBER OF DAYS WITH
THUNDERSTORM 4 MIXED PRECIP 0
HEAVY RAIN 3 RAIN 4
LIGHT RAIN 10 FREEZING RAIN 0
LT FREEZING RAIN 0 HAIL 0
HEAVY SNOW 0 SNOW 0
LIGHT SNOW 1 SLEET 0
FOG 13 FOG W/VIS <= 1/4 MILE 1
HAZE 7
- INDICATES NEGATIVE NUMBERS.
R INDICATES RECORD WAS SET OR TIED.
MM INDICATES DATA IS MISSING.
T INDICATES TRACE AMOUNT.
$$