000
CXUS52 KMFL 011335
CLMMIA


CLIMATE REPORT
NATIONAL WEATHER SERVICE MIAMI, FL
924 AM EDT TUE MAY 1 2018

...................................

...THE MIAMI CLIMATE SUMMARY FOR THE MONTH OF APRIL 2018...

CLIMATE NORMAL PERIOD 1981 TO 2010
CLIMATE RECORD PERIOD 1895 TO 2018

WEATHER         OBSERVED          NORMAL  DEPART  LAST YEAR`S
                 VALUE   DATE(S)  VALUE   FROM    VALUE
                                          NORMAL
.............................................................
TEMPERATURE (F)
RECORD
 HIGH              96   04/26/2015
                        04/30/1971
 LOW               39   04/14/1940
HIGHEST            91   04/24                         91
                        04/10
                        04/09
LOWEST             60   04/17                         58
AVG. MAXIMUM     84.9              83.2     1.7     84.1
AVG. MINIMUM     69.3              68.3     1.0     71.9
MEAN             77.1              75.8     1.3     78.0
DAYS MAX >= 90      3                                  1
DAYS MAX <= 32      0                                  0
DAYS MIN <= 32      0                                  0
DAYS MIN <= 0       0                                  0

PRECIPITATION (INCHES)
RECORD
 MAXIMUM        20.40   1942
 MINIMUM         0.05   1981
TOTALS           3.80              3.14    0.66     2.16
DAILY AVG.       0.13              0.10    0.03
DAYS >= .01         8                                  3
DAYS >= .10         5                                  1
DAYS >= .50         3                                  1
DAYS >= 1.00        1                                  1
GREATEST
 24 HR. TOTAL    1.61   04/23 TO 04/23              2.08

DEGREE_DAYS
HEATING TOTAL       0                 1      -1        0
 SINCE 7/1         85               128     -43       17
COOLING TOTAL     371               324      47      396
 SINCE 1/1       1044               893     151     1161
..............................................................

WIND (MPH)
AVERAGE WIND SPEED              8.5
HIGHEST WIND SPEED/DIRECTION    25/160    DATE  04/15
HIGHEST GUST SPEED/DIRECTION    39/160    DATE  04/15

SKY COVER
POSSIBLE SUNSHINE (PERCENT)   MM
AVERAGE SKY COVER           0.40
NUMBER OF DAYS FAIR            8
NUMBER OF DAYS PC             19
NUMBER OF DAYS CLOUDY          3

AVERAGE RH (PERCENT)     70

WEATHER CONDITIONS. NUMBER OF DAYS WITH
  0
  3
  0
  0
  0
  0
  0
HAZE                      3

-  INDICATES NEGATIVE NUMBERS.
R  INDICATES RECORD WAS SET OR TIED.
MM INDICATES DATA IS MISSING.
T  INDICATES TRACE AMOUNT.

$$
