000
CXAK59 PAFG 091539
CLMOME
CLIMATE REPORT
NATIONAL WEATHER SERVICE FAIRBANKS AK
739 AM AKDT TUE APR 09 2024
...................................
...THE NOME AK CLIMATE SUMMARY FOR THE MONTH OF MARCH 2024...
CLIMATE NORMAL PERIOD 1991 TO 2020
CLIMATE RECORD PERIOD 1906 TO 2024
WEATHER OBSERVED NORMAL DEPART LAST YEAR`S
VALUE DATE(S) VALUE FROM VALUE DATE(S)
NORMAL
................................................................
TEMPERATURE (F)
RECORD
HIGH 44 03/02/1938
LOW -46 03/11/1971
HIGHEST 35 03/25 MM MM 35 03/30
03/30
LOWEST -24 03/11 MM MM -21 03/02
03/03
AVG. MAXIMUM 19.7 17.6 2.1 19.2
AVG. MINIMUM 3.5 1.6 1.9 1.8
MEAN 11.6 9.6 2.0 10.5
DAYS MAX >= 90 0 0.0 0.0 0
DAYS MAX <= 32 26 28.6 -2.6 27
DAYS MIN <= 32 31 31.0 0.0 31
DAYS MIN <= 0 14 15.5 -1.5 17
PRECIPITATION (INCHES)
RECORD
MAXIMUM 3.37 1907
MINIMUM T
TOTALS 1.69 0.74 0.95 2.62
DAILY AVG. 0.05 0.02 0.03 0.08
DAYS >= .01 12 8.8 3.2 14
DAYS >= .10 6 2.4 3.6 8
DAYS >= .50 0 0.1 -0.1 1
DAYS >= 1.00 0 0.0 0.0 0
GREATEST
24 HR. TOTAL 0.50 03/21 TO 03/22 0.71
DEGREE DAYS
HEATING TOTAL 1645 1717 -72 1683
SINCE 7/1 10537 10848 -311 MM
COOLING TOTAL 0 0 0 0
SINCE 1/1 0 0 0 MM
................................................................
WIND (MPH)
AVERAGE WIND SPEED 10.8
HIGHEST WIND SPEED/DIRECTION 38/360 DATE 03/30
38/350 03/31
HIGHEST GUST SPEED/DIRECTION 50/360 DATE 03/31
SKY COVER
AVERAGE SKY COVER 0.49
NUMBER OF DAYS FAIR 15
WEATHER CONDITIONS. NUMBER OF DAYS WITH
THUNDERSTORM 0 MIXED PRECIP 0
HEAVY RAIN 0 RAIN 0
LIGHT RAIN 2 FREEZING RAIN 0
LT FREEZING RAIN 3 HAIL 0
HEAVY SNOW 2 SNOW 4
LIGHT SNOW 18 SLEET 0
FOG 14 FOG W/VIS <= 1/4 MILE 3
HAZE 12
- INDICATES NEGATIVE NUMBERS.
R INDICATES RECORD WAS SET OR TIED.
MM INDICATES DATA IS MISSING.
T INDICATES TRACE AMOUNT.
$$