000
CXUS53 KPAH 010645
CLMPAH

SDFCLMPAA 000
TTAA00 KPAH 010639


CLIMATE REPORT
NATIONAL WEATHER SERVICE PADUCAH KY
145 AM CDT TUE MAY 1 2018

...................................

...THE PADUCAH ASOS CLIMATE SUMMARY FOR THE MONTH OF APRIL 2018...

CLIMATE NORMAL PERIOD 1981 TO 2010
CLIMATE RECORD PERIOD 1937 TO 2018

WEATHER         OBSERVED          NORMAL  DEPART  LAST YEAR`S
                 VALUE   DATE(S)  VALUE   FROM    VALUE  DATE(S)
                                          NORMAL
................................................................
TEMPERATURE (F)
RECORD
 HIGH              90   04/21/1987
                        04/21/1946
 LOW               21   04/08/2007
HIGHEST            82   04/12        69      13       86  04/29
LOWEST             28   04/07        47     -19       38  04/08
AVG. MAXIMUM     63.7              69.4    -5.7     74.7
AVG. MINIMUM     40.9              46.6    -5.7     52.7
MEAN             52.3              58.0    -5.7     63.7
DAYS MAX >= 90      0               0.0     0.0        0
DAYS MAX <= 32      0               0.0     0.0        0
DAYS MIN <= 32      5               2.1     2.9        0
DAYS MIN <= 0       0               0.0     0.0        0

PRECIPITATION (INCHES)
RECORD
 MAXIMUM        15.91   2011
 MINIMUM         0.56   2012
TOTALS           6.73              4.76    1.97     8.18
DAILY AVG.       0.22              0.16    0.06     0.27
DAYS >= .01        11              10.8     0.2       16
DAYS >= .10         6               7.3    -1.3        8
DAYS >= .50         4               3.2     0.8        5
DAYS >= 1.00        2               1.0     1.0        3
GREATEST
 24 HR. TOTAL    2.28   04/22 TO 04/22
 STORM TOTAL       MM
 (MM/DD(HH))            MM

SNOWFALL (INCHES)
RECORDS
 TOTAL            3.5   1971
TOTALS            1.0                 T     1.0      0.0
SINCE 7/1        13.7               9.1     4.6      1.2
SNOWDEPTH AVG.      0                MM      MM        0
DAYS >= TRACE       3
DAYS >= 1.0         1               0.0     1.0        0
GREATEST
 SNOW DEPTH         1   04/07                          0  MM
 24 HR TOTAL      1.0   04/07 TO 04/07
 STORM TOTAL       MM
 (MM/DD(HH))            MM

DEGREE_DAYS
HEATING TOTAL     386               245     141      104
 SINCE 7/1       4086              4064      22     3019
COOLING TOTAL      12                35     -23       75
 SINCE 1/1         23                42     -19       76

FREEZE DATES
RECORD
 EARLIEST     10/01/1984
 LATEST       04/28/1992
EARLIEST                        10/26
LATEST                          04/04
.................................................................

WIND (MPH)
AVERAGE WIND SPEED              8.3
HIGHEST WIND SPEED/DIRECTION    35/270    DATE  04/03
HIGHEST GUST SPEED/DIRECTION    46/270    DATE  04/03

SKY COVER
POSSIBLE SUNSHINE (PERCENT)   MM
AVERAGE SKY COVER           0.40
NUMBER OF DAYS FAIR           14
NUMBER OF DAYS PC              8
NUMBER OF DAYS CLOUDY          8

AVERAGE RH (PERCENT)     63

WEATHER CONDITIONS. NUMBER OF DAYS WITH
  0
  6
  0
  0
  0
  1
  1
HAZE                      1

-  INDICATES NEGATIVE NUMBERS.
R  INDICATES RECORD WAS SET OR TIED.
MM INDICATES DATA IS MISSING.
T  INDICATES TRACE AMOUNT.

&&

RMKS: THE AVERAGE TEMPERATURE OF 52.3 DEGREES MAKES THIS APRIL
THE 3RD COLDEST ON RECORD. THE COLDEST APRIL ON RECORD WAS SET
BACK IN 1983 WITH AN AVERAGE TEMPERATURE OF 51.5 DEGREES.

$$
