000
CXUS52 KJAX 012109 RRA
CLMSSI

CLIMATE REPORT
NATIONAL WEATHER SERVICE JACKSONVILLE FL
1007 AM EDT SUN APR 1 2018

...................................

...THE ST SIMONS ISLAND CLIMATE SUMMARY FOR THE MONTH OF MARCH 2018...

CLIMATE NORMAL PERIOD 1981 TO 2010
CLIMATE RECORD PERIOD 1948 TO 2018

WEATHER         OBSERVED          NORMAL  DEPART
                 VALUE   DATE(S)  VALUE   FROM
                                          NORMAL
................................................
TEMPERATURE (F)
RECORD
 HIGH              90   03/22/2011
                        03/12/1967
 LOW               22   03/03/1980
HIGHEST            85   03/18        69      16
                        03/01
LOWEST             37   03/15        52     -15
                        03/09
AVG. MAXIMUM     68.9              68.9     0.0
AVG. MINIMUM     49.8              51.7    -1.9
MEAN             59.3              60.3    -1.0
DAYS MAX >= 90      0               0.0     0.0
DAYS MAX <= 32      0               0.0     0.0
DAYS MIN <= 32      0               0.3    -0.3
DAYS MIN <= 0       0               0.0     0.0

PRECIPITATION (INCHES)
RECORD
 MAXIMUM        10.71   1983
 MINIMUM         0.26   2006
TOTALS           1.80              3.88   -2.08
DAILY AVG.       0.06              0.13   -0.07
DAYS >= .01         8               7.5     0.5
DAYS >= .10         5               5.3    -0.3
DAYS >= .50         1               2.6    -1.6
DAYS >= 1.00        0               1.1    -1.1
GREATEST
 24 HR. TOTAL    0.60   03/19 TO 03/19
 STORM TOTAL       MM
 (MM/DD(HH))            MM

SNOWFALL (INCHES)
RECORDS
 TOTAL              T   1986
                        1980
 24 HR TOTAL        T   03/01/1986 TO 03/01/1986
                        03/13/1980 TO 03/13/1980
TOTALS            0.0               0.0     0.0
 LIQUID EQUIV    0.00              0.00    0.00
SINCE 7/1         0.0               0.2    -0.2
 LIQUID 7/1      0.00
DAYS >= TRACE       0               0.0     0.0
DAYS >= 1.0         0               0.0     0.0
GREATEST
 SNOW DEPTH         0   MM
 24 HR TOTAL      0.0   03/31 TO 03/31
 STORM TOTAL       MM
 (MM/DD(HH))            MM

DEGREE_DAYS
HEATING TOTAL     198               177      21
 SINCE 7/1       1251              1428    -177
COOLING TOTAL      31                31       0
 SINCE 1/1         93                40      53

FREEZE DATES
RECORD
 EARLIEST     11/03/1954
 LATEST       03/31/1964
EARLIEST                        12/20
LATEST                          02/14
.................................................

WIND (MPH)
AVERAGE WIND SPEED              9.1
HIGHEST WIND SPEED/DIRECTION    33/230    DATE  03/20
HIGHEST GUST SPEED/DIRECTION    45/210    DATE  03/20

SKY COVER
POSSIBLE SUNSHINE (PERCENT)   MM
AVERAGE SKY COVER           0.20
NUMBER OF DAYS FAIR           23
NUMBER OF DAYS PC              5
NUMBER OF DAYS CLOUDY          3

AVERAGE RH (PERCENT)     64

WEATHER CONDITIONS. NUMBER OF DAYS WITH
  0
  6
  0
  0
  0
  0
  2
HAZE                      2

-  INDICATES NEGATIVE NUMBERS.
R  INDICATES RECORD WAS SET OR TIED.
MM INDICATES DATA IS MISSING.
T  INDICATES TRACE AMOUNT.

$$
