000
CXUS53 KEAX 010813 RRA
CLMSTJ

STLCLMWK1 000
TTAA00 KEAX 010809


CLIMATE REPORT
NATIONAL WEATHER SERVICE KANSAS CITY/PLEASANT HILL MO
308 AM CDT TUE MAY 1 2018

...................................

...THE ST. JOSEPH MO CLIMATE SUMMARY FOR THE MONTH OF APRIL 2018...

CLIMATE NORMAL PERIOD 1981 TO 2010
CLIMATE RECORD PERIOD 1892 TO 2018

WEATHER         OBSERVED          NORMAL  DEPART  LAST YEAR`S
                 VALUE   DATE(S)  VALUE   FROM    VALUE  DATE(S)
                                          NORMAL
................................................................
TEMPERATURE (F)
RECORD
 HIGH              96   04/25/2012
                        04/28/1970
                        54/01/2206
 LOW                2   04/03/1975
HIGHEST            84   04/13        87      -3       82  04/19
LOWEST             10   04/02        25     -15       31  04/07
AVG. MAXIMUM     59.4              65.8    -6.4     64.9
AVG. MINIMUM     32.3              42.5   -10.2     43.7
MEAN             45.9              54.2    -8.3     54.0
DAYS MAX >= 90      0               0.7    -0.7        0
DAYS MAX <= 32      2               0.0     2.0        0
DAYS MIN <= 32     17               5.1    11.9        2
DAYS MIN <= 0       0               0.0     0.0        0

PRECIPITATION (INCHES)
RECORD
 MAXIMUM        10.88   1944
 MINIMUM         0.62   1924
TOTALS           0.56R             3.79   -3.23     4.64
DAILY AVG.       0.02              0.13   -0.11     0.15
DAYS >= .01         5               9.6    -4.6       13
DAYS >= .10         2               6.3    -4.3        8
DAYS >= .50         0               2.2    -2.2        4
DAYS >= 1.00        0               0.8    -0.8        0
GREATEST
 24 HR. TOTAL    0.33   04/25 TO 04/25

DEGREE_DAYS
HEATING TOTAL     575               345     230      280
 SINCE 7/1       5143              5338    -195     4144
COOLING TOTAL       7                19     -12       14
 SINCE 1/1          7                21     -14       18
.................................................................

WIND (MPH)
AVERAGE WIND SPEED              11.3
HIGHEST WIND SPEED/DIRECTION    36/170    DATE  04/30
HIGHEST GUST SPEED/DIRECTION    48/170    DATE  04/30

SKY COVER
POSSIBLE SUNSHINE (PERCENT)   MM
AVERAGE SKY COVER           0.40
NUMBER OF DAYS FAIR           16
NUMBER OF DAYS PC              5
NUMBER OF DAYS CLOUDY          9

AVERAGE RH (PERCENT)     63

-  INDICATES NEGATIVE NUMBERS.
R  INDICATES RECORD WAS SET OR TIED.
MM INDICATES DATA IS MISSING.
T  INDICATES TRACE AMOUNT.

$$
