000
CXUS56 KSGX 011725
CLMTRM


CLIMATE REPORT
NATIONAL WEATHER SERVICE SAN DIEGO, CA
1025 AM PDT SUN APR 1 2018

...................................

...THE THERMAL AIRPORT CA CLIMATE SUMMARY FOR THE MONTH OF MARCH 2018...

CLIMATE NORMAL PERIOD 1981 TO 2010
CLIMATE RECORD PERIOD 1950 TO 2018

WEATHER         OBSERVED          NORMAL  DEPART  LAST YEAR`S
                 VALUE   DATE(S)  VALUE   FROM    VALUE  DATE(S)
                                          NORMAL
................................................................
TEMPERATURE (F)
RECORD
 HIGH             103   03/21/2004
 LOW               24   03/04/2002
HIGHEST            99   03/30        81      18      100  03/13
LOWEST             36   03/01        48     -12       41  03/07
                                                          03/06
AVG. MAXIMUM     83.0              81.0     2.0     87.2
AVG. MINIMUM     50.8              47.1     3.7     52.4
MEAN             66.9              64.1     2.8     69.8
DAYS MAX >= 90      7               4.4     2.6       15
DAYS MAX <= 32      0               0.0     0.0        0
DAYS MIN <= 32      0               0.6    -0.6        0

PRECIPITATION (INCHES)
RECORD
 MAXIMUM         2.00   1983
 MINIMUM         0.00   2017
                        2008
                        1999
TOTALS              T              0.38   -0.38     0.00
DAILY AVG.          T              0.01   -0.01     0.00
DAYS >= .01         0               1.8    -1.8        0
DAYS >= .10         0               1.1    -1.1        0
DAYS >= .50         0               0.2    -0.2        0
DAYS >= 1.00        0               0.0     0.0        0
GREATEST
 24 HR. TOTAL       T   03/15 TO 03/15           03/31 TO 03/31
                                                          03/30 TO 03/30EATHER         OBSERVED          NORMAL  DEPART  LAST YEAR`S
                                                          03/29 TO 03/29EATHER         OBSERVED          NORMAL  DEPART  LAST YEAR`S
 STORM TOTAL       MM                                 MM
 (MM/DD(HH))            MM                    03/31(00) TO 03/31(00)
                                                 03/30(00) TO 03/30(00)9EATHER         OBSERVED          NORMAL  DEPART  LAST YEAR`S
                                                 03/29(00) TO 03/29(00)9EATHER         OBSERVED          NORMAL  DEPART  LAST YEAR`S

DEGREE_DAYS
HEATING TOTAL      48                92     -44       34
 SINCE 7/1        611              1157    -546      899
COOLING TOTAL     116                62      54      190
 SINCE 1/1        147                74      73      222

FREEZE DATES
RECORD
 EARLIEST     10/30/1971
 LATEST       04/10/1999
EARLIEST                        12/02
LATEST                          02/06
.................................................................

WIND (MPH)
AVERAGE WIND SPEED              7.2
RESULTANT WIND SPEED/DIRECTION   4/326
HIGHEST WIND SPEED/DIRECTION    36/260    DATE  03/03
HIGHEST GUST SPEED/DIRECTION    47/260    DATE  03/03

SKY COVER
POSSIBLE SUNSHINE (PERCENT)   MM
AVERAGE SKY COVER           0.10
NUMBER OF DAYS FAIR           27
NUMBER OF DAYS PC              4
NUMBER OF DAYS CLOUDY          0

AVERAGE RH (PERCENT)     36

WEATHER CONDITIONS. NUMBER OF DAYS WITH
  0
  0
  0
  0
  0
  0
  0
HAZE                      6

-  INDICATES NEGATIVE NUMBERS.
R  INDICATES RECORD WAS SET OR TIED.
MM INDICATES DATA IS MISSING.
T  INDICATES TRACE AMOUNT.

$$
