000
CXUS53 KGRB 011557
CLSAUW

CLIMATE REPORT
NATIONAL WEATHER SERVICE GREEN BAY
955 AM CST THU MAR 1 2018

...TIED 46TH COLDEST WINTER ON RECORD....

..THE WAUSAU WI WINTER CLIMATE SUMMARY FROM 12/1/2017 TO 2/28/2018...

CLIMATE NORMAL PERIOD 1981 TO 2010
CLIMATE RECORD PERIOD 1896 TO 2018

WEATHER         OBSERVED          NORMAL  DEPART  LAST YEAR`S
                 VALUE   DATE(S)  VALUE   FROM    VALUE  DATE(S)
                                          NORMAL
................................................................
TEMPERATURE (F)
RECORD
 HIGH              61   12/05/2001
                        12/02/1982
 LOW              -40   01/30/1951
                        01/18/1948
                        02/10/1899
HIGHEST            55   12/04        49       6       57  02/19
LOWEST            -17   01/01       -22       5      -15  01/06
                                                          12/18
AVG. MAXIMUM     23.8              25.9    -2.1     27.8
AVG. MINIMUM      7.9               9.1    -1.2     14.4
MEAN             15.8              17.5    -1.7     21.1
DAYS MAX >= 90      0               0.0     0.0        0
DAYS MAX <= 32     64              63.0     1.0       57
DAYS MIN <= 32     89              87.8     1.2       83
DAYS MIN <= 0      28              24.1     3.9       17

PRECIPITATION (INCHES)
RECORD
 MAXIMUM         6.60   2017
                        1937
 MINIMUM         1.07   1963
TOTALS           3.63              3.30    0.33     6.60
DAILY AVG.       0.04              0.04    0.00     0.08
DAYS >= .01        33              27.5     5.5       28
DAYS >= .10        12               9.9     2.1       19
DAYS >= .50         2               1.0     1.0        4
DAYS >= 1.00        0               0.2    -0.2        0

SNOWFALL (INCHES)
RECORDS
 TOTAL           64.5   2014
 24 HR TOTAL       MM
TOTALS           34.2              37.0    -2.8     50.7
SINCE 7/1        42.5              45.3    -2.8     53.8
DAYS >= TRACE      49              27.7    21.3       38
DAYS >= 1.0        12              12.0     0.0       13
GREATEST
 SNOW DEPTH        11   02/25                         19  01/13
                                                          01/11
                                                          01/12
 24 HR TOTAL      4.7   01/22

DEGREE_DAYS
HEATING TOTAL    4403              4278     125     3948
 SINCE 7/1       6088              6136     -48     5226
COOLING TOTAL       0                 0       0        0
 SINCE 1/1          0                 0       0        0

FREEZE DATES
RECORD
 EARLIEST     08/30/1915
 LATEST       06/12/1903
EARLIEST                        10/02
LATEST                          05/05
.................................................................

WIND (MPH)
AVERAGE WIND SPEED              8.1
HIGHEST WIND SPEED/DIRECTION    33/230    DATE  12/04
HIGHEST GUST SPEED/DIRECTION    50/250    DATE  12/04

SKY COVER
POSSIBLE SUNSHINE (PERCENT)   MM
AVERAGE SKY COVER           0.50
NUMBER OF DAYS FAIR           33
NUMBER OF DAYS PC             27
NUMBER OF DAYS CLOUDY         30

AVERAGE RH (PERCENT)     75

WEATHER CONDITIONS. NUMBER OF DAYS WITH
THUNDERSTORM              0     MIXED PRECIP               0
HEAVY RAIN                2     RAIN                       2
LIGHT RAIN                7     FREEZING RAIN              5
LT FREEZING RAIN          5     HAIL                       0
HEAVY SNOW                1     SNOW                       8
LIGHT SNOW               49     SLEET                      1
FOG                      53     FOG W/VIS <= 1/4 MILE      5
HAZE                     24

-  INDICATES NEGATIVE NUMBERS.
R  INDICATES RECORD WAS SET OR TIED.
MM INDICATES DATA IS MISSING.
T  INDICATES TRACE AMOUNT.

$$
ECKBERG
