000
CXUS51 KCLE 051541
CLSCAK


CLIMATE REPORT
NATIONAL WEATHER SERVICE CLEVELAND OH
1130 AM EDT TUE JUN 5 2018

...................................

...THE AKRON CANTON OH CLIMATE SUMMARY FOR THE SEASON, FROM
3/1/2018 TO 5/31/2018...

CLIMATE NORMAL PERIOD 1981 TO 2010
CLIMATE RECORD PERIOD 1887 TO 2018

WEATHER         OBSERVED          NORMAL  DEPART
                 VALUE   DATE(S)  VALUE   FROM
                                          NORMAL
................................................
TEMPERATURE (F)
RECORD
 HIGH              94   05/31/1895
 LOW               -6   03/12/1948
HIGHEST            92   05/28
LOWEST             16   03/10
AVG. MAXIMUM     59.4              58.5     0.9
AVG. MINIMUM     39.0              38.6     0.4
MEAN             49.2              48.5     0.7
DAYS MAX >= 90      2               0.1
DAYS MAX <= 32      3               3.8
DAYS MIN <= 32     46              28.1
DAYS MIN <= 0       0               0.0

PRECIPITATION (INCHES)
RECORD
 MAXIMUM        18.18   1964
 MINIMUM         4.26   1915
TOTALS          12.82             10.81    2.01
DAYS >= .01        46              42.3
DAYS >= .10        26              24.3
DAYS >= .50         8               6.6
DAYS >= 1.00        4               1.9

SNOWFALL (INCHES)
RECORDS
 TOTAL           30.7   1987
TOTALS           15.1              11.0
DAYS >= TRACE      26
DAYS >= 1.0         7               3.4

DEGREE_DAYS
HEATING TOTAL    1576              1557      19
COOLING TOTAL     148                43     105
.................................................

WIND (MPH)
HIGHEST GUST SPEED/DIRECTION    51/260    DATE  04/04

SKY COVER
POSSIBLE SUNSHINE (PERCENT)   MM
NUMBER OF DAYS FAIR           13
NUMBER OF DAYS PC             37
NUMBER OF DAYS CLOUDY         42


WEATHER CONDITIONS. NUMBER OF DAYS WITH
THUNDERSTORM             13     MIXED PRECIP               0
HEAVY RAIN                6     RAIN                       7
LIGHT RAIN               40     FREEZING RAIN              0
LT FREEZING RAIN          0     HAIL                       0
HEAVY SNOW                0     SNOW                       3
LIGHT SNOW               24     SLEET                      0
FOG                      35     FOG W/VIS <= 1/4 MILE      2
HAZE                     21

-  INDICATES NEGATIVE NUMBERS.
R  INDICATES RECORD WAS SET OR TIED.
MM INDICATES DATA IS MISSING.
T  INDICATES TRACE AMOUNT.

$$
