000
CDUS43 KARX 180635
CLILSE


CLIMATE REPORT
NATIONAL WEATHER SERVICE LA CROSSE WI
132 AM CDT MON JUN 18 2018


...................................

...THE LA CROSSE WI CLIMATE SUMMARY FOR JUNE 17 2018...

CLIMATE NORMAL PERIOD 1981 TO 2010
CLIMATE RECORD PERIOD 1873 TO 2018


WEATHER ITEM   OBSERVED TIME   RECORD YEAR NORMAL DEPARTURE LAST
                VALUE   (LST)  VALUE       VALUE  FROM      YEAR
                                                  NORMAL
..................................................................
TEMPERATURE (F)
 YESTERDAY
  MAXIMUM         98R   227 PM  95    1995  81     17       85
                                      1994
  MINIMUM         77   1159 PM  43    1915  59     18       64
                                      1876
  AVERAGE         88                        70     18       75

PRECIPITATION (IN)
  YESTERDAY        0.05          2.83 1993   0.14  -0.09     0.01
  MONTH TO DATE    1.60                      2.43  -0.83     2.23
  SINCE JUN 1      1.60                      2.43  -0.83     2.23
  SINCE JAN 1     15.73                     13.50   2.23    19.92

SNOWFALL (IN)
  YESTERDAY        0.0           0.0  2002   0.0    0.0      0.0
                                      2001
  MONTH TO DATE    0.0                       0.0    0.0      0.0
  SINCE JUL 1     49.8                      43.3    6.5     42.2
  SNOW DEPTH       0

DEGREE DAYS
 HEATING
  YESTERDAY        0                         1     -1        0
  MONTH TO DATE    3                        31    -28        2
  SINCE JUL 1   6988                      7188   -200     5768

 COOLING
  YESTERDAY       23                         6     17       10
  MONTH TO DATE  141                        71     70      181
  SINCE JAN 1    300                       119    181      218
..................................................................


WIND (MPH)
  HIGHEST WIND SPEED    24   HIGHEST WIND DIRECTION     S (190)
  HIGHEST GUST SPEED    35   HIGHEST GUST DIRECTION     S (200)
  AVERAGE WIND SPEED    11.5


SKY COVER
  POSSIBLE SUNSHINE  MM
  AVERAGE SKY COVER 0.2


WEATHER CONDITIONS
 THE FOLLOWING WEATHER WAS RECORDED YESTERDAY.
  THUNDERSTORM
  LIGHT RAIN
  FOG
  HAZE


RELATIVE HUMIDITY (PERCENT)
 HIGHEST    85          1000 PM
 LOWEST     42           200 PM
 AVERAGE    64

..........................................................


THE LA CROSSE WI CLIMATE NORMALS FOR TODAY
                         NORMAL    RECORD    YEAR
 MAXIMUM TEMPERATURE (F)   81        96      1995
                                             1988
 MINIMUM TEMPERATURE (F)   60        40      1876


SUNRISE AND SUNSET
JUNE 18 2018..........SUNRISE   522 AM CDT   SUNSET   850 PM CDT
JUNE 19 2018..........SUNRISE   522 AM CDT   SUNSET   851 PM CDT


-  INDICATES NEGATIVE NUMBERS.
R  INDICATES RECORD WAS SET OR TIED.
MM INDICATES DATA IS MISSING.
T  INDICATES TRACE AMOUNT.




$$
