000
CDUS43 KARX 210657
CLILSE


CLIMATE REPORT
NATIONAL WEATHER SERVICE LA CROSSE WI
1254 AM CST THU FEB 21 2019


...................................

...THE LA CROSSE WI CLIMATE SUMMARY FOR FEBRUARY 20 2019...

CLIMATE NORMAL PERIOD 1981 TO 2010
CLIMATE RECORD PERIOD 1873 TO 2019


WEATHER ITEM   OBSERVED TIME   RECORD YEAR NORMAL DEPARTURE LAST
                VALUE   (LST)  VALUE       VALUE  FROM      YEAR
                                                  NORMAL
..................................................................
TEMPERATURE (F)
 YESTERDAY
  MAXIMUM         33    610 PM  61    1930  33      0       33
  MINIMUM         20    124 AM -27    1929  15      5       17
  AVERAGE         27                        24      3       25

PRECIPITATION (IN)
  YESTERDAY        0.43          0.91 1937   0.04   0.39     0.18
  MONTH TO DATE    2.14                      0.71   1.43     0.68
  SINCE DEC 1      5.46                      3.19   2.27     2.59
  SINCE JAN 1      3.45                      1.83   1.62     2.06

SNOWFALL (IN)
  YESTERDAY        5.6 R         5.2  1937   0.3    5.3       T
  MONTH TO DATE   26.8                       6.0   20.8      7.7
  SINCE JUL 1     47.9                      32.3   15.6     22.9
  SNOW DEPTH      18

DEGREE DAYS
 HEATING
  YESTERDAY       38                        41     -3       40
  MONTH TO DATE  959                       879     80      957
  SINCE JUL 1   5219                      5198     21     4942

 COOLING
  YESTERDAY        0                         0      0        0
  MONTH TO DATE    0                         0      0        0
  SINCE JAN 1      0                         0      0        0
..................................................................


WIND (MPH)
  HIGHEST WIND SPEED    23   HIGHEST WIND DIRECTION     W (250)
  HIGHEST GUST SPEED    32   HIGHEST GUST DIRECTION     W (270)
  AVERAGE WIND SPEED     9.0


SKY COVER
  POSSIBLE SUNSHINE  MM
  AVERAGE SKY COVER 1.0


WEATHER CONDITIONS
 THE FOLLOWING WEATHER WAS RECORDED YESTERDAY.
  LIGHT RAIN
  SNOW
  LIGHT SNOW
  FOG
  FOG W/VISIBILITY <= 1/4 MILE
  HAZE


RELATIVE HUMIDITY (PERCENT)
 HIGHEST   100           300 PM
 LOWEST     67          1200 AM
 AVERAGE    84

..........................................................


THE LA CROSSE WI CLIMATE NORMALS FOR TODAY
                         NORMAL    RECORD    YEAR
 MAXIMUM TEMPERATURE (F)   33        64      1930
 MINIMUM TEMPERATURE (F)   16       -25      1873


SUNRISE AND SUNSET
FEBRUARY 21 2019......SUNRISE   655 AM CST   SUNSET   543 PM CST
FEBRUARY 22 2019......SUNRISE   654 AM CST   SUNSET   544 PM CST


-  INDICATES NEGATIVE NUMBERS.
R  INDICATES RECORD WAS SET OR TIED.
MM INDICATES DATA IS MISSING.
T  INDICATES TRACE AMOUNT.




$$
