000
CXUS53 KDLH 240637
CF6DLH
PRELIMINARY LOCAL CLIMATOLOGICAL DATA (WS FORM: F-6)

                                          STATION:   DULUTH
                                          MONTH:     JANUARY
                                          YEAR:      2019
                                          LATITUDE:   46 49 N
                                          LONGITUDE:  92 11 W

  TEMPERATURE IN F:       :PCPN:    SNOW:  WIND      :SUNSHINE: SKY     :PK WND
================================================================================
1   2   3   4   5  6A  6B    7    8   9   10  11  12  13   14  15   16   17  18
                                     12Z  AVG MX 2MIN
DY MAX MIN AVG DEP HDD CDD  WTR  SNW DPTH SPD SPD DIR MIN PSBL S-S WX    SPD DR
================================================================================

 1   9 -12  -1 -12  66   0 0.00  0.0   14  7.0 16 350   M    M   1        20 350
 2  18  -6   6  -5  59   0 0.01  0.1   14 11.9 20 240   M    M   7        24 240
 3  35  18  27  16  38   0 0.00  0.0   14 12.5 20 250   M    M   6        28 250
 4  40  27  34  24  31   0 0.00  0.0   13  8.1 14 310   M    M   3        18 300
 5  33  21  27  17  38   0 0.00  0.0   13 10.4 17 320   M    M   4 1      24 290
 6  30  17  24  14  41   0 0.05  0.8   13 15.6 28 110   M    M   7 69     36 100
 7  36  29  33  23  32   0 0.29  0.7   13 12.8 26 110   M    M   9 169    31 110
 8  32  10  21  11  44   0    T  0.2   13 18.7 30 290   M    M   8 89     39 290
 9  12   3   8  -2  57   0    T    T   12 13.1 22 310   M    M   5 8      29 310
10  20   2  11   1  54   0    T    T   12  7.9 18 120   M    M   8        22 130
11  26  20  23  13  42   0 0.00  0.0   12  7.9 14 100   M    M  10        19 100
12  28  26  27  17  38   0    T    T   12 12.2 20 110   M    M  10        27 110
13  31  26  29  19  36   0 0.00  0.0   12 10.8 20 220   M    M  10        26 220
14  31  10  21  11  44   0    T    T   12  6.3 15 270   M    M   7 168    21 260
15  26   8  17   7  48   0    T    T   12 13.8 26 270   M    M   7 1268   38 330
16  11 -10   1  -9  64   0    T    T   12  4.8 20 350   M    M   1        25 340
17  16 -11   3  -7  62   0 0.00  0.0   12  7.2 14 340   M    M   3        19 310
18   2  -9  -3 -13  68   0 0.00  0.0   12  9.7 16 350   M    M   2        21 350
19   1 -15  -7 -17  72   0 0.00  0.0   12  9.9 16 340   M    M   2        20 350
20   5 -20  -7 -17  72   0 0.01  0.1   12  4.9 10  10   M    M   4 8      15 360
21  16  -5   6  -4  59   0 0.02  0.4   12 10.4 17 140   M    M   6        22 140
22  19   3  11   1  54   0 0.26  4.6   16  7.1 14 120   M    M   9 18     17 120
23  17   7  12   2  53   0    T  0.1   15  5.3 14 330   M    M   8 8      19 340
================================================================================
SM  494  139      1172   0  0.64     7.0 228.3          M      137
================================================================================
AV 21.5  6.0                               9.9 FASTST   M    M   6    MAX(MPH)
                                 MISC ---->  # 30 290               # 39  290
================================================================================
NOTES:
# LAST OF SEVERAL OCCURRENCES

COLUMN 17 PEAK WIND IN M.P.H.

PRELIMINARY LOCAL CLIMATOLOGICAL DATA (WS FORM: F-6) , PAGE 2

                                          STATION:  DULUTH
                                          MONTH:    JANUARY
                                          YEAR:     2019
                                          LATITUDE:   46 49 N
                                          LONGITUDE:  92 11 W

[TEMPERATURE DATA]      [PRECIPITATION DATA]       SYMBOLS USED IN COLUMN 16

AVERAGE MONTHLY: 13.8   TOTAL FOR MONTH:   0.64    1 = FOG OR MIST
DPTR FM NORMAL:   3.6   DPTR FM NORMAL:   -0.11    2 = FOG REDUCING VISIBILITY
HIGHEST:    40 ON  4    GRTST 24HR  0.34 ON 31- 1      TO 1/4 MILE OR LESS
LOWEST:    -20 ON 20                               3 = THUNDER
                        SNOW, ICE PELLETS, HAIL    4 = ICE PELLETS
                        TOTAL MONTH:   7.0 INCHES  5 = HAIL
                        GRTST 24HR   4.6 ON 22-22  6 = FREEZING RAIN OR DRIZZLE
                        GRTST DEPTH:  16 ON 22     7 = DUSTSTORM OR SANDSTORM:
                                                       VSBY 1/2 MILE OR LESS
                                                   8 = SMOKE OR HAZE
[NO. OF DAYS WITH]      [WEATHER - DAYS WITH]      9 = BLOWING SNOW
                                                   X = TORNADO
MAX 32 OR BELOW:  19    0.01 INCH OR MORE:   6
MAX 90 OR ABOVE:   0    0.10 INCH OR MORE:   2
MIN 32 OR BELOW:  23    0.50 INCH OR MORE:   0
MIN  0 OR BELOW:   8    1.00 INCH OR MORE:   0

[HDD (BASE 65) ]
TOTAL THIS MO.  1172    CLEAR  (SCALE 0-3)   5
DPTR FM NORMAL   -90    PTCLDY (SCALE 4-7)  11
TOTAL FM JUL 1  4755    CLOUDY (SCALE 8-10)  7
DPTR FM NORMAL  -276

[CDD (BASE 65) ]
TOTAL THIS MO.     0
DPTR FM NORMAL     0    [PRESSURE DATA]
TOTAL FM JAN 1     0    HIGHEST SLP M ON M
DPTR FM NORMAL     0    LOWEST  SLP 29.42 ON  7

[REMARKS]
