000
CDUS43 KDTX 210536
CLIMBS


CLIMATE REPORT
NATIONAL WEATHER SERVICE DETROIT/PONTIAC MI
135 AM EDT SAT JUL 21 2018


...................................

...THE TRI CITIES MI CLIMATE SUMMARY FOR JULY 20 2018...

CLIMATE NORMAL PERIOD 1981 TO 2010
CLIMATE RECORD PERIOD 1898 TO 2018


WEATHER ITEM   OBSERVED TIME   NORMAL DEPARTURE LAST
                VALUE   (LST)  VALUE  FROM      YEAR
                                      NORMAL
......................................................
TEMPERATURE (F)
 YESTERDAY
  MAXIMUM         83    405 PM  82      1       88
  MINIMUM         64    504 AM  60      4       72
  AVERAGE         74            71      3

PRECIPITATION (IN)
  YESTERDAY        T             0.09  -0.09
  MONTH TO DATE    0.81          1.63  -0.82
  SINCE JUN 1      2.73          4.61  -1.88
  SINCE JAN 1     13.74         16.26  -2.52

SNOWFALL (IN)
  YESTERDAY        0.0           0.0    0.0      0.0
  MONTH TO DATE    0.0           0.0    0.0      0.0
  SINCE JUN 1      0.0           0.0    0.0      0.0
  SINCE JUL 1      0.0           0.0    0.0      0.0
  SNOW DEPTH       0

DEGREE DAYS
 HEATING
  YESTERDAY        0                    0
  MONTH TO DATE    0                   -2
  SINCE JUN 1     25                  -36
  SINCE JUL 1      0                   -2

 COOLING
  YESTERDAY        9                    2
  MONTH TO DATE  198                   64
  SINCE JUN 1    330                   72
  SINCE JAN 1    433                  139
......................................................


WIND (MPH)
  HIGHEST WIND SPEED    21   HIGHEST WIND DIRECTION    SE (140)
  HIGHEST GUST SPEED    27   HIGHEST GUST DIRECTION    SE (130)
  AVERAGE WIND SPEED    10.9



WEATHER CONDITIONS
 THE FOLLOWING WEATHER WAS RECORDED YESTERDAY.
  NO SIGNIFICANT WEATHER WAS OBSERVED.


RELATIVE HUMIDITY (PERCENT)
 HIGHEST    87
 LOWEST     58
 AVERAGE    73

..........................................................


THE TRI CITIES MI CLIMATE NORMALS FOR TODAY
                         NORMAL
 MAXIMUM TEMPERATURE (F)   82
 MINIMUM TEMPERATURE (F)   60


SUNRISE AND SUNSET
JULY 21 2018..........SUNRISE   615 AM EDT   SUNSET   910 PM EDT
JULY 22 2018..........SUNRISE   616 AM EDT   SUNSET   909 PM EDT


-  INDICATES NEGATIVE NUMBERS.
R  INDICATES RECORD WAS SET OR TIED.
MM INDICATES DATA IS MISSING.
T  INDICATES TRACE AMOUNT.




$$
