000
CXUS56 KHNX 050819
CLMMAE
CLIMATE REPORT
NATIONAL WEATHER SERVICE
1219 AM PST MON FEB 05 2024
...................................
...THE MADERA CA AIRPORT CLIMATE SUMMARY FOR THE MONTH OF DECEMBER 2023...
CLIMATE NORMAL PERIOD 1991 TO 2020
CLIMATE RECORD PERIOD 1898 TO 2024
WEATHER OBSERVED NORMAL DEPART LAST YEAR`S
VALUE DATE(S) VALUE FROM VALUE DATE(S)
NORMAL
................................................................
TEMPERATURE (F)
RECORD
HIGH 76 12/08/2006
LOW 16 12/12/1932
HIGHEST 74 12/06 MM 63 12/04
12/10
LOWEST 29 12/09 MM 29 12/17
MEAN 51.9 46.9 5.0 46.4
DAYS MAX >= 90 0 0.0 0.0 0
DAYS MIN <= 32 8 10.8 -2.8 6
PRECIPITATION (INCHES)
RECORD
MAXIMUM 5.82 1955
MINIMUM 0.00 1989
TOTALS 1.46 1.82 -0.36
DAYS >= .01 5 10.2 -5.2 10
DAYS >= .10 4 4.6 -0.6 5
DAYS >= .50 1 0.8 0.2 2
DAYS >= 1.00 0 0.1 -0.1 0
SNOWFALL (INCHES)
RECORDS
TOTAL MM MM
TOTALS 0.0 MM
DEGREE DAYS
HEATING TOTAL 397 559 -162 568
SINCE 7/1 749 971 -222 MM
COOLING TOTAL 0 0 0 0
SINCE 1/1 1785 1749 36 MM
................................................................
WIND (MPH)
AVERAGE WIND SPEED 4.1
HIGHEST WIND SPEED/DIRECTION 21/140 DATE 12/19
HIGHEST GUST SPEED/DIRECTION 29/130 DATE 12/19
AVERAGE RH (PERCENT) 69
WEATHER CONDITIONS. NUMBER OF DAYS WITH
THUNDERSTORM 1 RAIN 2
HAIL 0 FOG 24
FOG W/VIS <= 1/4 MILE 8 HAZE 15
- INDICATES NEGATIVE NUMBERS.
R INDICATES RECORD WAS SET OR TIED.
MM INDICATES DATA IS MISSING.
T INDICATES TRACE AMOUNT.
$$