000
CDUS43 KLSX 250728
CLIUIN


CLIMATE REPORT
NATIONAL WEATHER SERVICE ST LOUIS MO
227 AM CDT TUE SEP 25 2018


...................................

...THE QUINCY IL CLIMATE SUMMARY FOR SEPTEMBER 24 2018...

CLIMATE NORMAL PERIOD 1981 TO 2010
CLIMATE RECORD PERIOD 1901 TO 2018


WEATHER ITEM   OBSERVED TIME   RECORD YEAR NORMAL DEPARTURE LAST
                VALUE   (LST)  VALUE       VALUE  FROM      YEAR
                                                  NORMAL
..................................................................
TEMPERATURE (F)
 YESTERDAY
  MAXIMUM         77    342 PM  94    1935  74      3       91
  MINIMUM         58   1200 AM  33    1989  52      6       65
  AVERAGE         68                        63      5

PRECIPITATION (IN)
  YESTERDAY        T             4.35 1904   0.12  -0.12     0.00
  MONTH TO DATE    5.35                      2.65   2.70     0.67
  SINCE SEP 1      5.35                      2.65   2.70     0.67
  SINCE JAN 1     25.45                     28.40  -2.95    26.82

DEGREE DAYS
 HEATING
  YESTERDAY        0                         5     -5
  MONTH TO DATE    8                        49    -41
  SINCE SEP 1      8                        49    -41
  SINCE JUL 1      8                        54    -46

 COOLING
  YESTERDAY        3                         2      1
  MONTH TO DATE  214                       111    103
  SINCE SEP 1    214                       111    103
  SINCE JAN 1   1579                      1064    515
..................................................................


WIND (MPH)
  HIGHEST WIND SPEED    13   HIGHEST WIND DIRECTION    SE (130)
  HIGHEST GUST SPEED    18   HIGHEST GUST DIRECTION    SE (130)
  AVERAGE WIND SPEED     6.4


SKY COVER
  AVERAGE SKY COVER 0.8



RELATIVE HUMIDITY (PERCENT)
 HIGHEST    93          1000 PM
 LOWEST     64           100 PM
 AVERAGE    79

..........................................................


THE QUINCY IL CLIMATE NORMALS FOR TODAY
                         NORMAL    RECORD    YEAR
 MAXIMUM TEMPERATURE (F)   73        93      1920
 MINIMUM TEMPERATURE (F)   52        35      1907


SUNRISE AND SUNSET
SEPTEMBER 25 2018.....SUNRISE   655 AM CDT   SUNSET   657 PM CDT
SEPTEMBER 26 2018.....SUNRISE   656 AM CDT   SUNSET   655 PM CDT


-  INDICATES NEGATIVE NUMBERS.
R  INDICATES RECORD WAS SET OR TIED.
MM INDICATES DATA IS MISSING.
T  INDICATES TRACE AMOUNT.




$$
