000
CXUS55 KPSR 011005
CF6SDL
PRELIMINARY LOCAL CLIMATOLOGICAL DATA (WS FORM: F-6)
STATION: SCOTTSDALE AZ
MONTH: JULY
YEAR: 2021
LATITUDE: 33 37 N
LONGITUDE: 111 54 W
TEMPERATURE IN F: :PCPN: SNOW: WIND :SUNSHINE: SKY :PK WND
================================================================================
1 2 3 4 5 6A 6B 7 8 9 10 11 12 13 14 15 16 17 18
12Z AVG MX 2MIN
DY MAX MIN AVG DEP HDD CDD WTR SNW DPTH SPD SPD DIR MIN PSBL S-S WX SPD DR
================================================================================
1 106 83 95 2 0 30 0.02 M M 5.0 21 20 M M 1 3 29 10
2 103 81 92 -1 0 27 0.02 M M 4.4 16 150 M M 1 3 23 150
3 106 76 91 -2 0 26 0.36 M M 5.1 26 30 M M 2 13 33 30
4 101 78 90 -3 0 25 0.00 M M 2.6 12 260 M M 0 20 260
5 105 88 97 4 0 32 0.00 M M 3.5 13 270 M M 0 19 260
6 108 86 97 4 0 32 0.00 M M 5.4 14 230 M M 0 18 230
7 109 87 98 5 0 33 0.00 M M 4.2 13 260 M M 0 8 17 270
8 110 90 100 7 0 35 0.00 M M 4.1 15 240 M M 0 21 230
9 110 90 100 6 0 35 0.00 M M 6.4 20 150 M M 0 8 30 140
10 109 83 96 2 0 31 0.03 M M 7.9 35 30 M M 0 38 44 10
11 108 82 95 1 0 30 0.00 M M 5.4 16 250 M M 0 20 210
12 104 87 96 2 0 31 T M M 4.0 20 360 M M 0 3 30 330
13 107 85 96 2 0 31 0.00 M M 6.2 16 190 M M 0 8 22 190
14 97 76 87 -7 0 22 0.18 M M 5.8 18 270 M M 2 13 25 270
15 99 84 92 -2 0 27 0.00 M M 4.5 13 320 M M 1 3 20 290
16 98 77 88 -6 0 23 0.20 M M 5.2 25 40 M M 2 13 30 40
17 100 80 90 -4 0 25 0.00 M M 2.8 13 130 M M 1 19 140
18 100 86 93 -1 0 28 T M M 4.2 20 160 M M 0 3 26 160
19 104 86 95 1 0 30 0.00 M M 4.2 14 260 M M 0 17 180
20 107 88 98 4 0 33 0.00 M M 3.8 15 250 M M 0 3 19 250
21 106 78 92 -2 0 27 0.10 M M 5.3 18 270 M M 0 3 25 280
22 104 77 91 -2 0 26 0.08 M M 5.2 28 50 M M 2 13 36 170
23 84 71 78 -15 0 13 2.10 M M 4.3 29 50 M M 6 13 39 100
24 81 73 77 -16 0 12 0.25 M M 4.6 12 130 M M 8 1 17 130
25 80 72 76 -17 0 11 0.32 M M 4.3 10 250 M M 7 1 15 250
26 96 74 85 -8 0 20 0.00 M M 1.6 9 170 M M 0 12 200
27 103 79 91 -2 0 26 0.00 M M 4.2 17 170 M M 0 8 26 180
28 104 81 93 0 0 28 0.00 M M 3.1 9 260 M M 0 13 250
29 105 86 96 3 0 31 T M M 4.6 28 50 M M 0 34 40
30 101 79 90 -3 0 25 0.01 M M 4.9 28 210 M M 1 3 39 200
31 99 76 88 -5 0 23 0.02 M M 3.5 14 160 M M 1 3 20 150
================================================================================
SM 3154 2519 0 828 3.69 M 140.3 M 35
================================================================================
AV101.7 81.3 4.5 FASTST M M 1 MAX(MPH)
MISC ----> 35 30 44 10
================================================================================
NOTES:
# LAST OF SEVERAL OCCURRENCES
COLUMN 17 PEAK WIND IN M.P.H.
PRELIMINARY LOCAL CLIMATOLOGICAL DATA (WS FORM: F-6) , PAGE 2
STATION: SCOTTSDALE AZ
MONTH: JULY
YEAR: 2021
LATITUDE: 33 37 N
LONGITUDE: 111 54 W
[TEMPERATURE DATA] [PRECIPITATION DATA] SYMBOLS USED IN COLUMN 16
AVERAGE MONTHLY: 91.5 TOTAL FOR MONTH: 3.69 1 = FOG OR MIST
DPTR FM NORMAL: -1.9 DPTR FM NORMAL: 2.79 2 = FOG REDUCING VISIBILITY
HIGHEST: 110 ON 9, 8 GRTST 24HR 2.17 ON 22-23 TO 1/4 MILE OR LESS
LOWEST: 71 ON 23 3 = THUNDER
SNOW, ICE PELLETS, HAIL 4 = ICE PELLETS
TOTAL MONTH: M 5 = HAIL
GRTST 24HR M ON M 6 = FREEZING RAIN OR DRIZZLE
GRTST DEPTH: M ON M 7 = DUSTSTORM OR SANDSTORM:
VSBY 1/2 MILE OR LESS
8 = SMOKE OR HAZE
[NO. OF DAYS WITH] [WEATHER - DAYS WITH] 9 = BLOWING SNOW
X = TORNADO
MAX 32 OR BELOW: 0 0.01 INCH OR MORE: 13
MAX 90 OR ABOVE: 28 0.10 INCH OR MORE: 7
MIN 32 OR BELOW: 0 0.50 INCH OR MORE: 1
MIN 0 OR BELOW: 0 1.00 INCH OR MORE: 1
[HDD (BASE 65) ]
TOTAL THIS MO. 0 CLEAR (SCALE 0-3) 28
DPTR FM NORMAL 0 PTCLDY (SCALE 4-7) 3
TOTAL FM JUL 1 0 CLOUDY (SCALE 8-10) 0
DPTR FM NORMAL 0
[CDD (BASE 65) ]
TOTAL THIS MO. 828
DPTR FM NORMAL -51 [PRESSURE DATA]
TOTAL FM JAN 1 2511 HIGHEST SLP 30.08 ON 23
DPTR FM NORMAL 214 LOWEST SLP 29.58 ON 7
[REMARKS]
#FINAL-07-21#