000
CXUS55 KPSR 011005
CF6SDL
PRELIMINARY LOCAL CLIMATOLOGICAL DATA (WS FORM: F-6)
STATION: SCOTTSDALE AZ
MONTH: MAY
YEAR: 2021
LATITUDE: 33 37 N
LONGITUDE: 111 54 W
TEMPERATURE IN F: :PCPN: SNOW: WIND :SUNSHINE: SKY :PK WND
================================================================================
1 2 3 4 5 6A 6B 7 8 9 10 11 12 13 14 15 16 17 18
12Z AVG MX 2MIN
DY MAX MIN AVG DEP HDD CDD WTR SNW DPTH SPD SPD DIR MIN PSBL S-S WX SPD DR
================================================================================
1 95 69 82 8 0 17 0.00 M M 4.9 15 240 M M 0 20 240
2 91 70 81 6 0 16 0.00 M M 7.4 21 230 M M 0 28 230
3 87 65 76 1 0 11 0.00 M M 5.0 15 220 M M 0 20 210
4 92 64 78 3 0 13 0.00 M M 2.1 12 200 M M 0 17 210
5 97 65 81 5 0 16 0.00 M M 3.7 12 200 M M 0 16 210
6 99 68 84 8 0 19 0.00 M M 4.3 15 250 M M 0 23 250
7 95 71 83 7 0 18 0.00 M M 4.0 14 240 M M 0 21 230
8 91 66 79 2 0 14 0.00 M M 4.1 18 260 M M 0 23 260
9 93 67 80 3 0 15 0.00 M M 5.5 16 250 M M 0 20 250
10 93 68 81 4 0 16 0.00 M M 5.1 13 220 M M 0 18 220
11 93 66 80 2 0 15 0.00 M M 3.3 10 250 M M 0 15 240
12 98 65 82 4 0 17 0.00 M M 3.3 10 220 M M 0 16 210
13 100 69 85 7 0 20 0.00 M M 3.0 12 230 M M 0 17 170
14 99 69 84 6 0 19 0.00 M M 4.9 15 260 M M 0 19 260
15 96 74 85 6 0 20 0.00 M M 7.4 16 250 M M 0 22 160
16 90 66 78 -1 0 13 0.00 M M 6.5 18 240 M M 0 26 230
17 87 65 76 -4 0 11 0.00 M M 3.8 15 270 M M 0 20 230
18 93 68 81 1 0 16 0.00 M M 5.5 18 240 M M 0 25 270
19 98 71 85 5 0 20 0.00 M M 6.2 20 250 M M 0 26 270
20 98 72 85 5 0 20 T M M 8.5 22 200 M M 1 32 210
21 83 65 74 -7 0 9 T M M 7.8 18 250 M M 3 25 250
22 81 58 70 -11 0 5 0.00 M M 6.2 23 240 M M 0 33 250
23 86 54 70 -12 0 5 0.00 M M 3.0 12 290 M M 0 15 310
24 92 58 75 -7 0 10 0.00 M M 3.2 10 250 M M 0 17 280
25 95 64 80 -2 0 15 0.00 M M 3.2 12 190 M M 0 15 180
26 93 70 82 -1 0 17 0.00 M M 2.9 12 220 M M 0 15 220
27 98 67 83 0 0 18 0.00 M M 2.9 12 210 M M 0 15 210
28 99 67 83 0 0 18 0.00 M M 2.6 14 260 M M 0 20 260
29 99 71 85 1 0 20 0.00 M M 5.0 16 240 M M 0 22 200
30 98 71 85 1 0 20 0.00 M M 3.6 15 260 M M 0 23 260
31 99 72 86 2 0 21 0.00 M M 4.1 15 230 M M 0 19 220
================================================================================
SM 2908 2075 0 484 T M 143.0 M 4
================================================================================
AV 93.8 66.9 4.6 FASTST M M 0 MAX(MPH)
MISC ----> 23 240 33 250
================================================================================
NOTES:
# LAST OF SEVERAL OCCURRENCES
COLUMN 17 PEAK WIND IN M.P.H.
PRELIMINARY LOCAL CLIMATOLOGICAL DATA (WS FORM: F-6) , PAGE 2
STATION: SCOTTSDALE AZ
MONTH: MAY
YEAR: 2021
LATITUDE: 33 37 N
LONGITUDE: 111 54 W
[TEMPERATURE DATA] [PRECIPITATION DATA] SYMBOLS USED IN COLUMN 16
AVERAGE MONTHLY: 80.4 TOTAL FOR MONTH: T 1 = FOG OR MIST
DPTR FM NORMAL: 1.1 DPTR FM NORMAL: -0.16 2 = FOG REDUCING VISIBILITY
HIGHEST: 100 ON 13 GRTST 24HR T ON 20-20 TO 1/4 MILE OR LESS
LOWEST: 54 ON 23 3 = THUNDER
SNOW, ICE PELLETS, HAIL 4 = ICE PELLETS
TOTAL MONTH: M 5 = HAIL
GRTST 24HR M ON M 6 = FREEZING RAIN OR DRIZZLE
GRTST DEPTH: M ON M 7 = DUSTSTORM OR SANDSTORM:
VSBY 1/2 MILE OR LESS
8 = SMOKE OR HAZE
[NO. OF DAYS WITH] [WEATHER - DAYS WITH] 9 = BLOWING SNOW
X = TORNADO
MAX 32 OR BELOW: 0 0.01 INCH OR MORE: 0
MAX 90 OR ABOVE: 26 0.10 INCH OR MORE: 0
MIN 32 OR BELOW: 0 0.50 INCH OR MORE: 0
MIN 0 OR BELOW: 0 1.00 INCH OR MORE: 0
[HDD (BASE 65) ]
TOTAL THIS MO. 0 CLEAR (SCALE 0-3) 30
DPTR FM NORMAL -1 PTCLDY (SCALE 4-7) 1
TOTAL FM JUL 1 1075 CLOUDY (SCALE 8-10) 0
DPTR FM NORMAL -64
[CDD (BASE 65) ]
TOTAL THIS MO. 484
DPTR FM NORMAL 41 [PRESSURE DATA]
TOTAL FM JAN 1 832 HIGHEST SLP 30.02 ON 23
DPTR FM NORMAL 137 LOWEST SLP 29.47 ON 2
[REMARKS]
#FINAL-05-21#