000
CXUS54 KLZK 011230
CF6BVX
PRELIMINARY LOCAL CLIMATOLOGICAL DATA (WS FORM: F-6)
STATION: BATESVILLE REGIONAL AIRPORT
MONTH: JUNE
YEAR: 2023
LATITUDE: 35 43 N
LONGITUDE: 91 39 W
TEMPERATURE IN F: :PCPN: SNOW: WIND :SUNSHINE: SKY :PK WND
================================================================================
1 2 3 4 5 6A 6B 7 8 9 10 11 12 13 14 15 16 17 18
12Z AVG MX 2MIN
DY MAX MIN AVG DEP HDD CDD WTR SNW DPTH SPD SPD DIR MIN PSBL S-S WX SPD DR
================================================================================
1 89 63 76 3 0 11 0.00 M M 3.4 12 100 M M 2 18 M M
2 93 64 79 6 0 14 0.00 M M 3.6 12 90 M M 0 18 M M
3 74 66 70 -3 0 5 0.00 M M 3.3 6 320 M M 0 M M
4 93 63 78 4 0 13 T M M 3.6 7 100 M M 0 8 M M
5 93 66 80 6 0 15 0.00 M M 4.4 12 120 M M 1 20 140
6 88 62 75 1 0 10 0.00 M M 3.3 6 320 M M 0 18 M M
7 91 57 74 0 0 9 0.46 M M 4.0 10 10 M M 1 123 17 10
8 79 67 73 -2 0 8 0.17 M M 2.3 7 70 M M 4 1 M M
9 85 63 74 -1 0 9 0.06 M M 2.5 8 70 M M 3 1 M M
10 80 63 72 -3 0 7 0.28 M M 3.2 16 120 M M 4 138 23 120
11 89 65 77 1 0 12 0.01 M M 6.3 10 300 M M 3 13 33 290
12 78 59 69 -7 0 4 0.00 M M 4.1 9 290 M M 3 M M
13 82 57 70 -6 0 5 0.00 M M 4.1 10 220 M M 2 M M
14 84 65 75 -1 0 10 0.70 M M 3.9 15 100 M M 4 123 18 330
15 88 66 77 0 0 12 0.00 M M 2.6 7 240 M M 2 1 M M
16 88 67 78 1 0 13 T M M 2.6 8 30 M M 2 M M
17 90 66 78 1 0 13 0.00 M M 4.6 9 150 M M 2 M M
18 84 65 75 -2 0 10 0.44 M M 5.8 14 220 M M 4 13 23 130
19 88 63 76 -2 0 11 0.00 M M 4.3 8 290 M M 1 M M
20 91 66 79 1 0 14 0.00 M M 3.1 8 30 M M 1 1 M M
21 89 67 78 0 0 13 0.00 M M 4.5 9 50 M M 2 8 M M
22 88 67 78 0 0 13 0.00 M M 3.7 9 60 M M 3 16 99
23 92 65 79 1 0 14 0.00 M M 4.4 12 270 M M 0 M M
24 93 70 82 3 0 17 0.00 M M 5.8 13 200 M M 0 17 200
25 99 70 85 6 0 20 0.47 M M 6.3 18 230 M M 1 8 24 230
26 91 67 79 0 0 14 0.00 M M 4.8 12 270 M M 0 17 270
27 89 62 76 -3 0 11 0.00 M M 3.1 7 270 M M 0 8 M M
28 95 69 82 3 0 17 0.19 M M 5.9 13 220 M M 2 138 20 220
29 100 79 90 11 0 25 0.00 M M 7.2 17 230 M M 0 8 23 230
30 100 81 91 11 0 26 0.00 M M 6.8 14 240 M M 0 8 16 240
================================================================================
SM 2663 1970 0 375 2.78 M 127.6 M 47
================================================================================
AV 88.8 65.7 4.3 FASTST M M 2 MAX(MPH)
MISC ----> 18 230 33 290
================================================================================
NOTES:
# LAST OF SEVERAL OCCURRENCES
COLUMN 17 PEAK WIND IN M.P.H.
PRELIMINARY LOCAL CLIMATOLOGICAL DATA (WS FORM: F-6) , PAGE 2
STATION: BATESVILLE REGIONAL AIRPORT
MONTH: JUNE
YEAR: 2023
LATITUDE: 35 43 N
LONGITUDE: 91 39 W
[TEMPERATURE DATA] [PRECIPITATION DATA] SYMBOLS USED IN COLUMN 16
AVERAGE MONTHLY: 77.2 TOTAL FOR MONTH: 2.78 1 = FOG OR MIST
DPTR FM NORMAL: 0.6 DPTR FM NORMAL: -0.77 2 = FOG REDUCING VISIBILITY
HIGHEST: 100 ON 30,29 GRTST 24HR 0.70 ON 14-14 TO 1/4 MILE OR LESS
LOWEST: 57 ON 13, 7 3 = THUNDER
SNOW, ICE PELLETS, HAIL 4 = ICE PELLETS
TOTAL MONTH: M 5 = HAIL
GRTST 24HR M ON M 6 = FREEZING RAIN OR DRIZZLE
GRTST DEPTH: M ON M 7 = DUSTSTORM OR SANDSTORM:
VSBY 1/2 MILE OR LESS
8 = SMOKE OR HAZE
[NO. OF DAYS WITH] [WEATHER - DAYS WITH] 9 = BLOWING SNOW
X = TORNADO
MAX 32 OR BELOW: 0 0.01 INCH OR MORE: 9
MAX 90 OR ABOVE: 13 0.10 INCH OR MORE: 7
MIN 32 OR BELOW: 0 0.50 INCH OR MORE: 1
MIN 0 OR BELOW: 0 1.00 INCH OR MORE: 0
[HDD (BASE 65) ]
TOTAL THIS MO. 0 CLEAR (SCALE 0-3) 25
DPTR FM NORMAL -2 PTCLDY (SCALE 4-7) 5
TOTAL FM JUL 1 2580 CLOUDY (SCALE 8-10) 0
DPTR FM NORMAL -1208
[CDD (BASE 65) ]
TOTAL THIS MO. 375
DPTR FM NORMAL 27 [PRESSURE DATA]
TOTAL FM JAN 1 622 HIGHEST SLP 30.02 ON 1
DPTR FM NORMAL 91 LOWEST SLP 29.67 ON 18
[REMARKS]
#FINAL-06-23#