000
CXUS55 KGJT 011630
CF6CAG
PRELIMINARY LOCAL CLIMATOLOGICAL DATA (WS FORM: F-6)
STATION: CRAIG CO
MONTH: DECEMBER
YEAR: 2023
LATITUDE: 40 30 N
LONGITUDE: 107 32 W
TEMPERATURE IN F: :PCPN: SNOW: WIND :SUNSHINE: SKY :PK WND
================================================================================
1 2 3 4 5 6A 6B 7 8 9 10 11 12 13 14 15 16 17 18
12Z AVG MX 2MIN
DY MAX MIN AVG DEP HDD CDD WTR SNW DPTH SPD SPD DIR MIN PSBL S-S WX SPD DR
================================================================================
1 33 14 24 0 41 0 0.07 M M 2.1 12 250 M M 9 1 15 270
2 33 22 28 4 37 0 0.01 M M 15.1 26 220 M M 9 1 38 220
3 39 28 34 11 31 0 0.14 M M 10.2 30 260 M M 10 12 44 220
4 47 19 33 10 32 0 0.01 M M 5.4 20 240 M M 4 24 240
5 46 12 29 7 36 0 0.00 M M 2.1 10 70 M M 0 1 14 70
6 50 14 32 10 33 0 0.00 M M 2.1 10 60 M M 0 12 60
7 46 20 33 11 32 0 T M M 6.4 30 250 M M 6 47 240
8 31 19 25 4 40 0 0.02 M M 6.1 18 300 M M 9 1 26 290
9 26 -4 11 -10 54 0 0.03 M M 5.9 17 240 M M 7 18 21 230
10 29 -5 12 -8 53 0 T M M 5.1 15 60 M M 9 8 20 70
11 40 17 29 9 36 0 0.01 M M 2.8 10 80 M M 7 1 14 70
12 37 17 27 8 38 0 0.00 M M 1.0 8 210 M M 7 12 10 210
13 40 20 30 11 35 0 0.00 M M 2.6 12 230 M M 6 15 230
14 28 16 22 3 43 0 0.00 M M 1.7 7 60 M M 8 12 8 50
15 39 9 24 6 41 0 0.00 M M 2.3 8 100 M M 1 12 10 110
16 43 10 27 9 38 0 0.00 M M 2.6 9 50 M M 0 12 50
17 44 8 26 8 39 0 0.00 M M 1.0 6 100 M M 0 7 100
18 44 11 28 10 37 0 0.00 M M 1.7 7 220 M M 0 9 230
19 41 13 27 10 38 0 0.00 M M 1.5 6 260 M M 5 7 150
20 51 22 37 20 28 0 T M M 1.3 8 110 M M 5 10 110
21 47 21 34 17 31 0 0.00 M M 0.7 7 100 M M 5 8 110
22 45 16 31 14 34 0 0.00 M M 1.0 6 260 M M 2 12 7 90
23 34 23 29 13 36 0 0.29 M M 4.7 16 280 M M 10 1 22 280
24 25 -6 10 -6 55 0 0.04 M M 8.0 15 260 M M 9 18 19 240
25 18 -10 4 -12 61 0 0.00 M M 0.8 9 230 M M 4 12 11 230
26 23 -12 6 -10 59 0 0.00 M M 1.4 9 70 M M 6 12 80
27 23 -12 6 -10 59 0 0.00 M M 1.3 6 220 M M 0 8 240
28 24 -8 8 -8 57 0 0.00 M M 0.9 8 220 M M 2 128 9 270
29 27 -8 10 -6 55 0 0.00 M M 0.9 6 260 M M 2 128 7 250
30 36 -4 16 0 49 0 0.00 M M 1.2 7 220 M M 0 8 230
31 34 7 21 5 44 0 0.00 M M 0.6 6 250 M M 3 7 250
================================================================================
SM 1123 289 1302 0 0.62 M 100.5 M 145
================================================================================
AV 36.2 9.3 3.2 FASTST M M 5 MAX(MPH)
MISC ----> # 30 260 47 240
================================================================================
NOTES:
# LAST OF SEVERAL OCCURRENCES
COLUMN 17 PEAK WIND IN M.P.H.
PRELIMINARY LOCAL CLIMATOLOGICAL DATA (WS FORM: F-6) , PAGE 2
STATION: CRAIG CO
MONTH: DECEMBER
YEAR: 2023
LATITUDE: 40 30 N
LONGITUDE: 107 32 W
[TEMPERATURE DATA] [PRECIPITATION DATA] SYMBOLS USED IN COLUMN 16
AVERAGE MONTHLY: 22.8 TOTAL FOR MONTH: 0.62 1 = FOG OR MIST
DPTR FM NORMAL: 4.1 DPTR FM NORMAL: -0.28 2 = FOG REDUCING VISIBILITY
HIGHEST: 51 ON 20 GRTST 24HR 0.29 ON 23-23 TO 1/4 MILE OR LESS
LOWEST: -12 ON 27,26 3 = THUNDER
SNOW, ICE PELLETS, HAIL 4 = ICE PELLETS
TOTAL MONTH: M 5 = HAIL
GRTST 24HR M ON M 6 = FREEZING RAIN OR DRIZZLE
GRTST DEPTH: M ON M 7 = DUSTSTORM OR SANDSTORM:
VSBY 1/2 MILE OR LESS
8 = SMOKE OR HAZE
[NO. OF DAYS WITH] [WEATHER - DAYS WITH] 9 = BLOWING SNOW
X = TORNADO
MAX 32 OR BELOW: 10 0.01 INCH OR MORE: 9
MAX 90 OR ABOVE: 0 0.10 INCH OR MORE: 2
MIN 32 OR BELOW: 31 0.50 INCH OR MORE: 0
MIN 0 OR BELOW: 9 1.00 INCH OR MORE: 0
[HDD (BASE 65) ]
TOTAL THIS MO. 1302 CLEAR (SCALE 0-3) 11
DPTR FM NORMAL -132 PTCLDY (SCALE 4-7) 12
TOTAL FM JUL 1 3095 CLOUDY (SCALE 8-10) 8
DPTR FM NORMAL -269
[CDD (BASE 65) ]
TOTAL THIS MO. 0
DPTR FM NORMAL 0 [PRESSURE DATA]
TOTAL FM JAN 1 292 HIGHEST SLP 30.84 ON 29
DPTR FM NORMAL 75 LOWEST SLP 29.82 ON 23
[REMARKS]
#FINAL-12-23#