000
CXUS54 KEWX 011010
CF6HDO
PRELIMINARY LOCAL CLIMATOLOGICAL DATA (WS FORM: F-6)
STATION: HONDO
MONTH: OCTOBER
YEAR: 2020
LATITUDE: 29 21 N
LONGITUDE: 99 10 W
TEMPERATURE IN F: :PCPN: SNOW: WIND :SUNSHINE: SKY :PK WND
================================================================================
1 2 3 4 5 6A 6B 7 8 9 10 11 12 13 14 15 16 17 18
12Z AVG MX 2MIN
DY MAX MIN AVG DEP HDD CDD WTR SNW DPTH SPD SPD DIR MIN PSBL S-S WX SPD DR
================================================================================
1 92 48 70 -5 0 5 0.00 M M 6.0 15 130 M M 0 20 120
2 87 57 72 -2 0 7 0.00 M M 8.9 16 170 M M 0 22 70
3 89 52 71 -3 0 6 0.00 M M 8.5 18 150 M M 0 26 150
4 91 59 75 1 0 10 T M M 6.2 16 150 M M 1 22 120
5 90 58 74 0 0 9 0.00 M M 6.8 13 70 M M 0 18 180
6 92 56 74 1 0 9 0.00 M M 5.9 15 140 M M 1 19 180
7 93 58 76 3 0 11 0.00 M M 6.0 15 100 M M 0 20 110
8 91 53 72 -1 0 7 0.00 M M 6.7 12 80 M M 0 16 80
9 96 66 81 8 0 16 0.00 M M 6.0 13 30 M M 1 20 360
10 99 61 80 8 0 15 0.00 M M 5.9 12 170 M M 0 16 250
11 100 57 79 7 0 14 0.00 M M 8.4 17 170 M M 0 24 160
12 97 67 82 10 0 17 0.00 M M 7.6 20 40 M M 5 1 28 50
13 92 61 77 5 0 12 0.00 M M 6.4 15 80 M M 2 19 90
14 95 61 78 7 0 13 0.00 M M 7.6 16 190 M M 1 23 180
15 94 65 80 9 0 15 0.00 M M 10.2 28 30 M M 7 38 20
16 81 59 70 -1 0 5 0.00 M M 13.6 25 30 M M 4 33 30
17 79 59 69 -2 0 4 0.01 M M 6.3 15 160 M M 7 1 20 120
18 93 60 77 7 0 12 0.00 M M 10.4 17 150 M M 4 12 27 170
19 93 75 84 14 0 19 0.00 M M 11.1 20 150 M M 6 27 150
20 93 72 83 13 0 18 0.00 M M 12.9 21 150 M M 5 27 140
21 91 71 81 12 0 16 0.00 M M 10.3 20 140 M M 5 25 140
22 91 72 82 13 0 17 T M M 10.5 18 170 M M 5 24 160
23 90 56 73 4 0 8 T M M 11.6 28 10 M M 8 33 30
24 72 54 63 -5 2 0 0.00 M M 6.9 16 20 M M 7 20 360
25 87 52 70 2 0 5 T M M 8.8 21 130 M M 6 30 150
26 87 44 66 -2 0 1 0.09 M M 14.5 28 20 M M 8 1 36 20
27 45 41 43 -25 22 0 0.04 M M 10.3 18 360 M M 10 1 21 360
28 68 37 53 -14 12 0 0.01 M M 10.6 24 310 M M 4 1 30 300
29 71 37 54 -13 11 0 0.00 M M 13.1 29 350 M M 0 38 360
30 72 35 54 -12 11 0 0.00 M M 4.3 8 360 M M 0 11 130
31 78 36 57 -9 8 0 0.00 M M 5.6 12 200 M M 0 17 200
================================================================================
SM 2689 1739 66 271 0.15 M 267.9 M 97
================================================================================
AV 86.7 56.1 8.6 FASTST M M 3 MAX(MPH)
MISC ----> # 29 350 # 38 20
================================================================================
NOTES:
# LAST OF SEVERAL OCCURRENCES
COLUMN 17 PEAK WIND IN M.P.H.
PRELIMINARY LOCAL CLIMATOLOGICAL DATA (WS FORM: F-6) , PAGE 2
STATION: HONDO
MONTH: OCTOBER
YEAR: 2020
LATITUDE: 29 21 N
LONGITUDE: 99 10 W
[TEMPERATURE DATA] [PRECIPITATION DATA] SYMBOLS USED IN COLUMN 16
AVERAGE MONTHLY: 71.4 TOTAL FOR MONTH: 0.15 1 = FOG OR MIST
DPTR FM NORMAL: 0.7 DPTR FM NORMAL: -3.16 2 = FOG REDUCING VISIBILITY
HIGHEST: 100 ON 11 GRTST 24HR 0.09 ON 26-26 TO 1/4 MILE OR LESS
LOWEST: 35 ON 30 3 = THUNDER
SNOW, ICE PELLETS, HAIL 4 = ICE PELLETS
TOTAL MONTH: M 5 = HAIL
GRTST 24HR M ON M 6 = FREEZING RAIN OR DRIZZLE
GRTST DEPTH: M ON M 7 = DUSTSTORM OR SANDSTORM:
VSBY 1/2 MILE OR LESS
8 = SMOKE OR HAZE
[NO. OF DAYS WITH] [WEATHER - DAYS WITH] 9 = BLOWING SNOW
X = TORNADO
MAX 32 OR BELOW: 0 0.01 INCH OR MORE: 4
MAX 90 OR ABOVE: 19 0.10 INCH OR MORE: 0
MIN 32 OR BELOW: 0 0.50 INCH OR MORE: 0
MIN 0 OR BELOW: 0 1.00 INCH OR MORE: 0
[HDD (BASE 65) ]
TOTAL THIS MO. 66 CLEAR (SCALE 0-3) 16
DPTR FM NORMAL 32 PTCLDY (SCALE 4-7) 14
TOTAL FM JUL 1 67 CLOUDY (SCALE 8-10) 1
DPTR FM NORMAL 31
[CDD (BASE 65) ]
TOTAL THIS MO. 271
DPTR FM NORMAL 61 [PRESSURE DATA]
TOTAL FM JAN 1 3297 HIGHEST SLP 30.35 ON 30
DPTR FM NORMAL 430 LOWEST SLP 29.72 ON 9
[REMARKS]
#FINAL-10-20#