000
CXUS51 KPHI 010915
CF6ILG
PRELIMINARY LOCAL CLIMATOLOGICAL DATA (WS FORM: F-6)
STATION: WILMINGTON DE
MONTH: JANUARY
YEAR: 2022
LATITUDE: 39 40 N
LONGITUDE: 75 36 W
TEMPERATURE IN F: :PCPN: SNOW: WIND :SUNSHINE: SKY :PK WND
================================================================================
1 2 3 4 5 6A 6B 7 8 9 10 11 12 13 14 15 16 17 18
12Z AVG MX 2MIN
DY MAX MIN AVG DEP HDD CDD WTR SNW DPTH SPD SPD DIR MIN PSBL S-S WX SPD DR
================================================================================
1 57 49 53 18 12 0 0.53 0.0 0 3.9 22 310 M M 10 12 25 300
2 63 39 51 16 14 0 0.12 0.0 0 9.6 25 290 M M 8 1 30 280
3 39 25 32 -2 33 0 0.09 1.0 T 15.0 24 330 M M 6 12 35 320
4 34 20 27 -7 38 0 0.00 0.0 0 5.7 18 330 M M 0 24 330
5 44 25 35 1 30 0 T 0.0 0 5.9 13 200 M M 5 16 18 210
6 42 29 36 2 29 0 0.00 0.0 0 9.6 20 290 M M 1 25 290
7 32 22 27 -7 38 0 0.19 3.2 3 17.8 31 300 M M 4 19 40 300
8 35 16 26 -8 39 0 0.00 0.0 0 6.9 18 280 M M 0 22 280
9 43 27 35 1 30 0 0.24 0.0 0 9.4 20 320 M M 7 1 27 320
10 39 24 32 -2 33 0 0.00 0.0 0 15.6 25 310 M M 2 34 310
11 26 16 21 -13 44 0 T T 0 10.5 24 350 M M 1 32 350
12 43 18 31 -3 34 0 0.00 0.0 0 7.3 22 210 M M 0 29 210
13 49 26 38 5 27 0 0.00 0.0 0 2.4 8 350 M M 1 9 350
14 49 24 37 4 28 0 0.00 0.0 0 14.6 26 330 M M 2 41 320
15 26 13 20 -13 45 0 0.00 0.0 0 12.1 23 340 M M 1 29 350
16 42 11 27 -6 38 0 0.79 1.0 1 14.1 28 50 M M 5 16 38 50
17 49 33 41 8 24 0 0.67 T 0 18.3 30 290 M M 10 1 40 250
18 41 25 33 0 32 0 0.00 0.0 0 12.6 25 290 M M 5 33 300
19 51 25 38 5 27 0 0.00 0.0 0 8.7 18 220 M M 2 25 220
20 46 22 34 1 31 0 0.23 T 0 9.5 21 360 M M 7 1 30 10
21 27 16 22 -11 43 0 0.00 0.0 0 12.2 21 350 M M 0 26 20
22 34 14 24 -9 41 0 0.00 0.0 0 6.3 15 10 M M 1 18 360
23 39 19 29 -4 36 0 0.00 0.0 0 4.1 13 260 M M 4 17 270
24 37 23 30 -3 35 0 0.00 0.0 0 6.8 18 160 M M 4 21 160
25 47 29 38 5 27 0 0.00 0.0 0 7.6 21 320 M M 7 18 25 320
26 32 17 25 -8 40 0 0.00 0.0 0 8.3 17 310 M M 1 23 320
27 33 12 23 -10 42 0 0.00 0.0 0 5.4 13 140 M M 1 17 160
28 35 29 32 -1 33 0 0.10 1.1 0 5.7 15 10 M M 10 18 19 20
29 30 15 23 -10 42 0 0.15 2.3 3 19.9 30 320 M M 7 129 37 330
30 27 10 19 -14 46 0 0.00 0.0 3 6.4 20 320 M M 2 25 320
31 35 20 28 -5 37 0 0.00 0.0 3 6.8 12 60 M M 3 14 50
================================================================================
SM 1226 693 1048 0 3.11 8.6 299.0 M 117
================================================================================
AV 39.5 22.4 9.6 FASTST M M 4 MAX(MPH)
MISC ----> 31 300 41 320
================================================================================
NOTES:
# LAST OF SEVERAL OCCURRENCES
COLUMN 17 PEAK WIND IN M.P.H.
PRELIMINARY LOCAL CLIMATOLOGICAL DATA (WS FORM: F-6) , PAGE 2
STATION: WILMINGTON DE
MONTH: JANUARY
YEAR: 2022
LATITUDE: 39 40 N
LONGITUDE: 75 36 W
[TEMPERATURE DATA] [PRECIPITATION DATA] SYMBOLS USED IN COLUMN 16
AVERAGE MONTHLY: 31.0 TOTAL FOR MONTH: 3.11 1 = FOG OR MIST
DPTR FM NORMAL: -2.5 DPTR FM NORMAL: -0.12 2 = FOG REDUCING VISIBILITY
HIGHEST: 63 ON 2 GRTST 24HR 1.93 ON 16-17 TO 1/4 MILE OR LESS
LOWEST: 10 ON 30 3 = THUNDER
SNOW, ICE PELLETS, HAIL 4 = ICE PELLETS
TOTAL MONTH: 8.6 INCHES 5 = HAIL
GRTST 24HR 3.2 ON 7- 7 6 = FREEZING RAIN OR DRIZZLE
GRTST DEPTH: 3 ON 31,30 7 = DUSTSTORM OR SANDSTORM:
VSBY 1/2 MILE OR LESS
8 = SMOKE OR HAZE
[NO. OF DAYS WITH] [WEATHER - DAYS WITH] 9 = BLOWING SNOW
X = TORNADO
MAX 32 OR BELOW: 7 0.01 INCH OR MORE: 10
MAX 90 OR ABOVE: 0 0.10 INCH OR MORE: 9
MIN 32 OR BELOW: 28 0.50 INCH OR MORE: 3
MIN 0 OR BELOW: 0 1.00 INCH OR MORE: 0
[HDD (BASE 65) ]
TOTAL THIS MO. 1048 CLEAR (SCALE 0-3) 16
DPTR FM NORMAL 72 PTCLDY (SCALE 4-7) 12
TOTAL FM JUL 1 2456 CLOUDY (SCALE 8-10) 3
DPTR FM NORMAL -210
[CDD (BASE 65) ]
TOTAL THIS MO. 0
DPTR FM NORMAL 0 [PRESSURE DATA]
TOTAL FM JAN 1 0 HIGHEST SLP 30.66 ON 8
DPTR FM NORMAL 0 LOWEST SLP 29.10 ON 17
[REMARKS]
#FINAL-01-22#