000
CXUS54 KFWD 010731
CF6JWY
PRELIMINARY LOCAL CLIMATOLOGICAL DATA (WS FORM: F-6)
STATION: WAXAHACHIE
MONTH: APRIL
YEAR: 2023
LATITUDE: 32 27 N
LONGITUDE: 96 54 W
TEMPERATURE IN F: :PCPN: SNOW: WIND :SUNSHINE: SKY :PK WND
================================================================================
1 2 3 4 5 6A 6B 7 8 9 10 11 12 13 14 15 16 17 18
12Z AVG MX 2MIN
DY MAX MIN AVG DEP HDD CDD WTR SNW DPTH SPD SPD DIR MIN PSBL S-S WX SPD DR
================================================================================
1 75 49 62 2 3 0 0.00 M M 3.7 13 10 M M 1 17 10
2 78 54 66 6 0 1 0.00 M M 7.3 18 190 M M 4 26 190
3 91 67 79 19 0 14 0.00 M M 12.4 21 190 M M 3 1 29 190
4 83 70 77 16 0 12 0.00 M M 14.2 18 190 M M 8 28 180
5 76 46 61 0 4 0 0.38 M M 10.4 16 180 M M 5 18 40 230
6 54 47 51 -10 14 0 0.00 M M 7.6 13 40 M M 4 20 30
7 58 52 55 -7 10 0 0.00 M M 6.3 10 40 M M 10 18 10
8 71 51 61 -1 4 0 0.00 M M 1.5 6 60 M M 6 1 M M
9 70 51 61 -1 4 0 0.00 M M 0.6 6 120 M M 8 1 M M
10 73 56 65 3 0 0 0.00 M M 2.2 7 60 M M 6 M M
11 75 48 62 -1 3 0 0.00 M M 1.2 6 90 M M 4 1 M M
12 78 48 63 0 2 0 0.00 M M 3.0 10 160 M M 3 16 160
13 79 49 64 1 1 0 0.00 M M 6.3 9 170 M M 2 17 190
14 78 56 67 3 0 2 0.00 M M 10.6 20 170 M M 8 28 190
15 82 57 70 6 0 5 0.00 M M 11.7 17 320 M M 4 26 310
16 72 43 58 -6 7 0 0.00 M M 5.1 13 340 M M 1 24 350
17 79 46 63 -1 2 0 0.00 M M 6.4 15 170 M M 0 22 200
18 73 57 65 0 0 0 0.00 M M 10.0 17 160 M M 5 24 160
19 84 64 74 9 0 9 0.00 M M 14.9 23 180 M M 8 37 180
20 86 62 74 9 0 9 0.18 M M 11.1 18 210 M M 9 8 25 170
21 76 53 65 -1 0 0 0.03 M M 5.9 14 20 M M 1 28 20
22 76 47 62 -4 3 0 T M M 5.6 14 40 M M 5 23 50
23 53 44 49 -17 16 0 0.11 M M 6.4 13 50 M M 7 20 40
24 69 44 57 -9 8 0 0.01 M M 3.7 12 150 M M 5 17 150
25 70 58 64 -3 1 0 0.02 M M 4.3 9 160 M M 10 M M
26 63 57 60 -7 5 0 0.37 M M 6.7 16 360 M M 10 20 360
27 69 53 61 -6 4 0 0.05 M M 5.3 14 290 M M 8 1 21 300
28 71 50 61 -7 4 0 0.03 M M 6.8 20 350 M M 8 1 31 340
29 70 52 61 -7 4 0 0.01 M M 12.9 22 340 M M 6 30 330
30 83 51 67 -1 0 2 0.00 M M 5.2 9 300 M M 0 M M
================================================================================
SM 2215 1582 99 54 1.19 M 209.5 M 159
================================================================================
AV 73.8 52.7 7.0 FASTST M M 5 MAX(MPH)
MISC ----> 23 180 40 230
================================================================================
NOTES:
# LAST OF SEVERAL OCCURRENCES
COLUMN 17 PEAK WIND IN M.P.H.
PRELIMINARY LOCAL CLIMATOLOGICAL DATA (WS FORM: F-6) , PAGE 2
STATION: WAXAHACHIE
MONTH: APRIL
YEAR: 2023
LATITUDE: 32 27 N
LONGITUDE: 96 54 W
[TEMPERATURE DATA] [PRECIPITATION DATA] SYMBOLS USED IN COLUMN 16
AVERAGE MONTHLY: 63.3 TOTAL FOR MONTH: 1.19 1 = FOG OR MIST
DPTR FM NORMAL: -0.6 DPTR FM NORMAL: -2.15 2 = FOG REDUCING VISIBILITY
HIGHEST: 91 ON 3 GRTST 24HR 0.38 ON 5- 5 TO 1/4 MILE OR LESS
LOWEST: 43 ON 16 3 = THUNDER
SNOW, ICE PELLETS, HAIL 4 = ICE PELLETS
TOTAL MONTH: M 5 = HAIL
GRTST 24HR M ON M 6 = FREEZING RAIN OR DRIZZLE
GRTST DEPTH: M ON M 7 = DUSTSTORM OR SANDSTORM:
VSBY 1/2 MILE OR LESS
8 = SMOKE OR HAZE
[NO. OF DAYS WITH] [WEATHER - DAYS WITH] 9 = BLOWING SNOW
X = TORNADO
MAX 32 OR BELOW: 0 0.01 INCH OR MORE: 10
MAX 90 OR ABOVE: 1 0.10 INCH OR MORE: 4
MIN 32 OR BELOW: 0 0.50 INCH OR MORE: 0
MIN 0 OR BELOW: 0 1.00 INCH OR MORE: 0
[HDD (BASE 65) ]
TOTAL THIS MO. 99 CLEAR (SCALE 0-3) 6
DPTR FM NORMAL -6 PTCLDY (SCALE 4-7) 19
TOTAL FM JUL 1 1996 CLOUDY (SCALE 8-10) 5
DPTR FM NORMAL -526
[CDD (BASE 65) ]
TOTAL THIS MO. 54
DPTR FM NORMAL -20 [PRESSURE DATA]
TOTAL FM JAN 1 127 HIGHEST SLP M ON M
DPTR FM NORMAL 36 LOWEST SLP M ON M
[REMARKS]
#FINAL-04-23#