000
CXUS53 KOAX 010930
CF6LNK
PRELIMINARY LOCAL CLIMATOLOGICAL DATA (WS FORM: F-6)
STATION: LINCOLN NE
MONTH: MARCH
YEAR: 2021
LATITUDE: 40 50 N
LONGITUDE: 96 45 W
TEMPERATURE IN F: :PCPN: SNOW: WIND :SUNSHINE: SKY :PK WND
================================================================================
1 2 3 4 5 6A 6B 7 8 9 10 11 12 13 14 15 16 17 18
12Z AVG MX 2MIN
DY MAX MIN AVG DEP HDD CDD WTR SNW DPTH SPD SPD DIR MIN PSBL S-S WX SPD DR
================================================================================
1 47 23 35 1 30 0 0.00 0.0 0 6.6 18 340 M M 0 25 340
2 64 26 45 11 20 0 0.00 0.0 0 10.2 29 210 M M 0 37 220
3 69 24 47 12 18 0 0.00 0.0 0 3.6 14 70 M M 0 16 70
4 70 26 48 13 17 0 0.00 0.0 0 9.4 18 80 M M 0 26 120
5 61 30 46 10 19 0 0.00 0.0 0 3.8 9 120 M M 0 18 12 90
6 71 25 48 12 17 0 0.00 0.0 0 6.6 16 190 M M 0 23 190
7 72 43 58 21 7 0 0.00 0.0 0 18.0 32 200 M M 0 42 200
8 74 37 56 19 9 0 0.00 0.0 0 10.9 25 190 M M 0 34 180
9 77 48 63 26 2 0 0.00 0.0 0 16.5 28 180 M M 0 37 190
10 75 36 56 18 9 0 0.00 0.0 0 23.3 43 230 M M 3 58 210
11 58 33 46 8 19 0 0.00 0.0 0 6.8 16 310 M M 0 21 320
12 53 25 39 0 26 0 0.00 0.0 0 8.0 16 110 M M 3 22 90
13 52 43 48 9 17 0 0.79 0.0 0 11.2 24 70 M M 10 1 31 70
14 45 41 43 4 22 0 2.97 0.0 0 20.7 37 90 M M 10 1 61 80
15 43 39 41 1 24 0 0.03 0.0 0 10.9 21 110 M M 10 1 28 120
16 47 39 43 3 22 0 T 0.0 0 5.5 13 310 M M 10 1 16 300
17 42 35 39 -2 26 0 0.02 0.0 0 19.6 31 360 M M 10 18 38 360
18 54 27 41 0 24 0 0.00 0.0 0 16.0 29 20 M M 3 36 360
19 57 21 39 -2 26 0 0.00 0.0 0 7.0 18 170 M M 0 24 180
20 67 32 50 8 15 0 0.00 0.0 0 16.9 31 170 M M 0 38 170
21 65 38 52 10 13 0 0.00 0.0 0 17.3 36 190 M M 4 8 47 190
22 49 42 46 4 19 0 0.63 0.0 0 11.3 22 50 M M 9 1 27 50
23 57 46 52 9 13 0 0.79 0.0 0 12.4 23 330 M M 10 1 32 340
24 53 40 47 4 18 0 T 0.0 0 14.7 26 350 M M 8 36 340
25 50 33 42 -2 23 0 T 0.0 0 4.4 12 30 M M 9 23 90
26 58 28 43 -1 22 0 T 0.0 0 8.2 22 130 M M 3 1 30 130
27 59 38 49 5 16 0 T 0.0 0 14.9 28 330 M M 6 18 37 330
28 65 31 48 3 17 0 0.00 0.0 0 8.5 21 190 M M 1 30 200
29 79 50 65 20 0 0 0.00 0.0 0 20.5 29 340 M M 0 53 210
30 53 26 40 -6 25 0 0.00 0.0 0 17.5 37 10 M M 3 53 360
31 53 23 38 -8 27 0 0.00 0.0 0 10.7 26 330 M M 1 38 320
================================================================================
SM 1839 1048 562 0 5.23 0.0 371.9 M 113
================================================================================
AV 59.3 33.8 12.0 FASTST M M 4 MAX(MPH)
MISC ----> 43 230 61 80
================================================================================
NOTES:
# LAST OF SEVERAL OCCURRENCES
COLUMN 17 PEAK WIND IN M.P.H.
PRELIMINARY LOCAL CLIMATOLOGICAL DATA (WS FORM: F-6) , PAGE 2
STATION: LINCOLN NE
MONTH: MARCH
YEAR: 2021
LATITUDE: 40 50 N
LONGITUDE: 96 45 W
[TEMPERATURE DATA] [PRECIPITATION DATA] SYMBOLS USED IN COLUMN 16
AVERAGE MONTHLY: 46.6 TOTAL FOR MONTH: 5.23 1 = FOG OR MIST
DPTR FM NORMAL: 6.5 DPTR FM NORMAL: 3.30 2 = FOG REDUCING VISIBILITY
HIGHEST: 79 ON 29 GRTST 24HR 3.30 ON 13-14 TO 1/4 MILE OR LESS
LOWEST: 21 ON 19 3 = THUNDER
SNOW, ICE PELLETS, HAIL 4 = ICE PELLETS
TOTAL MONTH: 0.0 INCH 5 = HAIL
GRTST 24HR 0.0 6 = FREEZING RAIN OR DRIZZLE
GRTST DEPTH: 0 7 = DUSTSTORM OR SANDSTORM:
VSBY 1/2 MILE OR LESS
8 = SMOKE OR HAZE
[NO. OF DAYS WITH] [WEATHER - DAYS WITH] 9 = BLOWING SNOW
X = TORNADO
MAX 32 OR BELOW: 0 0.01 INCH OR MORE: 6
MAX 90 OR ABOVE: 0 0.10 INCH OR MORE: 4
MIN 32 OR BELOW: 14 0.50 INCH OR MORE: 4
MIN 0 OR BELOW: 0 1.00 INCH OR MORE: 1
[HDD (BASE 65) ]
TOTAL THIS MO. 562 CLEAR (SCALE 0-3) 18
DPTR FM NORMAL -211 PTCLDY (SCALE 4-7) 5
TOTAL FM JUL 1 5363 CLOUDY (SCALE 8-10) 8
DPTR FM NORMAL -112
[CDD (BASE 65) ]
TOTAL THIS MO. 0
DPTR FM NORMAL -1 [PRESSURE DATA]
TOTAL FM JAN 1 0 HIGHEST SLP 30.58 ON 31
DPTR FM NORMAL -1 LOWEST SLP 29.40 ON 29
[REMARKS]
#FINAL-03-21#