000
CXUS56 KLKN 011040
CF6P68
PRELIMINARY LOCAL CLIMATOLOGICAL DATA (WS FORM: F-6)
STATION: EUREKA AIRPORT NV
MONTH: MAY
YEAR: 2021
LATITUDE: 39 30 N
LONGITUDE: 115 58 W
TEMPERATURE IN F: :PCPN: SNOW: WIND :SUNSHINE: SKY :PK WND
================================================================================
1 2 3 4 5 6A 6B 7 8 9 10 11 12 13 14 15 16 17 18
12Z AVG MX 2MIN
DY MAX MIN AVG DEP HDD CDD WTR SNW DPTH SPD SPD DIR MIN PSBL S-S WX SPD DR
================================================================================
1 78 45 62 15 3 0 0.00 M M 10.3 24 310 M M M 36 280
2 59 35 47 -1 18 0 0.00 M M 10.8 26 320 M M M 33 320
3 61 23 42 -6 23 0 0.00 M M 8.0 20 360 M M M 25 340
4 73 30 52 4 13 0 0.00 M M 8.2 22 300 M M M 29 300
5 77 31 54 6 11 0 0.00 M M 4.4 16 160 M M M 22 170
6 83 42 63 14 2 0 0.00 M M 11.0 31 180 M M M 48 150
7 71 35 53 4 12 0 0.00 M M 8.8 25 270 M M M 34 270
8 61 25 43 -6 22 0 0.00 M M 8.8 21 10 M M M 27 20
9 62 28 45 -5 20 0 0.00 M M 7.2 18 360 M M M 23 360
10 61 32 47 -3 18 0 0.00 M M 8.9 21 330 M M M 28 10
11 66 23 45 -5 20 0 0.00 M M 6.1 14 20 M M M 18 30
12 78 25 52 1 13 0 0.00 M M 6.2 18 300 M M M 25 280
13 82 38 60 9 5 0 0.00 M M 7.9 26 160 M M M 35 160
14 80 36 58 7 7 0 0.00 M M 7.1 37 190 M M M 44 180
15 66 41 54 2 11 0 0.26 M M 10.0 36 220 M M M 48 220
16 63 36 50 -2 15 0 0.13 M M 6.3 29 150 M M M 38 150
17 70 34 52 0 13 0 0.08 M M 6.1 14 30 M M M 22 50
18 78 42 60 7 5 0 0.00 M M 7.5 21 290 M M M 29 290
19 79 40 60 7 5 0 0.00 M M 9.4 26 250 M M M 34 250
20 62 32 47 -6 18 0 0.01 M M 9.8 24 300 M M M 32 350
21 39 30 35 -19 30 0 0.61 M M 6.2 14 230 M M M 19 220
22 46 34 40 -14 25 0 0.37 M M 5.1 18 120 M M M 28 70
23 50 34 42 -12 23 0 0.11 M M 8.5 23 240 M M M 29 270
24 65 32 49 -6 16 0 0.00 M M 7.7 16 310 M M M 21 310
25 73 43 58 3 7 0 0.00 M M 6.2 24 270 M M M 32 260
26 70 33 52 -3 13 0 0.00 M M 5.0 15 50 M M M 21 10
27 81 37 59 3 6 0 0.00 M M 5.9 21 280 M M M 32 280
28 80 40 60 4 5 0 0.00 M M 7.1 22 30 M M M 26 30
29 77 45 61 5 4 0 0.00 M M 7.2 31 200 M M M 38 200
30 77 38 58 2 7 0 0.00 M M 7.1 18 10 M M M 25 20
31 79 39 59 2 6 0 0.00 M M 5.2 17 10 M M M 20 20
================================================================================
SM 2147 1078 396 0 1.57 M 234.0 M M
================================================================================
AV 69.3 34.8 7.5 FASTST M M M MAX(MPH)
MISC ----> 37 190 # 48 150
================================================================================
NOTES:
# LAST OF SEVERAL OCCURRENCES
COLUMN 17 PEAK WIND IN M.P.H.
PRELIMINARY LOCAL CLIMATOLOGICAL DATA (WS FORM: F-6) , PAGE 2
STATION: EUREKA AIRPORT NV
MONTH: MAY
YEAR: 2021
LATITUDE: 39 30 N
LONGITUDE: 115 58 W
[TEMPERATURE DATA] [PRECIPITATION DATA] SYMBOLS USED IN COLUMN 16
AVERAGE MONTHLY: 52.0 TOTAL FOR MONTH: 1.57 1 = FOG OR MIST
DPTR FM NORMAL: 0.0 DPTR FM NORMAL: 0.41 2 = FOG REDUCING VISIBILITY
HIGHEST: 83 ON 6 GRTST 24HR 0.62 ON 20-21 TO 1/4 MILE OR LESS
LOWEST: 23 ON 11, 3 3 = THUNDER
SNOW, ICE PELLETS, HAIL 4 = ICE PELLETS
TOTAL MONTH: M 5 = HAIL
GRTST 24HR M ON M 6 = FREEZING RAIN OR DRIZZLE
GRTST DEPTH: M ON M 7 = DUSTSTORM OR SANDSTORM:
VSBY 1/2 MILE OR LESS
8 = SMOKE OR HAZE
[NO. OF DAYS WITH] [WEATHER - DAYS WITH] 9 = BLOWING SNOW
X = TORNADO
MAX 32 OR BELOW: 0 0.01 INCH OR MORE: 7
MAX 90 OR ABOVE: 0 0.10 INCH OR MORE: 5
MIN 32 OR BELOW: 11 0.50 INCH OR MORE: 1
MIN 0 OR BELOW: 0 1.00 INCH OR MORE: 0
[HDD (BASE 65) ]
TOTAL THIS MO. 396 CLEAR (SCALE 0-3) 0
DPTR FM NORMAL -11 PTCLDY (SCALE 4-7) 0
TOTAL FM JUL 1 6803 CLOUDY (SCALE 8-10) 31
DPTR FM NORMAL -212
[CDD (BASE 65) ]
TOTAL THIS MO. 0
DPTR FM NORMAL -4 [PRESSURE DATA]
TOTAL FM JAN 1 0 HIGHEST SLP 30.19 ON 24
DPTR FM NORMAL -4 LOWEST SLP 29.44 ON 19
[REMARKS]
#FINAL-05-21#