000
CXUS56 KPDT 011810
CF6PDT
PRELIMINARY LOCAL CLIMATOLOGICAL DATA (WS FORM: F-6)
STATION: PENDLETON OR
MONTH: OCTOBER
YEAR: 2021
LATITUDE: 45 40 N
LONGITUDE: 118 51 W
TEMPERATURE IN F: :PCPN: SNOW: WIND :SUNSHINE: SKY :PK WND
================================================================================
1 2 3 4 5 6A 6B 7 8 9 10 11 12 13 14 15 16 17 18
12Z AVG MX 2MIN
DY MAX MIN AVG DEP HDD CDD WTR SNW DPTH SPD SPD DIR MIN PSBL S-S WX SPD DR
================================================================================
1 68 42 55 -3 10 0 0.00 0.0 0 6.1 15 340 M M 3 20 320
2 70 38 54 -4 11 0 0.00 0.0 0 5.9 14 310 M M 0 18 320
3 76 45 61 4 4 0 0.00 0.0 0 6.9 15 300 M M 0 20 260
4 74 46 60 3 5 0 0.00 0.0 0 5.5 12 140 M M 0 14 130
5 73 47 60 4 5 0 0.00 0.0 0 10.8 22 250 M M 1 29 290
6 62 38 50 -6 15 0 0.02 0.0 0 9.0 24 260 M M 4 31 260
7 63 33 48 -7 17 0 0.00 0.0 0 5.4 13 20 M M 2 19 30
8 62 35 49 -6 16 0 0.00 0.0 0 4.6 12 320 M M 3 15 320
9 65 37 51 -3 14 0 T 0.0 0 9.6 23 250 M M 1 33 250
10 62 44 53 -1 12 0 T 0.0 0 17.1 31 260 M M 6 41 260
11 56 30 43 -11 22 0 0.00 0.0 0 8.2 22 260 M M 4 27 260
12 55 26 41 -12 24 0 0.00 0.0 0 5.4 15 280 M M 2 20 280
13 56 41 49 -4 16 0 0.04 0.0 0 14.5 28 260 M M 7 1 37 260
14 61 41 51 -1 14 0 T 0.0 0 8.2 21 250 M M 7 26 250
15 69 43 56 4 9 0 0.00 0.0 0 6.8 12 310 M M 1 8 13 310
16 71 38 55 4 10 0 0.00 0.0 0 6.8 15 310 M M 0 20 300
17 73 40 57 6 8 0 0.00 0.0 0 6.9 18 270 M M 0 24 280
18 64 40 52 2 13 0 0.00 0.0 0 6.1 18 270 M M 0 29 290
19 68 35 52 2 13 0 0.00 0.0 0 6.4 16 140 M M 0 8 21 40
20 67 48 58 8 7 0 T 0.0 0 11.4 32 210 M M 6 42 220
21 78 43 61 12 4 0 T 0.0 0 9.4 36 260 M M 1 8 47 270
22 57 49 53 4 12 0 0.56 0.0 0 8.8 35 270 M M 10 1 45 280
23 62 45 54 6 11 0 T 0.0 0 5.9 17 200 M M 7 22 190
24 63 47 55 7 10 0 0.21 0.0 0 16.1 32 140 M M 7 1 43 150
25 62 39 51 3 14 0 T 0.0 0 7.1 18 280 M M 5 24 270
26 62 46 54 7 11 0 T 0.0 0 11.0 28 240 M M 8 36 190
27 58 48 53 6 12 0 0.01 0.0 0 9.7 24 250 M M 8 32 260
28 76 47 62 15 3 0 0.00 0.0 0 11.9 28 200 M M 6 43 200
29 68 36 52 6 13 0 0.19 0.0 0 8.1 21 290 M M 7 1 26 280
30 48 31 40 -6 25 0 0.00 0.0 0 3.5 10 40 M M 4 13 40
31 42 34 38 -8 27 0 T M M 4.6 12 290 M M 9 18 13 290
================================================================================
SM 1991 1252 387 0 1.03 0.0 257.7 M 119
================================================================================
AV 64.2 40.4 8.3 FASTST M M 4 MAX(MPH)
MISC ----> 36 260 47 270
================================================================================
NOTES:
# LAST OF SEVERAL OCCURRENCES
COLUMN 17 PEAK WIND IN M.P.H.
PRELIMINARY LOCAL CLIMATOLOGICAL DATA (WS FORM: F-6) , PAGE 2
STATION: PENDLETON OR
MONTH: OCTOBER
YEAR: 2021
LATITUDE: 45 40 N
LONGITUDE: 118 51 W
[TEMPERATURE DATA] [PRECIPITATION DATA] SYMBOLS USED IN COLUMN 16
AVERAGE MONTHLY: 52.3 TOTAL FOR MONTH: 1.03 1 = FOG OR MIST
DPTR FM NORMAL: 0.8 DPTR FM NORMAL: -0.06 2 = FOG REDUCING VISIBILITY
HIGHEST: 78 ON 21 GRTST 24HR 0.56 ON 22-22 TO 1/4 MILE OR LESS
LOWEST: 26 ON 12 3 = THUNDER
SNOW, ICE PELLETS, HAIL 4 = ICE PELLETS
TOTAL MONTH: 0.0 INCH 5 = HAIL
GRTST 24HR 0.0 6 = FREEZING RAIN OR DRIZZLE
GRTST DEPTH: 0 7 = DUSTSTORM OR SANDSTORM:
VSBY 1/2 MILE OR LESS
8 = SMOKE OR HAZE
[NO. OF DAYS WITH] [WEATHER - DAYS WITH] 9 = BLOWING SNOW
X = TORNADO
MAX 32 OR BELOW: 0 0.01 INCH OR MORE: 6
MAX 90 OR ABOVE: 0 0.10 INCH OR MORE: 3
MIN 32 OR BELOW: 3 0.50 INCH OR MORE: 1
MIN 0 OR BELOW: 0 1.00 INCH OR MORE: 0
[HDD (BASE 65) ]
TOTAL THIS MO. 387 CLEAR (SCALE 0-3) 15
DPTR FM NORMAL -36 PTCLDY (SCALE 4-7) 13
TOTAL FM JUL 1 485 CLOUDY (SCALE 8-10) 3
DPTR FM NORMAL -67
[CDD (BASE 65) ]
TOTAL THIS MO. 0
DPTR FM NORMAL -3 [PRESSURE DATA]
TOTAL FM JAN 1 1003 HIGHEST SLP 30.28 ON 27
DPTR FM NORMAL 366 LOWEST SLP 29.16 ON 24
[REMARKS]
#FINAL-10-21#