000
CXUS56 KLOX 011155
CF6PMD
PRELIMINARY LOCAL CLIMATOLOGICAL DATA (WS FORM: F-6)
STATION: PALMDALE AIRPORT CA
MONTH: JULY
YEAR: 2022
LATITUDE: 34 37 N
LONGITUDE: 118 5 W
TEMPERATURE IN F: :PCPN: SNOW: WIND :SUNSHINE: SKY :PK WND
================================================================================
1 2 3 4 5 6A 6B 7 8 9 10 11 12 13 14 15 16 17 18
12Z AVG MX 2MIN
DY MAX MIN AVG DEP HDD CDD WTR SNW DPTH SPD SPD DIR MIN PSBL S-S WX SPD DR
================================================================================
1 95 69 82 2 0 17 0.00 M M 15.6 30 230 M M 0 36 220
2 93 71 82 2 0 17 0.00 M M 15.2 29 220 M M 0 37 200
3 88 61 75 -6 0 10 0.00 M M 13.1 28 240 M M 0 35 250
4 87 60 74 -7 0 9 0.00 M M 11.7 24 230 M M 0 30 220
5 88 64 76 -5 0 11 0.00 M M 14.8 25 240 M M 0 32 240
6 90 63 77 -4 0 12 0.00 M M 14.4 30 250 M M 0 37 230
7 98 62 80 -2 0 15 0.00 M M 9.3 25 220 M M 0 36 220
8 96 67 82 0 0 17 0.00 M M 12.6 28 220 M M 0 36 220
9 97 70 84 2 0 19 0.00 M M 11.5 23 260 M M 0 29 280
10 100 63 82 0 0 17 0.00 M M 8.5 21 280 M M 0 26 280
11 104 65 85 3 0 20 0.00 M M 8.2 23 250 M M 0 30 210
12 100 71 86 4 0 21 0.00 M M 11.7 26 220 M M 0 34 210
13 102 66 84 1 0 19 0.00 M M 11.0 26 240 M M 0 33 250
14 106 73 90 7 0 25 0.00 M M 9.0 25 220 M M 1 3 36 220
15 106 74 90 7 0 25 0.00 M M 8.5 23 250 M M 1 31 260
16 107 73 90 7 0 25 0.00 M M 9.8 28 230 M M 0 36 230
17 106 77 92 9 0 27 0.00 M M 13.3 25 220 M M 0 3 35 260
18 101 81 91 8 0 26 0.00 M M 13.2 28 220 M M 0 38 240
19 100 74 87 4 0 22 0.00 M M 13.2 28 240 M M 0 35 250
20 100 76 88 5 0 23 0.00 M M 14.8 29 220 M M 0 33 220
21 103 72 88 5 0 23 0.00 M M 11.7 26 270 M M 0 35 250
22 104 75 90 7 0 25 0.00 M M 16.0 32 270 M M 0 44 290
23 103 70 87 4 0 22 0.00 M M 10.6 22 260 M M 0 28 260
24 102 72 87 3 0 22 0.00 M M 12.7 28 240 M M 0 33 220
25 100 70 85 1 0 20 0.00 M M 9.3 23 210 M M 0 30 210
26 99 70 85 1 0 20 0.00 M M 12.0 26 220 M M 0 37 220
27 101 73 87 3 0 22 0.00 M M 12.9 24 240 M M 0 30 240
28 100 74 87 3 0 22 0.00 M M 9.0 22 210 M M 0 27 200
29 101 75 88 5 0 23 T M M 9.6 24 220 M M 0 29 220
30 99 74 87 4 0 22 0.01 M M 8.1 25 210 M M 1 30 230
31 98 77 88 5 0 23 T M M 10.7 24 240 M M 3 41 220
================================================================================
SM 3074 2182 0 621 0.01 M 362.0 M 6
================================================================================
AV 99.2 70.4 11.7 FASTST M M 0 MAX(MPH)
MISC ----> 32 270 44 290
================================================================================
NOTES:
# LAST OF SEVERAL OCCURRENCES
COLUMN 17 PEAK WIND IN M.P.H.
PRELIMINARY LOCAL CLIMATOLOGICAL DATA (WS FORM: F-6) , PAGE 2
STATION: PALMDALE AIRPORT CA
MONTH: JULY
YEAR: 2022
LATITUDE: 34 37 N
LONGITUDE: 118 5 W
[TEMPERATURE DATA] [PRECIPITATION DATA] SYMBOLS USED IN COLUMN 16
AVERAGE MONTHLY: 84.8 TOTAL FOR MONTH: 0.01 1 = FOG OR MIST
DPTR FM NORMAL: 2.3 DPTR FM NORMAL: -0.10 2 = FOG REDUCING VISIBILITY
HIGHEST: 107 ON 16 GRTST 24HR 0.01 ON 30-30 TO 1/4 MILE OR LESS
LOWEST: 60 ON 4 3 = THUNDER
SNOW, ICE PELLETS, HAIL 4 = ICE PELLETS
TOTAL MONTH: M 5 = HAIL
GRTST 24HR M ON M 6 = FREEZING RAIN OR DRIZZLE
GRTST DEPTH: M ON M 7 = DUSTSTORM OR SANDSTORM:
VSBY 1/2 MILE OR LESS
8 = SMOKE OR HAZE
[NO. OF DAYS WITH] [WEATHER - DAYS WITH] 9 = BLOWING SNOW
X = TORNADO
MAX 32 OR BELOW: 0 0.01 INCH OR MORE: 1
MAX 90 OR ABOVE: 28 0.10 INCH OR MORE: 0
MIN 32 OR BELOW: 0 0.50 INCH OR MORE: 0
MIN 0 OR BELOW: 0 1.00 INCH OR MORE: 0
[HDD (BASE 65) ]
TOTAL THIS MO. 0 CLEAR (SCALE 0-3) 31
DPTR FM NORMAL 0 PTCLDY (SCALE 4-7) 0
TOTAL FM JUL 1 0 CLOUDY (SCALE 8-10) 0
DPTR FM NORMAL 0
[CDD (BASE 65) ]
TOTAL THIS MO. 621
DPTR FM NORMAL 79 [PRESSURE DATA]
TOTAL FM JAN 1 1221 HIGHEST SLP 30.07 ON 9
DPTR FM NORMAL 187 LOWEST SLP 29.74 ON 17
[REMARKS]
#FINAL-07-22#