000
CXUS54 KSHV 011500
CF6TXK
PRELIMINARY LOCAL CLIMATOLOGICAL DATA (WS FORM: F-6)
STATION: TEXARKANA
MONTH: MARCH
YEAR: 2020
LATITUDE: 33 27 N
LONGITUDE: 94 0 W
TEMPERATURE IN F: :PCPN: SNOW: WIND :SUNSHINE: SKY :PK WND
================================================================================
1 2 3 4 5 6A 6B 7 8 9 10 11 12 13 14 15 16 17 18
12Z AVG MX 2MIN
DY MAX MIN AVG DEP HDD CDD WTR SNW DPTH SPD SPD DIR MIN PSBL S-S WX SPD DR
================================================================================
1 70 54 62 10 3 0 T 0.0 0 14.6 25 190 M M 7 36 190
2 74 62 68 16 0 3 0.00 0.0 0 11.7 24 230 M M 5 1 33 240
3 65 57 61 9 4 0 T 0.0 0 5.2 12 70 M M 7 1 15 70
4 58 51 55 2 10 0 0.74 0.0 0 5.8 18 10 M M 9 13 24 120
5 72 47 60 7 5 0 0.34 0.0 0 6.8 15 290 M M 3 18 20 290
6 67 43 55 2 10 0 0.00 0.0 0 5.4 14 360 M M 0 8 27 20
7 61 37 49 -5 16 0 0.00 0.0 0 5.0 12 130 M M 0 17 140
8 68 37 53 -1 12 0 0.00 0.0 0 8.5 18 140 M M 1 24 150
9 64 58 61 7 4 0 0.15 0.0 0 12.1 20 170 M M 7 1 27 160
10 78 58 68 14 0 3 T 0.0 0 5.5 16 210 M M 4 1 23 220
11 81 59 70 15 0 5 0.00 0.0 0 9.5 20 240 M M 3 1 25 230
12 80 65 73 18 0 8 T 0.0 0 11.1 22 200 M M 5 27 210
13 67 48 58 3 7 0 0.69 0.0 0 9.2 20 60 M M 10 1 28 70
14 75 48 62 6 3 0 0.02 0.0 0 7.0 16 170 M M 10 1 22 170
15 53 46 50 -6 15 0 0.02 0.0 0 9.0 18 40 M M 10 1 23 40
16 52 45 49 -7 16 0 0.19 0.0 0 3.8 12 270 M M 10 12 15 110
17 63 49 56 0 9 0 0.06 0.0 0 6.3 14 60 M M 10 123 19 40
18 72 56 64 8 1 0 1.39 0.0 0 6.3 14 180 M M 7 13 18 180
19 80 68 74 17 0 9 0.07 0.0 0 11.2 24 190 M M 6 1 33 200
20 70 49 60 3 5 0 0.16 0.0 0 9.5 21 300 M M 8 13 26 300
21 58 47 53 -4 12 0 0.02 0.0 0 7.4 14 120 M M 7 21 120
22 53 46 50 -8 15 0 0.31 0.0 0 3.3 13 120 M M 9 1 21 110
23 63 53 58 0 7 0 T 0.0 0 4.2 10 50 M M 10 1 13 50
24 85 57 71 13 0 6 T 0.0 0 9.5 22 230 M M 7 1 27 240
25 78 57 68 10 0 3 0.00 0.0 0 7.0 13 170 M M 3 18 140
26 88 62 75 16 0 10 0.00 0.0 0 10.8 20 220 M M 1 1 25 200
27 86 67 77 18 0 12 0.00 0.0 0 10.4 20 200 M M 3 28 190
28 78 53 66 7 0 1 0.63 0.0 0 10.7 24 290 M M 5 13 31 280
29 73 45 59 0 6 0 0.00 0.0 0 2.9 12 40 M M 0 15 40
30 60 53 57 -3 8 0 1.26 0.0 0 5.9 14 110 M M 9 13 24 110
31 67 49 58 -2 7 0 0.02 0.0 0 6.4 17 10 M M 6 1 21 10
================================================================================
SM 2159 1626 175 60 6.07 0.0 242.0 M 182
================================================================================
AV 69.7 52.5 7.8 FASTST M M 6 MAX(MPH)
MISC ----> # 25 190 # 36 190
================================================================================
NOTES:
# LAST OF SEVERAL OCCURRENCES
COLUMN 17 PEAK WIND IN M.P.H.
PRELIMINARY LOCAL CLIMATOLOGICAL DATA (WS FORM: F-6) , PAGE 2
STATION: TEXARKANA
MONTH: MARCH
YEAR: 2020
LATITUDE: 33 27 N
LONGITUDE: 94 0 W
[TEMPERATURE DATA] [PRECIPITATION DATA] SYMBOLS USED IN COLUMN 16
AVERAGE MONTHLY: 61.1 TOTAL FOR MONTH: 6.07 1 = FOG OR MIST
DPTR FM NORMAL: 5.1 DPTR FM NORMAL: 1.87 2 = FOG REDUCING VISIBILITY
HIGHEST: 88 ON 26 GRTST 24HR 1.39 ON 18-18 TO 1/4 MILE OR LESS
LOWEST: 37 ON 8, 7 3 = THUNDER
SNOW, ICE PELLETS, HAIL 4 = ICE PELLETS
TOTAL MONTH: 0.0 INCH 5 = HAIL
GRTST 24HR 0.0 6 = FREEZING RAIN OR DRIZZLE
GRTST DEPTH: 0 7 = DUSTSTORM OR SANDSTORM:
VSBY 1/2 MILE OR LESS
8 = SMOKE OR HAZE
[NO. OF DAYS WITH] [WEATHER - DAYS WITH] 9 = BLOWING SNOW
X = TORNADO
MAX 32 OR BELOW: 0 0.01 INCH OR MORE: 16
MAX 90 OR ABOVE: 0 0.10 INCH OR MORE: 10
MIN 32 OR BELOW: 0 0.50 INCH OR MORE: 5
MIN 0 OR BELOW: 0 1.00 INCH OR MORE: 2
[HDD (BASE 65) ]
TOTAL THIS MO. 175 CLEAR (SCALE 0-3) 8
DPTR FM NORMAL -125 PTCLDY (SCALE 4-7) 14
TOTAL FM JUL 1 2200 CLOUDY (SCALE 8-10) 9
DPTR FM NORMAL -294
[CDD (BASE 65) ]
TOTAL THIS MO. 60
DPTR FM NORMAL 41 [PRESSURE DATA]
TOTAL FM JAN 1 60 HIGHEST SLP 30.53 ON 6
DPTR FM NORMAL 37 LOWEST SLP 29.69 ON 27
[REMARKS]
#FINAL-03-20#