000
CXUS56 KPDT 011810
CF6YKM
PRELIMINARY LOCAL CLIMATOLOGICAL DATA (WS FORM: F-6)
STATION: YAKIMA WA
MONTH: MARCH
YEAR: 2023
LATITUDE: 46 34 N
LONGITUDE: 120 32 W
TEMPERATURE IN F: :PCPN: SNOW: WIND :SUNSHINE: SKY :PK WND
================================================================================
1 2 3 4 5 6A 6B 7 8 9 10 11 12 13 14 15 16 17 18
12Z AVG MX 2MIN
DY MAX MIN AVG DEP HDD CDD WTR SNW DPTH SPD SPD DIR MIN PSBL S-S WX SPD DR
================================================================================
1 49 17 33 -7 32 0 0.00 M M 5.9 16 260 M M 2 21 270
2 53 30 42 2 23 0 0.00 M M 13.5 35 270 M M 3 53 290
3 52 27 40 0 25 0 0.00 M M 9.0 23 210 M M 3 35 220
4 44 27 36 -5 29 0 T M M 4.1 14 200 M M 5 17 190
5 47 18 33 -8 32 0 0.51 M M 5.0 16 190 M M 3 1 19 190
6 44 32 38 -3 27 0 0.02 M M 3.6 12 350 M M 7 1 17 350
7 46 31 39 -2 26 0 T M M 5.6 10 50 M M 9 14 60
8 41 32 37 -5 28 0 0.04 M M 4.7 12 230 M M 10 1 16 230
9 44 30 37 -5 28 0 T M M 4.2 18 80 M M 8 23 90
10 47 30 39 -3 26 0 0.33 M M 3.4 16 90 M M 6 1 22 80
11 50 26 38 -4 27 0 T M M 3.8 10 260 M M 5 14 150
12 48 25 37 -6 28 0 0.01 M M 4.3 10 170 M M 6 14 220
13 56 31 44 1 21 0 0.01 M M 8.3 22 300 M M 6 33 300
14 50 23 37 -6 28 0 0.00 M M 4.2 12 270 M M 2 14 250
15 54 24 39 -4 26 0 0.00 M M 5.8 16 350 M M 0 25 320
16 54 22 38 -6 27 0 0.00 M M 5.9 14 130 M M 0 22 130
17 56 23 40 -4 25 0 0.00 M M 5.0 12 160 M M 0 8 15 180
18 59 30 45 1 20 0 0.00 M M 5.1 12 270 M M 1 13 160
19 60 32 46 2 19 0 0.02 M M 7.5 15 10 M M 4 20 10
20 54 36 45 1 20 0 0.17 M M 4.6 16 30 M M 9 1 20 50
21 57 34 46 1 19 0 T M M 4.9 12 260 M M 6 12 14 350
22 62 29 46 1 19 0 0.00 M M 6.4 15 270 M M 1 19 70
23 57 35 46 1 19 0 0.00 M M 7.8 25 200 M M 4 35 210
24 53 26 40 -5 25 0 0.00 M M 8.1 25 280 M M 1 33 280
25 52 22 37 -8 28 0 0.00 M M 5.3 18 310 M M 4 23 320
26 55 21 38 -8 27 0 0.00 M M 4.8 17 140 M M 2 24 260
27 53 21 37 -9 28 0 0.00 M M 6.6 18 80 M M 2 29 90
28 52 39 46 0 19 0 T M M 9.0 21 80 M M 10 31 70
29 53 34 44 -2 21 0 0.01 M M 5.4 14 60 M M 8 20 70
30 62 25 44 -2 21 0 0.00 M M 8.4 25 280 M M 3 35 250
31 52 24 38 -8 27 0 T M M 10.0 26 180 M M 4 36 200
================================================================================
SM 1616 856 770 0 1.12 M 190.2 M 134
================================================================================
AV 52.1 27.6 6.1 FASTST M M 4 MAX(MPH)
MISC ----> 35 270 53 290
================================================================================
NOTES:
# LAST OF SEVERAL OCCURRENCES
COLUMN 17 PEAK WIND IN M.P.H.
PRELIMINARY LOCAL CLIMATOLOGICAL DATA (WS FORM: F-6) , PAGE 2
STATION: YAKIMA WA
MONTH: MARCH
YEAR: 2023
LATITUDE: 46 34 N
LONGITUDE: 120 32 W
[TEMPERATURE DATA] [PRECIPITATION DATA] SYMBOLS USED IN COLUMN 16
AVERAGE MONTHLY: 39.9 TOTAL FOR MONTH: 1.12 1 = FOG OR MIST
DPTR FM NORMAL: -3.5 DPTR FM NORMAL: 0.48 2 = FOG REDUCING VISIBILITY
HIGHEST: 62 ON 30,22 GRTST 24HR 0.53 ON 5- 6 TO 1/4 MILE OR LESS
LOWEST: 17 ON 1 3 = THUNDER
SNOW, ICE PELLETS, HAIL 4 = ICE PELLETS
TOTAL MONTH: M 5 = HAIL
GRTST 24HR M ON M 6 = FREEZING RAIN OR DRIZZLE
GRTST DEPTH: M ON M 7 = DUSTSTORM OR SANDSTORM:
VSBY 1/2 MILE OR LESS
8 = SMOKE OR HAZE
[NO. OF DAYS WITH] [WEATHER - DAYS WITH] 9 = BLOWING SNOW
X = TORNADO
MAX 32 OR BELOW: 0 0.01 INCH OR MORE: 9
MAX 90 OR ABOVE: 0 0.10 INCH OR MORE: 3
MIN 32 OR BELOW: 26 0.50 INCH OR MORE: 1
MIN 0 OR BELOW: 0 1.00 INCH OR MORE: 0
[HDD (BASE 65) ]
TOTAL THIS MO. 770 CLEAR (SCALE 0-3) 13
DPTR FM NORMAL 100 PTCLDY (SCALE 4-7) 14
TOTAL FM JUL 1 5166 CLOUDY (SCALE 8-10) 4
DPTR FM NORMAL 161
[CDD (BASE 65) ]
TOTAL THIS MO. 0
DPTR FM NORMAL 0 [PRESSURE DATA]
TOTAL FM JAN 1 0 HIGHEST SLP 30.36 ON 16
DPTR FM NORMAL 0 LOWEST SLP 29.33 ON 10
[REMARKS]
#FINAL-03-23#