000
CXUS55 KDVN 301100
CF6CID
PRELIMINARY LOCAL CLIMATOLOGICAL DATA (WS FORM: F-6)

                                          STATION:   CEDAR RAPIDS IA
                                          MONTH:     APRIL
                                          YEAR:      2016
                                          LATITUDE:   41 52 N
                                          LONGITUDE:  91 42 W

  TEMPERATURE IN F:       :PCPN:    SNOW:  WIND      :SUNSHINE: SKY     :PK WND
================================================================================
1   2   3   4   5  6A  6B    7    8   9   10  11  12  13   14  15   16   17  18
                                     12Z  AVG MX 2MIN
DY MAX MIN AVG DEP HDD CDD  WTR  SNW DPTH SPD SPD DIR MIN PSBL S-S WX    SPD DR
================================================================================

 1  48  30  39  -5  26   0 0.13    M    M 12.6 29 310   M    M   7 1      35 320
 2  42  25  34 -10  31   0 0.00    M    M 22.0 44 310   M    M   2        58 300
 3  81  25  53   9  12   0    T    M    M 19.1 41 250   M    M   1        52 250
 4  51  26  39  -6  26   0 0.00    M    M  9.8 22 320   M    M   1        30 360
 5  45  24  35 -10  30   0 0.71    M    M 13.4 28 110   M    M   5 13     35 120
 6  55  38  47   1  18   0 0.38    M    M 15.2 30 320   M    M   9 1      37 310
 7  47  33  40  -6  25   0 0.02    M    M 12.9 25 310   M    M   8 1      31 320
 8  43  26  35 -11  30   0 0.01    M    M 21.0 38 300   M    M   7 18     46 320
 9  45  18  32 -15  33   0 0.00    M    M 11.0 25 150   M    M   2        33 150
10  56  38  47   0  18   0 0.18    M    M 10.9 22 150   M    M   6 13     30 150
11  50  26  38 -10  27   0 0.00    M    M 15.2 30 320   M    M   0        43 310
12  55  22  39  -9  26   0 0.00    M    M  6.5 14 170   M    M   0        19 310
13  66  37  52   4  13   0 0.00    M    M 11.1 21 170   M    M   1        31 190
14  70  39  55   6  10   0 0.00    M    M 10.2 20 120   M    M   0        28 130
15  77  42  60  11   5   0 0.00    M    M 11.0 21 140   M    M   2        29 140
16  81  48  65  15   0   0 0.00    M    M 10.5 23 130   M    M   1        31 150
17  81  50  66  16   0   1 0.00    M    M  8.0 20 160   M    M   3        27 160
18  79  51  65  15   0   0 0.01    M    M  7.8 24 230   M    M   3 8      33 230
19  61  48  55   4  10   0 0.02    M    M  7.2 16  80   M    M   8 1      20  70
20  66  46  56   5   9   0 0.09    M    M 10.0 24 150   M    M   3 18     32 140
21  66  43  55   4  10   0 0.05    M    M  6.1 14 110   M    M   4 13     18 160
22  62  46  54   2  11   0 0.00    M    M  7.8 16  10   M    M   5 1      21 350
23  68  46  57   5   8   0 0.00    M    M  9.5 18 160   M    M   4 18     26 150
24  79  52  66  14   0   1    T    M    M 12.6 24 200   M    M   0        33 200
25  79  53  66  13   0   1 0.00    M    M 14.9 26 230   M    M   3        36 210
26  62  45  54   1  11   0 0.00    M    M 12.3 30  70   M    M   3 18     36  70
27  49  43  46  -8  19   0 0.58    M    M 20.0 32  70   M    M  10 138    40  70
28  54  45  50  -4  15   0 0.13    M    M  8.9 17  90   M    M  10 18     22  80
29  51  43  47  -7  18   0 0.00    M    M  8.7 18  40   M    M  10 1      23  50
================================================================================
SM 1769 1108       441   3  2.31    M    346.2          M      118
================================================================================
AV 61.0 38.2                              11.9 FASTST   M    M   4    MAX(MPH)
                                 MISC ---->  # 44 310               # 58  300
================================================================================
NOTES:
# LAST OF SEVERAL OCCURRENCES

COLUMN 17 PEAK WIND IN M.P.H.

PRELIMINARY LOCAL CLIMATOLOGICAL DATA (WS FORM: F-6) , PAGE 2

                                          STATION:  CEDAR RAPIDS IA
                                          MONTH:    APRIL
                                          YEAR:     2016
                                          LATITUDE:   41 52 N
                                          LONGITUDE:  91 42 W

[TEMPERATURE DATA]      [PRECIPITATION DATA]       SYMBOLS USED IN COLUMN 16

AVERAGE MONTHLY: 49.6   TOTAL FOR MONTH:   2.31    1 = FOG OR MIST
DPTR FM NORMAL:   0.5   DPTR FM NORMAL:   -0.62    2 = FOG REDUCING VISIBILITY
HIGHEST:    81 ON 17,16 GRTST 24HR  1.08 ON  5- 6      TO 1/4 MILE OR LESS
LOWEST:     18 ON  9                               3 = THUNDER
                        SNOW, ICE PELLETS, HAIL    4 = ICE PELLETS
                        TOTAL MONTH:    M          5 = HAIL
                        GRTST 24HR    M  ON   M    6 = FREEZING RAIN OR DRIZZLE
                        GRTST DEPTH:  M  ON   M    7 = DUSTSTORM OR SANDSTORM:
                                                       VSBY 1/2 MILE OR LESS
                                                   8 = SMOKE OR HAZE
[NO. OF DAYS WITH]      [WEATHER - DAYS WITH]      9 = BLOWING SNOW
                                                   X = TORNADO
MAX 32 OR BELOW:   0    0.01 INCH OR MORE:  12
MAX 90 OR ABOVE:   0    0.10 INCH OR MORE:   6
MIN 32 OR BELOW:   9    0.50 INCH OR MORE:   2
MIN  0 OR BELOW:   0    1.00 INCH OR MORE:   0

[HDD (BASE 65) ]
TOTAL THIS MO.   441    CLEAR  (SCALE 0-3)  14
DPTR FM NORMAL   -30    PTCLDY (SCALE 4-7)  10
TOTAL FM JUL 1  5444    CLOUDY (SCALE 8-10)  5
DPTR FM NORMAL -1191

[CDD (BASE 65) ]
TOTAL THIS MO.     3
DPTR FM NORMAL     3    [PRESSURE DATA]
TOTAL FM JAN 1     3    HIGHEST SLP M ON M
DPTR FM NORMAL     3    LOWEST  SLP 29.55 ON  3

[REMARKS]
