000
CXUS53 KLSX 191600
CF6COU
PRELIMINARY LOCAL CLIMATOLOGICAL DATA (WS FORM: F-6)

                                          STATION:   COLUMBIA ASOS
                                          MONTH:     NOVEMBER
                                          YEAR:      2017
                                          LATITUDE:   38 49 N
                                          LONGITUDE:  92 13 W

  TEMPERATURE IN F:       :PCPN:    SNOW:  WIND      :SUNSHINE: SKY     :PK WND
================================================================================
1   2   3   4   5  6A  6B    7    8   9   10  11  12  13   14  15   16   17  18
                                     12Z  AVG MX 2MIN
DY MAX MIN AVG DEP HDD CDD  WTR  SNW DPTH SPD SPD DIR MIN PSBL S-S WX    SPD DR
================================================================================

 1  53  34  44  -7  21   0 0.00  0.0    0 10.0 20 150   M    M   7 1      24 150
 2  75  47  61  10   4   0 0.00  0.0    0 10.5 22  10   M    M   5 12     29 360
 3  60  40  50   0  15   0 0.00  0.0    0 11.5 18  70   M    M   6 1      22  60
 4  60  55  58   8   7   0 0.00  0.0    0  5.7 16 240   M    M  10        23 230
 5  67  41  54   5  11   0 0.01  0.0    0 11.0 20 350   M    M  10 1      23 350
 6  46  34  40  -9  25   0 0.00  0.0    0 10.9 16  50   M    M   8        20  40
 7  50  39  45  -4  20   0 0.00  0.0    0 12.3 18  10   M    M   8 18     22  30
 8  52  29  41  -7  24   0 0.00  0.0    0  5.0 12  20   M    M   0 8      15 340
 9  54  29  42  -6  23   0 0.00  0.0    0 10.4 20 300   M    M   0 8      24 290
10  41  24  33 -14  32   0 0.00  0.0    0 10.4 16  70   M    M   2        20 120
11  54  30  42  -5  23   0 0.00  0.0    0  9.4 15 220   M    M   3        19 220
12  50  44  47   1  18   0 0.01    M    0  6.3 15 340   M    M  10 1      17 330
13  56  42  49   3  16   0 0.00  0.0    0  6.2 13 120   M    M   6 8      16 170
14  53  45  49   4  16   0    T    M    0 11.1 17 170   M    M  10 18     22 160
15  60  40  50   5  15   0 0.12    M    0 11.5 23 330   M    M   5 1      28 320
16  50  29  40  -4  25   0 0.00  0.0    0  6.3 13 120   M    M   0        15 120
17  66  39  53   9  12   0 0.00  0.0    0 14.8 23 160   M    M   8        30 170
18  65  37  51   8  14   0 0.22  0.0    0 15.7 33 340   M    M   4 1      41 330
================================================================================
SM 1012  678       321   0  0.36     0.0 179.0          M      102
================================================================================
AV 56.2 37.7                               9.9 FASTST   M    M   6    MAX(MPH)
                                 MISC ---->  # 33 340               # 41  330
================================================================================
NOTES:
# LAST OF SEVERAL OCCURRENCES

COLUMN 17 PEAK WIND IN M.P.H.

PRELIMINARY LOCAL CLIMATOLOGICAL DATA (WS FORM: F-6) , PAGE 2

                                          STATION:  COLUMBIA ASOS
                                          MONTH:    NOVEMBER
                                          YEAR:     2017
                                          LATITUDE:   38 49 N
                                          LONGITUDE:  92 13 W

[TEMPERATURE DATA]      [PRECIPITATION DATA]       SYMBOLS USED IN COLUMN 16

AVERAGE MONTHLY: 46.9   TOTAL FOR MONTH:   0.36    1 = FOG OR MIST
DPTR FM NORMAL:  -0.4   DPTR FM NORMAL:   -1.59    2 = FOG REDUCING VISIBILITY
HIGHEST:    75 ON  2    GRTST 24HR  0.22 ON 18-18      TO 1/4 MILE OR LESS
LOWEST:     24 ON 10                               3 = THUNDER
                        SNOW, ICE PELLETS, HAIL    4 = ICE PELLETS
                        TOTAL MONTH:   0.0 INCH    5 = HAIL
                        GRTST 24HR     0.0         6 = FREEZING RAIN OR DRIZZLE
                        GRTST DEPTH:   0           7 = DUSTSTORM OR SANDSTORM:
                                                       VSBY 1/2 MILE OR LESS
                                                   8 = SMOKE OR HAZE
[NO. OF DAYS WITH]      [WEATHER - DAYS WITH]      9 = BLOWING SNOW
                                                   X = TORNADO
MAX 32 OR BELOW:   0    0.01 INCH OR MORE:   4
MAX 90 OR ABOVE:   0    0.10 INCH OR MORE:   2
MIN 32 OR BELOW:   5    0.50 INCH OR MORE:   0
MIN  0 OR BELOW:   0    1.00 INCH OR MORE:   0

[HDD (BASE 65) ]
TOTAL THIS MO.   321    CLEAR  (SCALE 0-3)   4
DPTR FM NORMAL     1    PTCLDY (SCALE 4-7)  10
TOTAL FM JUL 1   574    CLOUDY (SCALE 8-10)  4
DPTR FM NORMAL  -111

[CDD (BASE 65) ]
TOTAL THIS MO.     0
DPTR FM NORMAL     0    [PRESSURE DATA]
TOTAL FM JAN 1  1401    HIGHEST SLP M ON M
DPTR FM NORMAL   154    LOWEST  SLP 29.31 ON 18

[REMARKS]
