000
CXUS53 KDLH 300623
CF6INL
PRELIMINARY LOCAL CLIMATOLOGICAL DATA (WS FORM: F-6)

                                          STATION:   INTERNATIONAL FALLS MN
                                          MONTH:     JUNE
                                          YEAR:      2015
                                          LATITUDE:   48 34 N
                                          LONGITUDE:  93 23 W

  TEMPERATURE IN F:       :PCPN:    SNOW:  WIND      :SUNSHINE: SKY     :PK WND
================================================================================
1   2   3   4   5  6A  6B    7    8   9   10  11  12  13   14  15   16   17  18
                                     12Z  AVG MX 2MIN
DY MAX MIN AVG DEP HDD CDD  WTR  SNW DPTH SPD SPD DIR MIN PSBL S-S WX    SPD DR
================================================================================

 1  71  30  51  -6  14   0 0.00  0.0    0  6.9 18 140   M    M   3        30 150
 2  66  54  60   3   5   0 0.58  0.0    0  5.4 14 140   M    M  10 138    19 140
 3  66  56  61   4   4   0 0.22  0.0    0  5.6 13 150   M    M   9 13     16 150
 4  71  48  60   2   5   0    T  0.0    0  7.4 16  40   M    M   5 1      22  30
 5  73  43  58   0   7   0 0.00  0.0    0  5.3 13  80   M    M   0 1      19  30
 6  71  44  58   0   7   0 0.88  0.0    0  7.5 22 140   M    M   8 13     27 140
 7  74  55  65   6   0   0 0.00  0.0    0  6.8 15 290   M    M   6 1      22 320
 8  71  46  59   0   6   0 0.00  0.0    0  5.3 12 290   M    M   4 18     16 280
 9  82  44  63   4   2   0    T  0.0    0  7.2 22 340   M    M   2 1      28 310
10  73  45  59  -1   6   0    T  0.0    0  8.4 18 320   M    M   1        24 330
11  79  43  61   1   4   0    T  0.0    0  2.5 10 280   M    M   3        13 310
12  81  43  62   2   3   0 0.00  0.0    0  3.1 10 290   M    M   2 1      13 260
13  80  51  66   6   0   1 0.00  0.0    0  5.1 20 140   M    M   1        26 140
14  75  49  62   1   3   0 0.07  0.0    0  5.3 16 330   M    M   7 1      21 320
15  67  38  53  -8  12   0 0.00  0.0    0  9.1 21 330   M    M   5        26 320
16  68  34  51 -10  14   0 0.00  0.0    0  3.1  8 270   M    M   1         M  M
17  75  38  57  -4   8   0    T  0.0    0  5.1 13 240   M    M   3        17 230
18  67  42  55  -7  10   0 0.02  0.0    0  6.7 17 360   M    M   5 1      23  10
19  67  36  52 -10  13   0 0.05  0.0    0  4.5 14  10   M    M   6        28 150
20  67  50  59  -3   6   0 0.01  0.0    0  4.6 10  10   M    M   9 1      15  40
21  78  44  61  -1   4   0 0.00  0.0    0  4.1 14 250   M    M   3 12     19 240
22  68  51  60  -3   5   0 0.17  0.0    0  7.6 26 320   M    M   7 1      33 320
23  79  43  61  -2   4   0 0.05  0.0    0  6.1 22 330   M    M   1 38     27 300
24  77  55  66   3   0   1 0.14  0.0    0  3.9 15 340   M    M   6 13     17 340
25  82  47  65   2   0   0 0.18  0.0    0  2.3 14  50   M    M   2 138    20  50
26  82  45  64   1   1   0    T  0.0    0  1.3  9  60   M    M   1 1      11  60
27  82  49  66   2   0   1 0.74  0.0    0  3.2 20 310   M    M   3 13     30 300
28  78  54  66   2   0   1 0.09  0.0    0  3.5 15 340   M    M   7 1      17 340
29  76  54  65   1   0   0 0.00  0.0    0  6.7 17 360   M    M   3 13     22 360
================================================================================
SM 2146 1331       143   4  3.20     0.0 153.6          M      123
================================================================================
AV 74.0 45.9                               5.3 FASTST   M    M   4    MAX(MPH)
                                 MISC ---->  # 26 320               # 33  320
================================================================================
NOTES:
# LAST OF SEVERAL OCCURRENCES

COLUMN 17 PEAK WIND IN M.P.H.

PRELIMINARY LOCAL CLIMATOLOGICAL DATA (WS FORM: F-6) , PAGE 2

                                          STATION:  INTERNATIONAL FALLS MN
                                          MONTH:    JUNE
                                          YEAR:     2015
                                          LATITUDE:   48 34 N
                                          LONGITUDE:  93 23 W

[TEMPERATURE DATA]      [PRECIPITATION DATA]       SYMBOLS USED IN COLUMN 16

AVERAGE MONTHLY: 59.9   TOTAL FOR MONTH:   3.20    1 = FOG OR MIST
DPTR FM NORMAL:  -0.8   DPTR FM NORMAL:   -0.58    2 = FOG REDUCING VISIBILITY
HIGHEST:    82 ON 27,26 GRTST 24HR  0.88 ON  6- 6      TO 1/4 MILE OR LESS
LOWEST:     30 ON  1                               3 = THUNDER
                        SNOW, ICE PELLETS, HAIL    4 = ICE PELLETS
                        TOTAL MONTH:   0.0 INCH    5 = HAIL
                        GRTST 24HR     0.0         6 = FREEZING RAIN OR DRIZZLE
                        GRTST DEPTH:   0           7 = DUSTSTORM OR SANDSTORM:
                                                       VSBY 1/2 MILE OR LESS
                                                   8 = SMOKE OR HAZE
[NO. OF DAYS WITH]      [WEATHER - DAYS WITH]      9 = BLOWING SNOW
                                                   X = TORNADO
MAX 32 OR BELOW:   0    0.01 INCH OR MORE:  13
MAX 90 OR ABOVE:   0    0.10 INCH OR MORE:   7
MIN 32 OR BELOW:   1    0.50 INCH OR MORE:   3
MIN  0 OR BELOW:   0    1.00 INCH OR MORE:   0

[HDD (BASE 65) ]
TOTAL THIS MO.   143    CLEAR  (SCALE 0-3)  14
DPTR FM NORMAL   -18    PTCLDY (SCALE 4-7)  12
TOTAL FM JUL 1 10277    CLOUDY (SCALE 8-10)  3
DPTR FM NORMAL    59

[CDD (BASE 65) ]
TOTAL THIS MO.     4
DPTR FM NORMAL   -36    [PRESSURE DATA]
TOTAL FM JAN 1     4    HIGHEST SLP M ON M
DPTR FM NORMAL   -45    LOWEST  SLP 29.52 ON  9

[REMARKS]
