000
CXUS54 KMAF 291100
CF6MAF
PRELIMINARY LOCAL CLIMATOLOGICAL DATA (WS FORM: F-6)

                                          STATION:   Midland International Airport
                                          MONTH:     SEPTEMBER
                                          YEAR:      2014
                                          LATITUDE:   31 57 N
                                          LONGITUDE: 102 11 W

  TEMPERATURE IN F:       :PCPN:    SNOW:  WIND      :SUNSHINE: SKY     :PK WND
================================================================================
1   2   3   4   5  6A  6B    7    8   9   10  11  12  13   14  15   16   17  18
                                     12Z  AVG MX 2MIN
DY MAX MIN AVG DEP HDD CDD  WTR  SNW DPTH SPD SPD DIR MIN PSBL S-S WX    SPD DR
================================================================================

 1 104  77  91  12   0  26 0.00  0.0    0 12.7 21 170   M    M   0        27 190
 2 102  77  90  12   0  25 0.00  0.0    0 15.0 26 140   M    M   0        31 130
 3  93  74  84   6   0  19 0.00  0.0    0 18.6 31 150   M    M   1        38 150
 4  90  69  80   2   0  15 0.00  0.0    0 21.0 36 160   M    M   1 78     45 170
 5  83  70  77  -1   0  12    T  0.0    0 16.2 33 170   M    M   5 18     39 160
 6  74  63  69  -8   0   4 0.06  0.0    0 15.0 21  40   M    M   9 1      26  60
 7  78  63  71  -6   0   6 0.13  0.0    0  7.0 16  40   M    M   8 18     19  60
 8  89  65  77   0   0  12 0.00  0.0    0  8.7 18 160   M    M   1 12     25 170
 9  97  70  84   8   0  19 0.00  0.0    0 13.8 24 160   M    M   1        29 190
10 100  74  87  11   0  22 0.00  0.0    0 12.2 25  60   M    M   0        31  50
11  86  69  78   2   0  13 0.00  0.0    0 12.8 21  40   M    M   2        27 110
12  77  52  65 -11   0   0 0.50  0.0    0 17.7 30  50   M    M  10 13     35  50
13  57  49  53 -22  12   0 0.03    M    0  9.9 23  40   M    M  10 1      27  40
14  69  56  63 -12   2   0 0.06  0.0    0  6.0 16 170   M    M  10 18     18 170
15  78  64  71  -4   0   6 0.00  0.0    0  6.6 17 150   M    M   7 18     21 180
16  85  68  77   3   0  12    T  0.0    0  5.0 14  60   M    M   5 1      17  70
17  90  69  80   6   0  15 0.08  0.0    0  8.6 22  70   M    M   4 13     30  80
18  80  69  75   1   0  10 0.23  0.0    0  9.4 24  70   M    M   7 138    30  60
19  77  69  73   0   0   8 0.39  0.0    0 10.0 16 110   M    M   9 1      21 110
20  82  70  76   3   0  11 0.11  0.0    0  9.0 18 100   M    M   9 138    21 100
21  79  70  75   2   0  10 0.04  0.0    0  8.1 24  60   M    M   9 1      29  80
22  82  69  76   4   0  11 0.00  0.0    0  9.2 17 160   M    M   3 1      22 150
23  85  65  75   3   0  10 0.00  0.0    0  9.3 23 170   M    M   1 18     27 170
24  86  68  77   5   0  12 0.03  0.0    0 10.0 18 130   M    M   3 1      23 150
25  80  64  72   0   0   7 0.00  0.0    0  7.6 13  50   M    M   2        15  50
26  78  62  70  -1   0   5 0.03  0.0    0  7.1 21 110   M    M   2 3      26 110
27  79  62  71   0   0   6 0.00  0.0    0  8.3 17 170   M    M   5        22 160
28  81  59  70  -1   0   5 0.00  0.0    0  7.9 14 130   M    M   2 12     20 110
================================================================================
SM 2341 1856        14 301  1.69     0.0 302.7          M      126
================================================================================
AV 83.6 66.3                              10.8 FASTST   M    M   5    MAX(MPH)
                                 MISC ---->  # 36 160               # 45  170
================================================================================
NOTES:
# LAST OF SEVERAL OCCURRENCES

COLUMN 17 PEAK WIND IN M.P.H.

PRELIMINARY LOCAL CLIMATOLOGICAL DATA (WS FORM: F-6) , PAGE 2

                                          STATION:  Midland International Airport
                                          MONTH:    SEPTEMBER
                                          YEAR:     2014
                                          LATITUDE:   31 57 N
                                          LONGITUDE: 102 11 W

[TEMPERATURE DATA]      [PRECIPITATION DATA]       SYMBOLS USED IN COLUMN 16

AVERAGE MONTHLY: 74.9   TOTAL FOR MONTH:   1.69    1 = FOG OR MIST
DPTR FM NORMAL:   0.2   DPTR FM NORMAL:   -0.06    2 = FOG REDUCING VISIBILITY
HIGHEST:   104 ON  1    GRTST 24HR  0.55 ON 18-19      TO 1/4 MILE OR LESS
LOWEST:     49 ON 13                               3 = THUNDER
                        SNOW, ICE PELLETS, HAIL    4 = ICE PELLETS
                        TOTAL MONTH:   0.0 INCH    5 = HAIL
                        GRTST 24HR     0.0         6 = FREEZING RAIN OR DRIZZLE
                        GRTST DEPTH:   0           7 = DUSTSTORM OR SANDSTORM:
                                                       VSBY 1/2 MILE OR LESS
                                                   8 = SMOKE OR HAZE
[NO. OF DAYS WITH]      [WEATHER - DAYS WITH]      9 = BLOWING SNOW
                                                   X = TORNADO
MAX 32 OR BELOW:   0    0.01 INCH OR MORE:  12
MAX 90 OR ABOVE:   7    0.10 INCH OR MORE:   5
MIN 32 OR BELOW:   0    0.50 INCH OR MORE:   1
MIN  0 OR BELOW:   0    1.00 INCH OR MORE:   0

[HDD (BASE 65) ]
TOTAL THIS MO.    14    CLEAR  (SCALE 0-3)  13
DPTR FM NORMAL     6    PTCLDY (SCALE 4-7)   7
TOTAL FM JUL 1    14    CLOUDY (SCALE 8-10)  8
DPTR FM NORMAL     6

[CDD (BASE 65) ]
TOTAL THIS MO.   301
DPTR FM NORMAL    17    [PRESSURE DATA]
TOTAL FM JAN 1  2498    HIGHEST SLP M ON M
DPTR FM NORMAL   330    LOWEST  SLP 29.65 ON  1

[REMARKS]
