000
CXUS51 KPHI 260800
CF6MPO
PRELIMINARY LOCAL CLIMATOLOGICAL DATA (WS FORM: F-6)

                                          STATION:   MOUNT POCONO PA
                                          MONTH:     SEPTEMBER
                                          YEAR:      2017
                                          LATITUDE:   41  8 N
                                          LONGITUDE:  75 24 W

  TEMPERATURE IN F:       :PCPN:    SNOW:  WIND      :SUNSHINE: SKY     :PK WND
================================================================================
1   2   3   4   5  6A  6B    7    8   9   10  11  12  13   14  15   16   17  18
                                     12Z  AVG MX 2MIN
DY MAX MIN AVG DEP HDD CDD  WTR  SNW DPTH SPD SPD DIR MIN PSBL S-S WX    SPD DR
================================================================================

 1  61  39  50 -14  15   0 0.00    M    M  9.2 21 340   M    M   0        29 330
 2  57  36  47 -17  18   0 0.33    M    M  8.5 17 110   M    M   2 1      24 100
 3  62  49  56  -7   9   0 0.49    M    M  7.8 17 250   M    M   9 1      23 270
 4  73  52  63   0   2   0 0.00    M    M 10.1 20 220   M    M   3 1      27 200
 5  75  61  68   5   0   3 0.55    M    M  9.2 18 230   M    M   5 13     25 250
 6  61  53  57  -5   8   0 1.12    M    M  4.5 14 350   M    M  10 1      20 350
 7  63  48  56  -6   9   0 0.00    M    M  9.5 20 270   M    M   4 1      25 280
 8  61  46  54  -8  11   0 0.03    M    M  8.5 22 280   M    M   3        32 280
 9  59  46  53  -8  12   0 0.00    M    M  9.2 17 360   M    M   5        25 320
10  65  46  56  -5   9   0 0.00    M    M  8.5 17 360   M    M   1        23  10
11  71  40  56  -5   9   0 0.00    M    M  2.7 14 360   M    M   0        20 360
12  74  45  60   0   5   0 0.00    M    M  3.2  9 230   M    M   0        14 210
13  72  49  61   1   4   0 0.06    M    M  4.7 14 200   M    M   6 12     18 240
14  73  61  67   7   0   2 0.05    M    M  5.7 16 200   M    M   8 1      21 210
15  75  60  68   9   0   3 0.02    M    M  3.5  9 350   M    M   9 1      12 330
16  76  54  65   6   0   0 0.11    M    M  3.2 12 130   M    M   5 1      16 130
17  75  54  65   7   0   0 0.00    M    M  2.6 10 140   M    M   5 1      16 160
18  73  54  64   6   1   0 0.00    M    M  5.6 14 140   M    M   7 12     17 150
19  76  60  68  10   0   3 0.00    M    M  9.9 18  50   M    M   6 1      21  60
20  80  58  69  12   0   4 0.00    M    M  8.5 21  40   M    M   1        26  40
21  80  58  69  12   0   4 0.00    M    M  6.9 15  40   M    M   0        19  20
22  79  55  67  11   0   2 0.00    M    M  7.3 16  10   M    M   0        20  10
23  82  51  67  11   0   2 0.00    M    M  5.5 13 330   M    M   0        18 320
24  85  59  72  16   0   7 0.00    M    M  6.9 15  40   M    M   0        21 330
25  84  60  72  17   0   7 0.00    M    M  4.1 12  20   M    M   0 1      15 100
================================================================================
SM 1792 1294       112  37  2.76    M    165.3          M       89
================================================================================
AV 71.7 51.8                               6.6 FASTST   M    M   4    MAX(MPH)
                                 MISC ---->  # 22 280               # 32  280
================================================================================
NOTES:
# LAST OF SEVERAL OCCURRENCES

COLUMN 17 PEAK WIND IN M.P.H.

PRELIMINARY LOCAL CLIMATOLOGICAL DATA (WS FORM: F-6) , PAGE 2

                                          STATION:  MOUNT POCONO PA
                                          MONTH:    SEPTEMBER
                                          YEAR:     2017
                                          LATITUDE:   41  8 N
                                          LONGITUDE:  75 24 W

[TEMPERATURE DATA]      [PRECIPITATION DATA]       SYMBOLS USED IN COLUMN 16

AVERAGE MONTHLY: 61.7   TOTAL FOR MONTH:   2.76    1 = FOG OR MIST
DPTR FM NORMAL:   1.9   DPTR FM NORMAL:   -1.57    2 = FOG REDUCING VISIBILITY
HIGHEST:    85 ON 24    GRTST 24HR  1.12 ON  6- 6      TO 1/4 MILE OR LESS
LOWEST:     36 ON  2                               3 = THUNDER
                        SNOW, ICE PELLETS, HAIL    4 = ICE PELLETS
                        TOTAL MONTH:    M          5 = HAIL
                        GRTST 24HR    M  ON   M    6 = FREEZING RAIN OR DRIZZLE
                        GRTST DEPTH:  M  ON   M    7 = DUSTSTORM OR SANDSTORM:
                                                       VSBY 1/2 MILE OR LESS
                                                   8 = SMOKE OR HAZE
[NO. OF DAYS WITH]      [WEATHER - DAYS WITH]      9 = BLOWING SNOW
                                                   X = TORNADO
MAX 32 OR BELOW:   0    0.01 INCH OR MORE:   9
MAX 90 OR ABOVE:   0    0.10 INCH OR MORE:   5
MIN 32 OR BELOW:   0    0.50 INCH OR MORE:   2
MIN  0 OR BELOW:   0    1.00 INCH OR MORE:   1

[HDD (BASE 65) ]
TOTAL THIS MO.   112    CLEAR  (SCALE 0-3)  11
DPTR FM NORMAL   -37    PTCLDY (SCALE 4-7)  11
TOTAL FM JUL 1   210    CLOUDY (SCALE 8-10)  3
DPTR FM NORMAL    -2

[CDD (BASE 65) ]
TOTAL THIS MO.    37
DPTR FM NORMAL    24    [PRESSURE DATA]
TOTAL FM JAN 1   266    HIGHEST SLP  0.00 ON 15
DPTR FM NORMAL   -43    LOWEST  SLP 29.75 ON  5

[REMARKS]
