000
CXUS54 KHUN 301015
CF6MSL
PRELIMINARY LOCAL CLIMATOLOGICAL DATA (WS FORM: F-6)

                                          STATION:   MUSCLE SHOALS
                                          MONTH:     JUNE
                                          YEAR:      2015
                                          LATITUDE:   34 45 N
                                          LONGITUDE:  87 37 W

  TEMPERATURE IN F:       :PCPN:    SNOW:  WIND      :SUNSHINE: SKY     :PK WND
================================================================================
1   2   3   4   5  6A  6B    7    8   9   10  11  12  13   14  15   16   17  18
                                     12Z  AVG MX 2MIN
DY MAX MIN AVG DEP HDD CDD  WTR  SNW DPTH SPD SPD DIR MIN PSBL S-S WX    SPD DR
================================================================================

 1  81  65  73  -1   0   8 0.06  0.0    0  5.8 18 280   M    M  10        22 280
 2  79  62  71  -3   0   6 0.00  0.0    0  3.7  9 310   M    M   7        13  20
 3  82  59  71  -3   0   6 0.00  0.0    0  2.9  8 320   M    M   6        12 310
 4  84  59  72  -3   0   7 0.00  0.0    0  2.6  9 110   M    M   3 1      14 100
 5  93  62  78   3   0  13 0.00  0.0    0  3.1 10 320   M    M   1 1      14 310
 6  92  65  79   4   0  14 0.00  0.0    0  1.8  9 230   M    M   1 1      17 240
 7  91  65  78   3   0  13 0.00  0.0    0  3.7 12 250   M    M   1 1      15 210
 8  92  68  80   4   0  15 0.40  0.0    0  6.6 38 270   M    M   1 13     47 270
 9  92  69  81   5   0  16 0.00  0.0    0  2.9  8  10   M    M   1        14 110
10  95  66  81   5   0  16 0.00  0.0    0  2.1  9 220   M    M   1        12 200
11  95  69  82   6   0  17 0.00  0.0    0  4.6 17 220   M    M   2        23 230
12  91  70  81   5   0  16 0.00  0.0    0  7.5 25 190   M    M   2        33 180
13  91  70  81   4   0  16 0.00  0.0    0  7.0 21 200   M    M   1        26 210
14  92  68  80   3   0  15 0.00  0.0    0  4.6 12 230   M    M   1        19 230
15  95  68  82   5   0  17 0.00  0.0    0  3.9 15 230   M    M   1 1      23 210
16  97  71  84   7   0  19 0.00  0.0    0  2.8 13 210   M    M   1        20 230
17  98  70  84   6   0  19    T  0.0    0  3.4 18 150   M    M   2 3      23 150
18  95  71  83   5   0  18 0.00  0.0    0  5.0 16 240   M    M   1 3      22 250
19  94  73  84   6   0  19 0.09  0.0    0  9.1 22 290   M    M   1 3      30 240
20  94  73  84   6   0  19 0.01  0.0    0  9.6 21 290   M    M   3        27 300
21  97  76  87   9   0  22 0.00  0.0    0  8.1 18 270   M    M   1        23 280
22  98  73  86   8   0  21 0.05  0.0    0  3.9 30 320   M    M   1 3      41 310
23  98  71  85   6   0  20 0.00  0.0    0  7.3 28 340   M    M   2 3      37 340
24  95  72  84   5   0  19 0.03  0.0    0  4.3 20 130   M    M   1 3      24 310
25  97  74  86   7   0  21 0.00  0.0    0  3.5 10 290   M    M   2        14 300
26  97  72  85   6   0  20 0.68  0.0    0  7.8 23 300   M    M   2 3      30 310
27  84  65  75  -4   0  10 1.01  0.0    0  6.4 15 320   M    M   5 3      22  20
28  87  62  75  -4   0  10 0.00  0.0    0  3.2 14 300   M    M   0        17 290
29  91  65  78  -1   0  13    T  0.0    0  7.5 20 260   M    M   2        24 230
================================================================================
SM 2667 1973         0 445  2.33     0.0 144.7          M       63
================================================================================
AV 92.0 68.0                               5.0 FASTST   M    M   2    MAX(MPH)
                                 MISC ---->  # 38 270               # 47  270
================================================================================
NOTES:
# LAST OF SEVERAL OCCURRENCES

COLUMN 17 PEAK WIND IN M.P.H.

PRELIMINARY LOCAL CLIMATOLOGICAL DATA (WS FORM: F-6) , PAGE 2

                                          STATION:  MUSCLE SHOALS
                                          MONTH:    JUNE
                                          YEAR:     2015
                                          LATITUDE:   34 45 N
                                          LONGITUDE:  87 37 W

[TEMPERATURE DATA]      [PRECIPITATION DATA]       SYMBOLS USED IN COLUMN 16

AVERAGE MONTHLY: 80.0   TOTAL FOR MONTH:   2.33    1 = FOG OR MIST
DPTR FM NORMAL:   3.1   DPTR FM NORMAL:   -2.28    2 = FOG REDUCING VISIBILITY
HIGHEST:    98 ON 23,22 GRTST 24HR  1.69 ON 26-27      TO 1/4 MILE OR LESS
LOWEST:     59 ON  4, 3                            3 = THUNDER
                        SNOW, ICE PELLETS, HAIL    4 = ICE PELLETS
                        TOTAL MONTH:   0.0 INCH    5 = HAIL
                        GRTST 24HR     0.0         6 = FREEZING RAIN OR DRIZZLE
                        GRTST DEPTH:   0           7 = DUSTSTORM OR SANDSTORM:
                                                       VSBY 1/2 MILE OR LESS
                                                   8 = SMOKE OR HAZE
[NO. OF DAYS WITH]      [WEATHER - DAYS WITH]      9 = BLOWING SNOW
                                                   X = TORNADO
MAX 32 OR BELOW:   0    0.01 INCH OR MORE:   8
MAX 90 OR ABOVE:  23    0.10 INCH OR MORE:   3
MIN 32 OR BELOW:   0    0.50 INCH OR MORE:   2
MIN  0 OR BELOW:   0    1.00 INCH OR MORE:   1

[HDD (BASE 65) ]
TOTAL THIS MO.     0    CLEAR  (SCALE 0-3)  25
DPTR FM NORMAL     0    PTCLDY (SCALE 4-7)   3
TOTAL FM JUL 1  3233    CLOUDY (SCALE 8-10)  1
DPTR FM NORMAL   130

[CDD (BASE 65) ]
TOTAL THIS MO.   445
DPTR FM NORMAL    97    [PRESSURE DATA]
TOTAL FM JAN 1   699    HIGHEST SLP M ON M
DPTR FM NORMAL   107    LOWEST  SLP 29.81 ON  9

[REMARKS]
